{"version":"1.0","provider_name":"Guerini e Associati","provider_url":"https:\/\/www.guerini.it","author_name":"Erald","author_url":"https:\/\/www.guerini.it\/index.php\/author\/erald\/","title":"Le vie della formazione - Guerini e Associati","type":"rich","width":600,"height":338,"html":"<blockquote class=\"wp-embedded-content\" data-secret=\"K7dHO9FFFF\"><a href=\"https:\/\/www.guerini.it\/index.php\/prodotto\/9788862504881-vie-della-formazione\/\">Le vie della formazione<\/a><\/blockquote><iframe sandbox=\"allow-scripts\" security=\"restricted\" src=\"https:\/\/www.guerini.it\/index.php\/prodotto\/9788862504881-vie-della-formazione\/embed\/#?secret=K7dHO9FFFF\" width=\"600\" height=\"338\" title=\"&#8220;Le vie della formazione&#8221; &#8212; Guerini e Associati\" data-secret=\"K7dHO9FFFF\" frameborder=\"0\" marginwidth=\"0\" marginheight=\"0\" scrolling=\"no\" class=\"wp-embedded-content\"><\/iframe><script>\n\/*! This file is auto-generated *\/\n!function(d,l){\"use strict\";l.querySelector&&d.addEventListener&&\"undefined\"!=typeof URL&&(d.wp=d.wp||{},d.wp.receiveEmbedMessage||(d.wp.receiveEmbedMessage=function(e){var t=e.data;if((t||t.secret||t.message||t.value)&&!\/[^a-zA-Z0-9]\/.test(t.secret)){for(var s,r,n,a=l.querySelectorAll('iframe[data-secret=\"'+t.secret+'\"]'),o=l.querySelectorAll('blockquote[data-secret=\"'+t.secret+'\"]'),c=new RegExp(\"^https?:$\",\"i\"),i=0;i<o.length;i++)o[i].style.display=\"none\";for(i=0;i<a.length;i++)s=a[i],e.source===s.contentWindow&&(s.removeAttribute(\"style\"),\"height\"===t.message?(1e3<(r=parseInt(t.value,10))?r=1e3:~~r<200&&(r=200),s.height=r):\"link\"===t.message&&(r=new URL(s.getAttribute(\"src\")),n=new URL(t.value),c.test(n.protocol))&&n.host===r.host&&l.activeElement===s&&(d.top.location.href=t.value))}},d.addEventListener(\"message\",d.wp.receiveEmbedMessage,!1),l.addEventListener(\"DOMContentLoaded\",function(){for(var e,t,s=l.querySelectorAll(\"iframe.wp-embedded-content\"),r=0;r<s.length;r++)(t=(e=s[r]).getAttribute(\"data-secret\"))||(t=Math.random().toString(36).substring(2,12),e.src+=\"#?secret=\"+t,e.setAttribute(\"data-secret\",t)),e.contentWindow.postMessage({message:\"ready\",secret:t},\"*\")},!1)))}(window,document);\n\/\/# sourceURL=https:\/\/www.guerini.it\/wp-includes\/js\/wp-embed.min.js\n<\/script>\n","thumbnail_url":"https:\/\/www.guerini.it\/wp-content\/uploads\/2013\/11\/Cop.Bocchi-scaled-e1666004293916.jpg","thumbnail_width":225,"thumbnail_height":350,"description":"Pi\u00f9 che alla relazione tra docenti e discenti, pi\u00f9 che agli strumenti formativi, importa oggi porre attenzione alla formazione intesa come \u2018prendere forma\u2019: il manifestarsi di nuovi saperi, di nuovi modi di agire. Siamo tutti oggi, allo stesso tempo, docenti e discenti. Il libro inizia come dialogo, e si svolge poi come raccolta di testi scritti nel corso degli anni da due autori che si avvicinano, da punti di vista diversi, a un comune interesse: il variegato campo dell\u2019apprendimento e della costruzione sociale di conoscenza.  Il libro appare dunque anche testimonianza di una reciproca formazione: ognuno usa le metafore e le chiavi di lettura che gli sono proprie. La letteratura e la poesia, la scienza, la geopolitica, la tecnologia appaiono cos\u00ec come differenti, ma convergenti vie della formazione. Dunque, uno strumento utile sia per insegnanti impegnati nella scuola e nell\u2019universit\u00e0, sia per formatori aziendali. Per coach e per counselor. Per manager impegnati nello sviluppo delle Risorse Umane, e, pi\u00f9 in generale, per manager attenti alle persone. Ma anche un manifesto politico: serve oggi, per il nostro Paese, una nuova alleanza fra conoscenza e progettualit\u00e0. La formazione \u00e8 una delle chiavi centrali di questa nuova alleanza. La sfida \u00e8 appena cominciata, e richiede nuovi contributi, nuove attenzioni, nuove passioni."}

Più che alla relazione tra docenti e discenti, più che agli strumenti formativi, importa oggi porre attenzione alla formazione intesa come ‘prendere forma’: il manifestarsi di nuovi saperi, di nuovi modi di agire. Siamo tutti oggi, allo stesso tempo, docenti e discenti. Il libro inizia come dialogo, e si svolge poi come raccolta di testi scritti nel corso degli anni da due autori che si avvicinano, da punti di vista diversi, a un comune interesse: il variegato campo dell’apprendimento e della costruzione sociale di conoscenza.  Il libro appare dunque anche testimonianza di una reciproca formazione: ognuno usa le metafore e le chiavi di lettura che gli sono proprie. La letteratura e la poesia, la scienza, la geopolitica, la tecnologia appaiono così come differenti, ma convergenti vie della formazione. Dunque, uno strumento utile sia per insegnanti impegnati nella scuola e nell’università, sia per formatori aziendali. Per coach e per counselor. Per manager impegnati nello sviluppo delle Risorse Umane, e, più in generale, per manager attenti alle persone. Ma anche un manifesto politico: serve oggi, per il nostro Paese, una nuova alleanza fra conoscenza e progettualità. La formazione è una delle chiavi centrali di questa nuova alleanza. La sfida è appena cominciata, e richiede nuovi contributi, nuove attenzioni, nuove passioni.
