{"version":"1.0","provider_name":"Guerini e Associati","provider_url":"https:\/\/www.guerini.it","author_name":"Erald","author_url":"https:\/\/www.guerini.it\/index.php\/author\/erald\/","title":"Generazioni in azienda - Guerini e Associati","type":"rich","width":600,"height":338,"html":"<blockquote class=\"wp-embedded-content\" data-secret=\"ngNgSalOSg\"><a href=\"https:\/\/www.guerini.it\/index.php\/prodotto\/9788862504904-generazioni-in-azienda\/\">Generazioni in azienda<\/a><\/blockquote><iframe sandbox=\"allow-scripts\" security=\"restricted\" src=\"https:\/\/www.guerini.it\/index.php\/prodotto\/9788862504904-generazioni-in-azienda\/embed\/#?secret=ngNgSalOSg\" width=\"600\" height=\"338\" title=\"&#8220;Generazioni in azienda&#8221; &#8212; Guerini e Associati\" data-secret=\"ngNgSalOSg\" frameborder=\"0\" marginwidth=\"0\" marginheight=\"0\" scrolling=\"no\" class=\"wp-embedded-content\"><\/iframe><script>\n\/*! This file is auto-generated *\/\n!function(d,l){\"use strict\";l.querySelector&&d.addEventListener&&\"undefined\"!=typeof URL&&(d.wp=d.wp||{},d.wp.receiveEmbedMessage||(d.wp.receiveEmbedMessage=function(e){var t=e.data;if((t||t.secret||t.message||t.value)&&!\/[^a-zA-Z0-9]\/.test(t.secret)){for(var s,r,n,a=l.querySelectorAll('iframe[data-secret=\"'+t.secret+'\"]'),o=l.querySelectorAll('blockquote[data-secret=\"'+t.secret+'\"]'),c=new RegExp(\"^https?:$\",\"i\"),i=0;i<o.length;i++)o[i].style.display=\"none\";for(i=0;i<a.length;i++)s=a[i],e.source===s.contentWindow&&(s.removeAttribute(\"style\"),\"height\"===t.message?(1e3<(r=parseInt(t.value,10))?r=1e3:~~r<200&&(r=200),s.height=r):\"link\"===t.message&&(r=new URL(s.getAttribute(\"src\")),n=new URL(t.value),c.test(n.protocol))&&n.host===r.host&&l.activeElement===s&&(d.top.location.href=t.value))}},d.addEventListener(\"message\",d.wp.receiveEmbedMessage,!1),l.addEventListener(\"DOMContentLoaded\",function(){for(var e,t,s=l.querySelectorAll(\"iframe.wp-embedded-content\"),r=0;r<s.length;r++)(t=(e=s[r]).getAttribute(\"data-secret\"))||(t=Math.random().toString(36).substring(2,12),e.src+=\"#?secret=\"+t,e.setAttribute(\"data-secret\",t)),e.contentWindow.postMessage({message:\"ready\",secret:t},\"*\")},!1)))}(window,document);\n\/\/# sourceURL=https:\/\/www.guerini.it\/wp-includes\/js\/wp-embed.min.js\n<\/script>\n","thumbnail_url":"https:\/\/www.guerini.it\/wp-content\/uploads\/2013\/12\/generazioni_in_azienda.jpg","thumbnail_width":445,"thumbnail_height":689,"description":"Tra i differenti elementi che il diversity management dovr\u00e0 presidiare nel futuro quello delle generazioni sar\u00e0 sicuramente uno dei prioritari. Da un lato, con l\u2019aumento dell\u2019aspettativa di vita si sposta progressivamente l\u2019et\u00e0 del pensionamento, dall\u2019altro i giovani \u2013 la generazione y \u2013 che entrano nei contesti organizzativi sono portatori di valori, aspettative, linguaggi completamente discordanti da quelli delle generazioni precedenti: una situazione nuova che deve essere affrontata sia a livello di progettazione di nuove modalit\u00e0 di gestione del personale; sia nella rivisitazione profonda degli stereotipi di et\u00e0 che spesso escludono persone competenti solo in virt\u00f9 degli anni che dimostrano."}

Tra i differenti elementi che il diversity management dovrà presidiare nel futuro quello delle generazioni sarà sicuramente uno dei prioritari. Da un lato, con l’aumento dell’aspettativa di vita si sposta progressivamente l’età del pensionamento, dall’altro i giovani – la generazione y – che entrano nei contesti organizzativi sono portatori di valori, aspettative, linguaggi completamente discordanti da quelli delle generazioni precedenti: una situazione nuova che deve essere affrontata sia a livello di progettazione di nuove modalità di gestione del personale; sia nella rivisitazione profonda degli stereotipi di età che spesso escludono persone competenti solo in virtù degli anni che dimostrano.
