{"version":"1.0","provider_name":"Guerini e Associati","provider_url":"https:\/\/www.guerini.it","author_name":"Erald","author_url":"https:\/\/www.guerini.it\/index.php\/author\/erald\/","title":"Il canto del pane - Guerini e Associati","type":"rich","width":600,"height":338,"html":"<blockquote class=\"wp-embedded-content\" data-secret=\"FbXlxFtx0J\"><a href=\"https:\/\/www.guerini.it\/index.php\/prodotto\/9788862505154-canto-del-pane\/\">Il canto del pane<\/a><\/blockquote><iframe sandbox=\"allow-scripts\" security=\"restricted\" src=\"https:\/\/www.guerini.it\/index.php\/prodotto\/9788862505154-canto-del-pane\/embed\/#?secret=FbXlxFtx0J\" width=\"600\" height=\"338\" title=\"&#8220;Il canto del pane&#8221; &#8212; Guerini e Associati\" data-secret=\"FbXlxFtx0J\" frameborder=\"0\" marginwidth=\"0\" marginheight=\"0\" scrolling=\"no\" class=\"wp-embedded-content\"><\/iframe><script>\n\/*! This file is auto-generated *\/\n!function(d,l){\"use strict\";l.querySelector&&d.addEventListener&&\"undefined\"!=typeof URL&&(d.wp=d.wp||{},d.wp.receiveEmbedMessage||(d.wp.receiveEmbedMessage=function(e){var t=e.data;if((t||t.secret||t.message||t.value)&&!\/[^a-zA-Z0-9]\/.test(t.secret)){for(var s,r,n,a=l.querySelectorAll('iframe[data-secret=\"'+t.secret+'\"]'),o=l.querySelectorAll('blockquote[data-secret=\"'+t.secret+'\"]'),c=new RegExp(\"^https?:$\",\"i\"),i=0;i<o.length;i++)o[i].style.display=\"none\";for(i=0;i<a.length;i++)s=a[i],e.source===s.contentWindow&&(s.removeAttribute(\"style\"),\"height\"===t.message?(1e3<(r=parseInt(t.value,10))?r=1e3:~~r<200&&(r=200),s.height=r):\"link\"===t.message&&(r=new URL(s.getAttribute(\"src\")),n=new URL(t.value),c.test(n.protocol))&&n.host===r.host&&l.activeElement===s&&(d.top.location.href=t.value))}},d.addEventListener(\"message\",d.wp.receiveEmbedMessage,!1),l.addEventListener(\"DOMContentLoaded\",function(){for(var e,t,s=l.querySelectorAll(\"iframe.wp-embedded-content\"),r=0;r<s.length;r++)(t=(e=s[r]).getAttribute(\"data-secret\"))||(t=Math.random().toString(36).substring(2,12),e.src+=\"#?secret=\"+t,e.setAttribute(\"data-secret\",t)),e.contentWindow.postMessage({message:\"ready\",secret:t},\"*\")},!1)))}(window,document);\n\/\/# sourceURL=https:\/\/www.guerini.it\/wp-includes\/js\/wp-embed.min.js\n<\/script>\n","thumbnail_url":"https:\/\/www.guerini.it\/wp-content\/uploads\/2014\/06\/canto_del_panene.jpg","thumbnail_width":230,"thumbnail_height":352,"description":"L\u2019opera del grande poeta armeno Daniel Varujan potrebbe essere chiamata il \u00abCanto dell\u2019uomo intero\u00bb, dell\u2019uomo in cui la semplicit\u00e0 terrestre e le potenzialit\u00e0 celesti fanno un tutto armonioso, anzi un tutto di armoniosa reciprocit\u00e0.\u00a0\u00c8 in questa armonia \u2013 che ci pu\u00f2 forse ricordare Dante, e il suo itinerario a Dio attraverso la creazione \u2013 che la poesia si distingue: l\u2019occhio del poeta, infatti, non vede l\u2019eternit\u00e0 distaccata, lontana, o scissa, ma scopre l\u2019eternit\u00e0 come dimensione di ogni singola componente dell\u2019universo, come sangue del misterioso palpitare della vita.  Pubblicata postuma nel 1921, per la prima volta in Italia nel 1992, questa straordinaria raccolta di poesie a cura di Antonia Arslan giunge oggi alla settima edizione."}

L’opera del grande poeta armeno Daniel Varujan potrebbe essere chiamata il «Canto dell’uomo intero», dell’uomo in cui la semplicità terrestre e le potenzialità celesti fanno un tutto armonioso, anzi un tutto di armoniosa reciprocità. È in questa armonia – che ci può forse ricordare Dante, e il suo itinerario a Dio attraverso la creazione – che la poesia si distingue: l’occhio del poeta, infatti, non vede l’eternità distaccata, lontana, o scissa, ma scopre l’eternità come dimensione di ogni singola componente dell’universo, come sangue del misterioso palpitare della vita.  Pubblicata postuma nel 1921, per la prima volta in Italia nel 1992, questa straordinaria raccolta di poesie a cura di Antonia Arslan giunge oggi alla settima edizione.
