{"version":"1.0","provider_name":"Guerini e Associati","provider_url":"https:\/\/www.guerini.it","author_name":"Erald","author_url":"https:\/\/www.guerini.it\/index.php\/author\/erald\/","title":"Andreotti e l'Italia di confine - Guerini e Associati","type":"rich","width":600,"height":338,"html":"<blockquote class=\"wp-embedded-content\" data-secret=\"dbiBYb7VeY\"><a href=\"https:\/\/www.guerini.it\/index.php\/prodotto\/andreotti-e-l-italia-di-confine\/\">Andreotti e l&#8217;Italia di confine<\/a><\/blockquote><iframe sandbox=\"allow-scripts\" security=\"restricted\" src=\"https:\/\/www.guerini.it\/index.php\/prodotto\/andreotti-e-l-italia-di-confine\/embed\/#?secret=dbiBYb7VeY\" width=\"600\" height=\"338\" title=\"&#8220;Andreotti e l&#8217;Italia di confine&#8221; &#8212; Guerini e Associati\" data-secret=\"dbiBYb7VeY\" frameborder=\"0\" marginwidth=\"0\" marginheight=\"0\" scrolling=\"no\" class=\"wp-embedded-content\"><\/iframe><script>\n\/*! This file is auto-generated *\/\n!function(d,l){\"use strict\";l.querySelector&&d.addEventListener&&\"undefined\"!=typeof URL&&(d.wp=d.wp||{},d.wp.receiveEmbedMessage||(d.wp.receiveEmbedMessage=function(e){var t=e.data;if((t||t.secret||t.message||t.value)&&!\/[^a-zA-Z0-9]\/.test(t.secret)){for(var s,r,n,a=l.querySelectorAll('iframe[data-secret=\"'+t.secret+'\"]'),o=l.querySelectorAll('blockquote[data-secret=\"'+t.secret+'\"]'),c=new RegExp(\"^https?:$\",\"i\"),i=0;i<o.length;i++)o[i].style.display=\"none\";for(i=0;i<a.length;i++)s=a[i],e.source===s.contentWindow&&(s.removeAttribute(\"style\"),\"height\"===t.message?(1e3<(r=parseInt(t.value,10))?r=1e3:~~r<200&&(r=200),s.height=r):\"link\"===t.message&&(r=new URL(s.getAttribute(\"src\")),n=new URL(t.value),c.test(n.protocol))&&n.host===r.host&&l.activeElement===s&&(d.top.location.href=t.value))}},d.addEventListener(\"message\",d.wp.receiveEmbedMessage,!1),l.addEventListener(\"DOMContentLoaded\",function(){for(var e,t,s=l.querySelectorAll(\"iframe.wp-embedded-content\"),r=0;r<s.length;r++)(t=(e=s[r]).getAttribute(\"data-secret\"))||(t=Math.random().toString(36).substring(2,12),e.src+=\"#?secret=\"+t,e.setAttribute(\"data-secret\",t)),e.contentWindow.postMessage({message:\"ready\",secret:t},\"*\")},!1)))}(window,document);\n\/\/# sourceURL=https:\/\/www.guerini.it\/wp-includes\/js\/wp-embed.min.js\n<\/script>\n","thumbnail_url":"https:\/\/www.guerini.it\/wp-content\/uploads\/2015\/06\/andreotti_sito.jpg","thumbnail_width":229,"thumbnail_height":353,"description":"Ad appena ventotto anni, Giulio Andreotti si trov\u00f2 a gestire una serie di problemi delicati, con evidenti ricadute sia sul piano interno che internazionale. Nel 1947 era stato infatti nominato sottosegretario di Stato alla Presidenza del Consiglio e, fra le varie competenze affidategli da Alcide De Gasperi, vi era la responsabilit\u00e0 politica dell'Ufficio per le zone di confine, un organo istituzionale sorto per coordinare l'attivit\u00e0 del governo nelle complesse situazioni di frontiera. L'Ufficio era alimentato da ingenti fondi riservati, che Andreotti decideva di volta in volta come utilizzare.  Le carte inedite dell'Archivio Andreotti, e di altri archivi consultati per questa indagine, rivelano un giovane all'inizio della carriera, gi\u00e0 dotato delle qualit\u00e0 che contribuiranno a renderlo uno fra i politici pi\u00f9 rappresentativi della storia italiana del dopoguerra. Nell'affrontare le principali sfide poste dal suo compito - la propaganda in difesa dell'italianit\u00e0, la tutela delle minoranze linguistiche, l'attuazione dell'autonomia speciale, i rapporti spesso difficili con la classe dirigente locale - Andreotti si dimostra gi\u00e0 uomo di Stato e di governo pi\u00f9 che di partito, di grande pragmatismo e con rapporti privilegiati con il mondo ecclesiastico. Pure l'analisi degli errori compiuti, per la scarsa esperienza e forsanche per l'eccessiva ambizione, contribuisce alla ricostruzione di un tratto importante della sua complessa e per certi versi controversa biografia, cos\u00ec rilevante per il passato e il presente del nostro paese."}

Ad appena ventotto anni, Giulio Andreotti si trovò a gestire una serie di problemi delicati, con evidenti ricadute sia sul piano interno che internazionale. Nel 1947 era stato infatti nominato sottosegretario di Stato alla Presidenza del Consiglio e, fra le varie competenze affidategli da Alcide De Gasperi, vi era la responsabilità politica dell'Ufficio per le zone di confine, un organo istituzionale sorto per coordinare l'attività del governo nelle complesse situazioni di frontiera. L'Ufficio era alimentato da ingenti fondi riservati, che Andreotti decideva di volta in volta come utilizzare.  Le carte inedite dell'Archivio Andreotti, e di altri archivi consultati per questa indagine, rivelano un giovane all'inizio della carriera, già dotato delle qualità che contribuiranno a renderlo uno fra i politici più rappresentativi della storia italiana del dopoguerra. Nell'affrontare le principali sfide poste dal suo compito - la propaganda in difesa dell'italianità, la tutela delle minoranze linguistiche, l'attuazione dell'autonomia speciale, i rapporti spesso difficili con la classe dirigente locale - Andreotti si dimostra già uomo di Stato e di governo più che di partito, di grande pragmatismo e con rapporti privilegiati con il mondo ecclesiastico. Pure l'analisi degli errori compiuti, per la scarsa esperienza e forsanche per l'eccessiva ambizione, contribuisce alla ricostruzione di un tratto importante della sua complessa e per certi versi controversa biografia, così rilevante per il passato e il presente del nostro paese.
