{"version":"1.0","provider_name":"Guerini e Associati","provider_url":"https:\/\/www.guerini.it","author_name":"Erald","author_url":"https:\/\/www.guerini.it\/index.php\/author\/erald\/","title":"L'agenda digitale europea - Guerini e Associati","type":"rich","width":600,"height":338,"html":"<blockquote class=\"wp-embedded-content\" data-secret=\"4IY2aF1tcB\"><a href=\"https:\/\/www.guerini.it\/index.php\/prodotto\/l-agenda-digitale-europea\/\">L&#8217;agenda digitale europea<\/a><\/blockquote><iframe sandbox=\"allow-scripts\" security=\"restricted\" src=\"https:\/\/www.guerini.it\/index.php\/prodotto\/l-agenda-digitale-europea\/embed\/#?secret=4IY2aF1tcB\" width=\"600\" height=\"338\" title=\"&#8220;L&#8217;agenda digitale europea&#8221; &#8212; Guerini e Associati\" data-secret=\"4IY2aF1tcB\" frameborder=\"0\" marginwidth=\"0\" marginheight=\"0\" scrolling=\"no\" class=\"wp-embedded-content\"><\/iframe><script>\n\/*! This file is auto-generated *\/\n!function(d,l){\"use strict\";l.querySelector&&d.addEventListener&&\"undefined\"!=typeof URL&&(d.wp=d.wp||{},d.wp.receiveEmbedMessage||(d.wp.receiveEmbedMessage=function(e){var t=e.data;if((t||t.secret||t.message||t.value)&&!\/[^a-zA-Z0-9]\/.test(t.secret)){for(var s,r,n,a=l.querySelectorAll('iframe[data-secret=\"'+t.secret+'\"]'),o=l.querySelectorAll('blockquote[data-secret=\"'+t.secret+'\"]'),c=new RegExp(\"^https?:$\",\"i\"),i=0;i<o.length;i++)o[i].style.display=\"none\";for(i=0;i<a.length;i++)s=a[i],e.source===s.contentWindow&&(s.removeAttribute(\"style\"),\"height\"===t.message?(1e3<(r=parseInt(t.value,10))?r=1e3:~~r<200&&(r=200),s.height=r):\"link\"===t.message&&(r=new URL(s.getAttribute(\"src\")),n=new URL(t.value),c.test(n.protocol))&&n.host===r.host&&l.activeElement===s&&(d.top.location.href=t.value))}},d.addEventListener(\"message\",d.wp.receiveEmbedMessage,!1),l.addEventListener(\"DOMContentLoaded\",function(){for(var e,t,s=l.querySelectorAll(\"iframe.wp-embedded-content\"),r=0;r<s.length;r++)(t=(e=s[r]).getAttribute(\"data-secret\"))||(t=Math.random().toString(36).substring(2,12),e.src+=\"#?secret=\"+t,e.setAttribute(\"data-secret\",t)),e.contentWindow.postMessage({message:\"ready\",secret:t},\"*\")},!1)))}(window,document);\n\/\/# sourceURL=https:\/\/www.guerini.it\/wp-includes\/js\/wp-embed.min.js\n<\/script>\n","thumbnail_url":"https:\/\/www.guerini.it\/wp-content\/uploads\/2016\/04\/agenda_digitale_europea_l__sito.jpg","thumbnail_width":235,"thumbnail_height":353,"description":"Fare acquisti in rete \u00e8 divenuto pi\u00f9 semplice e conveniente. La connettivit\u00e0 a Internet si \u00e8 estesa in maniera radicale, divenendo sempre pi\u00f9 rapida ed efficiente. Dialogare online con le istituzioni ha cambiato radicalmente la vita dei cittadini e il tasso di democraticit\u00e0 dei governi. Tutto ci\u00f2 e molto altro si deve al progresso del mercato digitale, il quale, per\u00f2, nasconde non poche insidie e sfide.  Con il 2015 si sono chiusi i primi cinque anni della programmazione dell'Agenda Digitale proposta dall'Unione europea. Altri cinque rappresentano la restante parte del cammino da intraprendere.  Ad oggi, tuttavia, molte domande sembrano non avere una risposta chiara. Cosa significa e a che punto \u00e8 l'idea di un Mercato unico digitale? A che livello di competitivit\u00e0 nel mondo \u00e8 l'Europa per il settore delle ICT? Quali sono i passaggi fondamentali per creare sviluppo economico e sociale tra gli Stati membri? Il mercato digitale europeo si presenta unito e forte o frammentato e debole? Ma soprattutto, quali sono le risposte che l'Unione pone ai maggiori problemi odierni? E come propone di sfruttare le opportunit\u00e0 dell'era digitale? Questo libro tenta di analizzare quanto \u00e8 stato fatto, tra successi e insuccessi, per comprendere dove l'Europa si stia dirigendo nel mercato digitale globale."}

Fare acquisti in rete è divenuto più semplice e conveniente. La connettività a Internet si è estesa in maniera radicale, divenendo sempre più rapida ed efficiente. Dialogare online con le istituzioni ha cambiato radicalmente la vita dei cittadini e il tasso di democraticità dei governi. Tutto ciò e molto altro si deve al progresso del mercato digitale, il quale, però, nasconde non poche insidie e sfide.  Con il 2015 si sono chiusi i primi cinque anni della programmazione dell'Agenda Digitale proposta dall'Unione europea. Altri cinque rappresentano la restante parte del cammino da intraprendere.  Ad oggi, tuttavia, molte domande sembrano non avere una risposta chiara. Cosa significa e a che punto è l'idea di un Mercato unico digitale? A che livello di competitività nel mondo è l'Europa per il settore delle ICT? Quali sono i passaggi fondamentali per creare sviluppo economico e sociale tra gli Stati membri? Il mercato digitale europeo si presenta unito e forte o frammentato e debole? Ma soprattutto, quali sono le risposte che l'Unione pone ai maggiori problemi odierni? E come propone di sfruttare le opportunità dell'era digitale? Questo libro tenta di analizzare quanto è stato fatto, tra successi e insuccessi, per comprendere dove l'Europa si stia dirigendo nel mercato digitale globale.
