{"version":"1.0","provider_name":"Guerini e Associati","provider_url":"https:\/\/www.guerini.it","author_name":"Erald","author_url":"https:\/\/www.guerini.it\/index.php\/author\/erald\/","title":"L'italiano alla prova dell'internazionalizzazione - Guerini e Associati","type":"rich","width":600,"height":338,"html":"<blockquote class=\"wp-embedded-content\" data-secret=\"rMjFun4XBS\"><a href=\"https:\/\/www.guerini.it\/index.php\/prodotto\/l-italiano\/\">L&#8217;italiano alla prova dell&#8217;internazionalizzazione<\/a><\/blockquote><iframe sandbox=\"allow-scripts\" security=\"restricted\" src=\"https:\/\/www.guerini.it\/index.php\/prodotto\/l-italiano\/embed\/#?secret=rMjFun4XBS\" width=\"600\" height=\"338\" title=\"&#8220;L&#8217;italiano alla prova dell&#8217;internazionalizzazione&#8221; &#8212; Guerini e Associati\" data-secret=\"rMjFun4XBS\" frameborder=\"0\" marginwidth=\"0\" marginheight=\"0\" scrolling=\"no\" class=\"wp-embedded-content\"><\/iframe><script>\n\/*! This file is auto-generated *\/\n!function(d,l){\"use strict\";l.querySelector&&d.addEventListener&&\"undefined\"!=typeof URL&&(d.wp=d.wp||{},d.wp.receiveEmbedMessage||(d.wp.receiveEmbedMessage=function(e){var t=e.data;if((t||t.secret||t.message||t.value)&&!\/[^a-zA-Z0-9]\/.test(t.secret)){for(var s,r,n,a=l.querySelectorAll('iframe[data-secret=\"'+t.secret+'\"]'),o=l.querySelectorAll('blockquote[data-secret=\"'+t.secret+'\"]'),c=new RegExp(\"^https?:$\",\"i\"),i=0;i<o.length;i++)o[i].style.display=\"none\";for(i=0;i<a.length;i++)s=a[i],e.source===s.contentWindow&&(s.removeAttribute(\"style\"),\"height\"===t.message?(1e3<(r=parseInt(t.value,10))?r=1e3:~~r<200&&(r=200),s.height=r):\"link\"===t.message&&(r=new URL(s.getAttribute(\"src\")),n=new URL(t.value),c.test(n.protocol))&&n.host===r.host&&l.activeElement===s&&(d.top.location.href=t.value))}},d.addEventListener(\"message\",d.wp.receiveEmbedMessage,!1),l.addEventListener(\"DOMContentLoaded\",function(){for(var e,t,s=l.querySelectorAll(\"iframe.wp-embedded-content\"),r=0;r<s.length;r++)(t=(e=s[r]).getAttribute(\"data-secret\"))||(t=Math.random().toString(36).substring(2,12),e.src+=\"#?secret=\"+t,e.setAttribute(\"data-secret\",t)),e.contentWindow.postMessage({message:\"ready\",secret:t},\"*\")},!1)))}(window,document);\n\/\/# sourceURL=https:\/\/www.guerini.it\/wp-includes\/js\/wp-embed.min.js\n<\/script>\n","thumbnail_url":"https:\/\/www.guerini.it\/wp-content\/uploads\/2017\/05\/Litaliano-alla-prova-dellinternazionalizzazione-scaled.webp","thumbnail_width":1647,"thumbnail_height":2560,"description":"\u00abLe legittime finalit\u00e0 dell\u2019internazionalizzazione non possono ridurre la lingua italiana, all\u2019interno dell\u2019universit\u00e0 italiana, a una posizione marginale e subordinata, obliterando quella funzione, che le \u00e8 propria, di vettore della storia e dell\u2019identit\u00e0 della comunit\u00e0 nazionale, nonch\u00e9 il suo essere, di per s\u00e9, patrimonio culturale da preservare e valorizzare\u00bb: questo \u00e8 il nucleo di una recente sentenza della Corte costituzionale (24\/02\/2017, n. 42) che non si esita a definire storica. Con essa il primato della lingua italiana viene, infatti, radicato nel tessuto costituzionale non certo quale \u00abdifesa di un retaggio del passato, inidonea a cogliere i mutamenti della modernit\u00e0\u00bb ma in quanto \u00abgaranzia di salvaguardia e di valorizzazione dell\u2019italiano come bene culturale in s\u00e9\u00bb, elemento di una \u00abbiodiversit\u00e0 linguistica\u00bb, che costituisce espressione della specificit\u00e0 del modello europeo di societ\u00e0, nel contesto di una politica che concilia democrazia, pluralismo culturale e integrazione sovranazionale degli ordinamenti. Da qui allora occorre partire per mettere in campo tutte le azioni atte a tutelare, promuovere e valorizzare la nostra lingua, in Italia e all\u2019estero, iniziando con l\u2019esplicito riconoscimento in Costituzione del principio enucleato dalla Corte. \u00c8 tempo, insomma, di dar vita a una nuova, diversa e attiva politica linguistica italiana."}

«Le legittime finalità dell’internazionalizzazione non possono ridurre la lingua italiana, all’interno dell’università italiana, a una posizione marginale e subordinata, obliterando quella funzione, che le è propria, di vettore della storia e dell’identità della comunità nazionale, nonché il suo essere, di per sé, patrimonio culturale da preservare e valorizzare»: questo è il nucleo di una recente sentenza della Corte costituzionale (24/02/2017, n. 42) che non si esita a definire storica. Con essa il primato della lingua italiana viene, infatti, radicato nel tessuto costituzionale non certo quale «difesa di un retaggio del passato, inidonea a cogliere i mutamenti della modernità» ma in quanto «garanzia di salvaguardia e di valorizzazione dell’italiano come bene culturale in sé», elemento di una «biodiversità linguistica», che costituisce espressione della specificità del modello europeo di società, nel contesto di una politica che concilia democrazia, pluralismo culturale e integrazione sovranazionale degli ordinamenti. Da qui allora occorre partire per mettere in campo tutte le azioni atte a tutelare, promuovere e valorizzare la nostra lingua, in Italia e all’estero, iniziando con l’esplicito riconoscimento in Costituzione del principio enucleato dalla Corte. È tempo, insomma, di dar vita a una nuova, diversa e attiva politica linguistica italiana.
