{"version":"1.0","provider_name":"Guerini e Associati","provider_url":"https:\/\/www.guerini.it","author_name":"Erald","author_url":"https:\/\/www.guerini.it\/index.php\/author\/erald\/","title":"Management educativo alla prova - Guerini e Associati","type":"rich","width":600,"height":338,"html":"<blockquote class=\"wp-embedded-content\" data-secret=\"MkKn8X2566\"><a href=\"https:\/\/www.guerini.it\/index.php\/prodotto\/management-educativo-alla-prova\/\">Management educativo alla prova<\/a><\/blockquote><iframe sandbox=\"allow-scripts\" security=\"restricted\" src=\"https:\/\/www.guerini.it\/index.php\/prodotto\/management-educativo-alla-prova\/embed\/#?secret=MkKn8X2566\" width=\"600\" height=\"338\" title=\"&#8220;Management educativo alla prova&#8221; &#8212; Guerini e Associati\" data-secret=\"MkKn8X2566\" frameborder=\"0\" marginwidth=\"0\" marginheight=\"0\" scrolling=\"no\" class=\"wp-embedded-content\"><\/iframe><script>\n\/*! This file is auto-generated *\/\n!function(d,l){\"use strict\";l.querySelector&&d.addEventListener&&\"undefined\"!=typeof URL&&(d.wp=d.wp||{},d.wp.receiveEmbedMessage||(d.wp.receiveEmbedMessage=function(e){var t=e.data;if((t||t.secret||t.message||t.value)&&!\/[^a-zA-Z0-9]\/.test(t.secret)){for(var s,r,n,a=l.querySelectorAll('iframe[data-secret=\"'+t.secret+'\"]'),o=l.querySelectorAll('blockquote[data-secret=\"'+t.secret+'\"]'),c=new RegExp(\"^https?:$\",\"i\"),i=0;i<o.length;i++)o[i].style.display=\"none\";for(i=0;i<a.length;i++)s=a[i],e.source===s.contentWindow&&(s.removeAttribute(\"style\"),\"height\"===t.message?(1e3<(r=parseInt(t.value,10))?r=1e3:~~r<200&&(r=200),s.height=r):\"link\"===t.message&&(r=new URL(s.getAttribute(\"src\")),n=new URL(t.value),c.test(n.protocol))&&n.host===r.host&&l.activeElement===s&&(d.top.location.href=t.value))}},d.addEventListener(\"message\",d.wp.receiveEmbedMessage,!1),l.addEventListener(\"DOMContentLoaded\",function(){for(var e,t,s=l.querySelectorAll(\"iframe.wp-embedded-content\"),r=0;r<s.length;r++)(t=(e=s[r]).getAttribute(\"data-secret\"))||(t=Math.random().toString(36).substring(2,12),e.src+=\"#?secret=\"+t,e.setAttribute(\"data-secret\",t)),e.contentWindow.postMessage({message:\"ready\",secret:t},\"*\")},!1)))}(window,document);\n\/\/# sourceURL=https:\/\/www.guerini.it\/wp-includes\/js\/wp-embed.min.js\n<\/script>\n","thumbnail_url":"https:\/\/www.guerini.it\/wp-content\/uploads\/2020\/11\/management_educativo_alla_prova_sito.jpg","thumbnail_width":226,"thumbnail_height":353,"description":"Formati al management di eccellenza al Politecnico di Milano, nove dirigenti scolastici di istituti che coprono le diverse aree del Paese mostrano come hanno fatto fronte allo shock di questi mesi, proponendo diversi modelli per superare strategicamente la crisi delle scuole. Cosa \u00e8 realmente accaduto durante l\u2019emergenza Covid-19, dalla fase iniziale della sospensione della didattica in presenza fino alla chiusura dell\u2019anno scolastico 2019\/2020? Quali sono le attivit\u00e0 che un Dirigente Scolastico dovrebbe svolgere in tempi ordinari e come realmente hanno fatto fronte alla pandemia questi Dirigenti nelle nove realt\u00e0 italiane prese in esame? Attraverso i loro racconti diretti, si \u00e8 introdotti a una riflessione cruciale sul funzionamento delle attivit\u00e0 scolastiche che pone in evidenza: quanto l\u2019efficacia della gestione sia strettamente legata a quella dell\u2019attivit\u00e0 didattico\/educativa; come la figura del Dirigente Scolastico sia centrale nella determinazione dell\u2019incisivit\u00e0 gestionale dell\u2019attivit\u00e0 scolastica; come il Dirigente Scolastico, competente e adeguatamente equipaggiato sotto il profilo gestionale e manageriale, abbia influito nel determinare un modo pi\u00f9 incisivo della gestione dell\u2019emergenza."}

Formati al management di eccellenza al Politecnico di Milano, nove dirigenti scolastici di istituti che coprono le diverse aree del Paese mostrano come hanno fatto fronte allo shock di questi mesi, proponendo diversi modelli per superare strategicamente la crisi delle scuole. Cosa è realmente accaduto durante l’emergenza Covid-19, dalla fase iniziale della sospensione della didattica in presenza fino alla chiusura dell’anno scolastico 2019/2020? Quali sono le attività che un Dirigente Scolastico dovrebbe svolgere in tempi ordinari e come realmente hanno fatto fronte alla pandemia questi Dirigenti nelle nove realtà italiane prese in esame? Attraverso i loro racconti diretti, si è introdotti a una riflessione cruciale sul funzionamento delle attività scolastiche che pone in evidenza: quanto l’efficacia della gestione sia strettamente legata a quella dell’attività didattico/educativa; come la figura del Dirigente Scolastico sia centrale nella determinazione dell’incisività gestionale dell’attività scolastica; come il Dirigente Scolastico, competente e adeguatamente equipaggiato sotto il profilo gestionale e manageriale, abbia influito nel determinare un modo più incisivo della gestione dell’emergenza.
