{"version":"1.0","provider_name":"Guerini e Associati","provider_url":"https:\/\/www.guerini.it","author_name":"Erald","author_url":"https:\/\/www.guerini.it\/index.php\/author\/erald\/","title":"Nella Storia mondiale - Guerini e Associati","type":"rich","width":600,"height":338,"html":"<blockquote class=\"wp-embedded-content\" data-secret=\"d2V0RVOSOC\"><a href=\"https:\/\/www.guerini.it\/index.php\/prodotto\/nella-storia-mondiale\/\">Nella Storia mondiale<\/a><\/blockquote><iframe sandbox=\"allow-scripts\" security=\"restricted\" src=\"https:\/\/www.guerini.it\/index.php\/prodotto\/nella-storia-mondiale\/embed\/#?secret=d2V0RVOSOC\" width=\"600\" height=\"338\" title=\"&#8220;Nella Storia mondiale&#8221; &#8212; Guerini e Associati\" data-secret=\"d2V0RVOSOC\" frameborder=\"0\" marginwidth=\"0\" marginheight=\"0\" scrolling=\"no\" class=\"wp-embedded-content\"><\/iframe><script>\n\/*! This file is auto-generated *\/\n!function(d,l){\"use strict\";l.querySelector&&d.addEventListener&&\"undefined\"!=typeof URL&&(d.wp=d.wp||{},d.wp.receiveEmbedMessage||(d.wp.receiveEmbedMessage=function(e){var t=e.data;if((t||t.secret||t.message||t.value)&&!\/[^a-zA-Z0-9]\/.test(t.secret)){for(var s,r,n,a=l.querySelectorAll('iframe[data-secret=\"'+t.secret+'\"]'),o=l.querySelectorAll('blockquote[data-secret=\"'+t.secret+'\"]'),c=new RegExp(\"^https?:$\",\"i\"),i=0;i<o.length;i++)o[i].style.display=\"none\";for(i=0;i<a.length;i++)s=a[i],e.source===s.contentWindow&&(s.removeAttribute(\"style\"),\"height\"===t.message?(1e3<(r=parseInt(t.value,10))?r=1e3:~~r<200&&(r=200),s.height=r):\"link\"===t.message&&(r=new URL(s.getAttribute(\"src\")),n=new URL(t.value),c.test(n.protocol))&&n.host===r.host&&l.activeElement===s&&(d.top.location.href=t.value))}},d.addEventListener(\"message\",d.wp.receiveEmbedMessage,!1),l.addEventListener(\"DOMContentLoaded\",function(){for(var e,t,s=l.querySelectorAll(\"iframe.wp-embedded-content\"),r=0;r<s.length;r++)(t=(e=s[r]).getAttribute(\"data-secret\"))||(t=Math.random().toString(36).substring(2,12),e.src+=\"#?secret=\"+t,e.setAttribute(\"data-secret\",t)),e.contentWindow.postMessage({message:\"ready\",secret:t},\"*\")},!1)))}(window,document);\n\/\/# sourceURL=https:\/\/www.guerini.it\/wp-includes\/js\/wp-embed.min.js\n<\/script>\n","thumbnail_url":"https:\/\/www.guerini.it\/wp-content\/uploads\/2021\/01\/FRONT-Cover-NELLA-STORIA-MONDIALE-1-scaled-e1614847435103.jpg","thumbnail_width":237,"thumbnail_height":350,"description":"Viviamo un\u2019epoca di cambiamenti straordinari che preannunciano una profonda riconfigurazione del sistema politico mondiale. A soffrire maggiormente questi cambiamenti \u00e8 l\u2019Europa. Il Vecchio continente, infatti, pare aver smarrito la rotta e aver dimenticato quegli insegnamenti legati alla diplomazia, alle regole della ragion di Stato, che gli avevano garantito prosperit\u00e0 e stabilit\u00e0 nella seconda met\u00e0 del Novecento.Una risposta alle forze disgregatrici in atto non pu\u00f2 essere l\u2019attuale Unione europea, minata dai suoi limiti costitutivi e dalle sue croniche debolezze. Solo \u00abuna nuova entente cordiale tra Usa e Russia pu\u00f2 superare l\u2019unipolarismo e la forza spropositata della finanza sregolatrice\u00bb.Ci vuole, insomma, un ritorno alla politica \u00abbuona\u00bb, ma anche a una economia regolata e a una finanza che guardi alle comunit\u00e0 e non al profitto del singolo individuo. Perch\u00e9 questo possa avvenire, i valori dell\u2019Occidente come la democrazia, la libert\u00e0, i diritti della persona devono essere oggi ridiscussi, non dimenticati, n\u00e9 tantomeno abdicati.Queste pagine sono un viaggio nelle origini profonde di quanto accaduto al mondo dagli anni della cosiddetta \u00abglobalizzazione\u00bb fino alla crisi pandemica mondiale del 2020. Un\u2019opera fondamentale per comprendere un tempo, il nostro, che pare volgere verso la sua fine.  &nbsp;  &nbsp;  &nbsp;  &nbsp;"}

Viviamo un’epoca di cambiamenti straordinari che preannunciano una profonda riconfigurazione del sistema politico mondiale. A soffrire maggiormente questi cambiamenti è l’Europa. Il Vecchio continente, infatti, pare aver smarrito la rotta e aver dimenticato quegli insegnamenti legati alla diplomazia, alle regole della ragion di Stato, che gli avevano garantito prosperità e stabilità nella seconda metà del Novecento.Una risposta alle forze disgregatrici in atto non può essere l’attuale Unione europea, minata dai suoi limiti costitutivi e dalle sue croniche debolezze. Solo «una nuova entente cordiale tra Usa e Russia può superare l’unipolarismo e la forza spropositata della finanza sregolatrice».Ci vuole, insomma, un ritorno alla politica «buona», ma anche a una economia regolata e a una finanza che guardi alle comunità e non al profitto del singolo individuo. Perché questo possa avvenire, i valori dell’Occidente come la democrazia, la libertà, i diritti della persona devono essere oggi ridiscussi, non dimenticati, né tantomeno abdicati.Queste pagine sono un viaggio nelle origini profonde di quanto accaduto al mondo dagli anni della cosiddetta «globalizzazione» fino alla crisi pandemica mondiale del 2020. Un’opera fondamentale per comprendere un tempo, il nostro, che pare volgere verso la sua fine.  &nbsp;  &nbsp;  &nbsp;  &nbsp;
