{"version":"1.0","provider_name":"Guerini e Associati","provider_url":"https:\/\/www.guerini.it","author_name":"Erald","author_url":"https:\/\/www.guerini.it\/index.php\/author\/erald\/","title":"Per un\u2019epistemologia dell\u2019esperienza personale - Guerini e Associati","type":"rich","width":600,"height":338,"html":"<blockquote class=\"wp-embedded-content\" data-secret=\"DLhlJlUKZh\"><a href=\"https:\/\/www.guerini.it\/index.php\/prodotto\/per-un-epistemologia-dell-esperienza-personale\/\">Per un\u2019epistemologia dell\u2019esperienza personale<\/a><\/blockquote><iframe sandbox=\"allow-scripts\" security=\"restricted\" src=\"https:\/\/www.guerini.it\/index.php\/prodotto\/per-un-epistemologia-dell-esperienza-personale\/embed\/#?secret=DLhlJlUKZh\" width=\"600\" height=\"338\" title=\"&#8220;Per un\u2019epistemologia dell\u2019esperienza personale&#8221; &#8212; Guerini e Associati\" data-secret=\"DLhlJlUKZh\" frameborder=\"0\" marginwidth=\"0\" marginheight=\"0\" scrolling=\"no\" class=\"wp-embedded-content\"><\/iframe><script>\n\/*! This file is auto-generated *\/\n!function(d,l){\"use strict\";l.querySelector&&d.addEventListener&&\"undefined\"!=typeof URL&&(d.wp=d.wp||{},d.wp.receiveEmbedMessage||(d.wp.receiveEmbedMessage=function(e){var t=e.data;if((t||t.secret||t.message||t.value)&&!\/[^a-zA-Z0-9]\/.test(t.secret)){for(var s,r,n,a=l.querySelectorAll('iframe[data-secret=\"'+t.secret+'\"]'),o=l.querySelectorAll('blockquote[data-secret=\"'+t.secret+'\"]'),c=new RegExp(\"^https?:$\",\"i\"),i=0;i<o.length;i++)o[i].style.display=\"none\";for(i=0;i<a.length;i++)s=a[i],e.source===s.contentWindow&&(s.removeAttribute(\"style\"),\"height\"===t.message?(1e3<(r=parseInt(t.value,10))?r=1e3:~~r<200&&(r=200),s.height=r):\"link\"===t.message&&(r=new URL(s.getAttribute(\"src\")),n=new URL(t.value),c.test(n.protocol))&&n.host===r.host&&l.activeElement===s&&(d.top.location.href=t.value))}},d.addEventListener(\"message\",d.wp.receiveEmbedMessage,!1),l.addEventListener(\"DOMContentLoaded\",function(){for(var e,t,s=l.querySelectorAll(\"iframe.wp-embedded-content\"),r=0;r<s.length;r++)(t=(e=s[r]).getAttribute(\"data-secret\"))||(t=Math.random().toString(36).substring(2,12),e.src+=\"#?secret=\"+t,e.setAttribute(\"data-secret\",t)),e.contentWindow.postMessage({message:\"ready\",secret:t},\"*\")},!1)))}(window,document);\n\/\/# sourceURL=https:\/\/www.guerini.it\/wp-includes\/js\/wp-embed.min.js\n<\/script>\n","thumbnail_url":"https:\/\/www.guerini.it\/wp-content\/uploads\/2012\/05\/978-88-8335-949-1.jpg","thumbnail_width":120,"thumbnail_height":190,"description":"Il concetto di \u00abpersona\u00bb \u00e8 tra i pi\u00f9 influenti e antichi della nostra cultura, nella quale sembra avere un posto centrale. Allo stesso tempo, per\u00f2, il continuo processo di ampliamento della cosiddetta immagine scientifica del mondo sembra comportare un profondo mutamento del nostro modo di guardare a noi stessi, e indurci a un ripensamento circa la nostra stessa identit\u00e0. Ripensamento al termine del quale non \u00e8 chiaro che cosa potr\u00e0 ancora rimanere del nostro essere \u00abpersona\u00bb."}

Il concetto di «persona» è tra i più influenti e antichi della nostra cultura, nella quale sembra avere un posto centrale. Allo stesso tempo, però, il continuo processo di ampliamento della cosiddetta immagine scientifica del mondo sembra comportare un profondo mutamento del nostro modo di guardare a noi stessi, e indurci a un ripensamento circa la nostra stessa identità. Ripensamento al termine del quale non è chiaro che cosa potrà ancora rimanere del nostro essere «persona».
