{"version":"1.0","provider_name":"Guerini e Associati","provider_url":"https:\/\/www.guerini.it","author_name":"Erald","author_url":"https:\/\/www.guerini.it\/index.php\/author\/erald\/","title":"Ritorno della religione? Tra ragione, fede e societ\u00e0 - Guerini e Associati","type":"rich","width":600,"height":338,"html":"<blockquote class=\"wp-embedded-content\" data-secret=\"fWZ6NVHnrm\"><a href=\"https:\/\/www.guerini.it\/index.php\/prodotto\/ritorno-della-religione-tra-ragione-fede-e-societa\/\">Ritorno della religione? Tra ragione, fede e societ\u00e0<\/a><\/blockquote><iframe sandbox=\"allow-scripts\" security=\"restricted\" src=\"https:\/\/www.guerini.it\/index.php\/prodotto\/ritorno-della-religione-tra-ragione-fede-e-societa\/embed\/#?secret=fWZ6NVHnrm\" width=\"600\" height=\"338\" title=\"&#8220;Ritorno della religione? Tra ragione, fede e societ\u00e0&#8221; &#8212; Guerini e Associati\" data-secret=\"fWZ6NVHnrm\" frameborder=\"0\" marginwidth=\"0\" marginheight=\"0\" scrolling=\"no\" class=\"wp-embedded-content\"><\/iframe><script>\n\/*! This file is auto-generated *\/\n!function(d,l){\"use strict\";l.querySelector&&d.addEventListener&&\"undefined\"!=typeof URL&&(d.wp=d.wp||{},d.wp.receiveEmbedMessage||(d.wp.receiveEmbedMessage=function(e){var t=e.data;if((t||t.secret||t.message||t.value)&&!\/[^a-zA-Z0-9]\/.test(t.secret)){for(var s,r,n,a=l.querySelectorAll('iframe[data-secret=\"'+t.secret+'\"]'),o=l.querySelectorAll('blockquote[data-secret=\"'+t.secret+'\"]'),c=new RegExp(\"^https?:$\",\"i\"),i=0;i<o.length;i++)o[i].style.display=\"none\";for(i=0;i<a.length;i++)s=a[i],e.source===s.contentWindow&&(s.removeAttribute(\"style\"),\"height\"===t.message?(1e3<(r=parseInt(t.value,10))?r=1e3:~~r<200&&(r=200),s.height=r):\"link\"===t.message&&(r=new URL(s.getAttribute(\"src\")),n=new URL(t.value),c.test(n.protocol))&&n.host===r.host&&l.activeElement===s&&(d.top.location.href=t.value))}},d.addEventListener(\"message\",d.wp.receiveEmbedMessage,!1),l.addEventListener(\"DOMContentLoaded\",function(){for(var e,t,s=l.querySelectorAll(\"iframe.wp-embedded-content\"),r=0;r<s.length;r++)(t=(e=s[r]).getAttribute(\"data-secret\"))||(t=Math.random().toString(36).substring(2,12),e.src+=\"#?secret=\"+t,e.setAttribute(\"data-secret\",t)),e.contentWindow.postMessage({message:\"ready\",secret:t},\"*\")},!1)))}(window,document);\n\/\/# sourceURL=https:\/\/www.guerini.it\/wp-includes\/js\/wp-embed.min.js\n<\/script>\n","thumbnail_url":"https:\/\/www.guerini.it\/wp-content\/uploads\/2012\/05\/978-88-6250-037-1.jpg","thumbnail_width":119,"thumbnail_height":186,"description":"Di fronte alla presenza del fondamentalismo religioso, \u00e8 ancora legittimo parlare di verit\u00e0 della religione? \u00c8 difendibile il teismo dinanzi al dominante naturalismo?Robert N. Bellah, Enrico Berti, Adriano Fabris, Virgilio Melchiorre, Mario Micheletti, Emmanuel Gabellieri, Roberto Gatti, Massimo Borghesi, Charles Taylor."}

Ritorno della religione? Tra ragione, fede e società - Guerini e Associati

<blockquote class="wp-embedded-content" data-secret="fWZ6NVHnrm"><a href="https://www.guerini.it/index.php/prodotto/ritorno-della-religione-tra-ragione-fede-e-societa/">Ritorno della religione? Tra ragione, fede e società</a></blockquote><iframe sandbox="allow-scripts" security="restricted" src="https://www.guerini.it/index.php/prodotto/ritorno-della-religione-tra-ragione-fede-e-societa/embed/#?secret=fWZ6NVHnrm" width="600" height="338" title="&#8220;Ritorno della religione? Tra ragione, fede e società&#8221; &#8212; Guerini e Associati" data-secret="fWZ6NVHnrm" frameborder="0" marginwidth="0" marginheight="0" scrolling="no" class="wp-embedded-content"></iframe><script>
/*! This file is auto-generated */
!function(d,l){"use strict";l.querySelector&&d.addEventListener&&"undefined"!=typeof URL&&(d.wp=d.wp||{},d.wp.receiveEmbedMessage||(d.wp.receiveEmbedMessage=function(e){var t=e.data;if((t||t.secret||t.message||t.value)&&!/[^a-zA-Z0-9]/.test(t.secret)){for(var s,r,n,a=l.querySelectorAll('iframe[data-secret="'+t.secret+'"]'),o=l.querySelectorAll('blockquote[data-secret="'+t.secret+'"]'),c=new RegExp("^https?:$","i"),i=0;i<o.length;i++)o[i].style.display="none";for(i=0;i<a.length;i++)s=a[i],e.source===s.contentWindow&&(s.removeAttribute("style"),"height"===t.message?(1e3<(r=parseInt(t.value,10))?r=1e3:~~r<200&&(r=200),s.height=r):"link"===t.message&&(r=new URL(s.getAttribute("src")),n=new URL(t.value),c.test(n.protocol))&&n.host===r.host&&l.activeElement===s&&(d.top.location.href=t.value))}},d.addEventListener("message",d.wp.receiveEmbedMessage,!1),l.addEventListener("DOMContentLoaded",function(){for(var e,t,s=l.querySelectorAll("iframe.wp-embedded-content"),r=0;r<s.length;r++)(t=(e=s[r]).getAttribute("data-secret"))||(t=Math.random().toString(36).substring(2,12),e.src+="#?secret="+t,e.setAttribute("data-secret",t)),e.contentWindow.postMessage({message:"ready",secret:t},"*")},!1)))}(window,document);
//# sourceURL=https://www.guerini.it/wp-includes/js/wp-embed.min.js
</script>

Di fronte alla presenza del fondamentalismo religioso, è ancora legittimo parlare di verità della religione? È difendibile il teismo dinanzi al dominante naturalismo?Robert N. Bellah, Enrico Berti, Adriano Fabris, Virgilio Melchiorre, Mario Micheletti, Emmanuel Gabellieri, Roberto Gatti, Massimo Borghesi, Charles Taylor.
