{"version":"1.0","provider_name":"Guerini e Associati","provider_url":"https:\/\/www.guerini.it","author_name":"Erald","author_url":"https:\/\/www.guerini.it\/index.php\/author\/erald\/","title":"Spegnevano anche i fiordalisi - Guerini e Associati","type":"rich","width":600,"height":338,"html":"<blockquote class=\"wp-embedded-content\" data-secret=\"2hFcGIM1HX\"><a href=\"https:\/\/www.guerini.it\/index.php\/prodotto\/spegnevano-anche-i-fiordalisi\/\">Spegnevano anche i fiordalisi<\/a><\/blockquote><iframe sandbox=\"allow-scripts\" security=\"restricted\" src=\"https:\/\/www.guerini.it\/index.php\/prodotto\/spegnevano-anche-i-fiordalisi\/embed\/#?secret=2hFcGIM1HX\" width=\"600\" height=\"338\" title=\"&#8220;Spegnevano anche i fiordalisi&#8221; &#8212; Guerini e Associati\" data-secret=\"2hFcGIM1HX\" frameborder=\"0\" marginwidth=\"0\" marginheight=\"0\" scrolling=\"no\" class=\"wp-embedded-content\"><\/iframe><script>\n\/*! This file is auto-generated *\/\n!function(d,l){\"use strict\";l.querySelector&&d.addEventListener&&\"undefined\"!=typeof URL&&(d.wp=d.wp||{},d.wp.receiveEmbedMessage||(d.wp.receiveEmbedMessage=function(e){var t=e.data;if((t||t.secret||t.message||t.value)&&!\/[^a-zA-Z0-9]\/.test(t.secret)){for(var s,r,n,a=l.querySelectorAll('iframe[data-secret=\"'+t.secret+'\"]'),o=l.querySelectorAll('blockquote[data-secret=\"'+t.secret+'\"]'),c=new RegExp(\"^https?:$\",\"i\"),i=0;i<o.length;i++)o[i].style.display=\"none\";for(i=0;i<a.length;i++)s=a[i],e.source===s.contentWindow&&(s.removeAttribute(\"style\"),\"height\"===t.message?(1e3<(r=parseInt(t.value,10))?r=1e3:~~r<200&&(r=200),s.height=r):\"link\"===t.message&&(r=new URL(s.getAttribute(\"src\")),n=new URL(t.value),c.test(n.protocol))&&n.host===r.host&&l.activeElement===s&&(d.top.location.href=t.value))}},d.addEventListener(\"message\",d.wp.receiveEmbedMessage,!1),l.addEventListener(\"DOMContentLoaded\",function(){for(var e,t,s=l.querySelectorAll(\"iframe.wp-embedded-content\"),r=0;r<s.length;r++)(t=(e=s[r]).getAttribute(\"data-secret\"))||(t=Math.random().toString(36).substring(2,12),e.src+=\"#?secret=\"+t,e.setAttribute(\"data-secret\",t)),e.contentWindow.postMessage({message:\"ready\",secret:t},\"*\")},!1)))}(window,document);\n\/\/# sourceURL=https:\/\/www.guerini.it\/wp-includes\/js\/wp-embed.min.js\n<\/script>\n","thumbnail_url":"https:\/\/www.guerini.it\/wp-content\/uploads\/2019\/11\/spegnevano_anche_i_fiordalisi_sito.jpg","thumbnail_width":235,"thumbnail_height":353,"description":"Una bambina si affaccia alla vita in una Milano umiliata, dolente e ferita dal fascismo, dalla guerra e dalle bombe. Nel microcosmo del condominio popolare di via Mompiani si incrociano storie di dolore e speranza, umanit\u00e0 e atrocit\u00e0, coraggio e tradimento: la vita com\u2019\u00e8, colta alla prova di uno dei momenti pi\u00f9 cupi. Ma le macerie, fisiche e morali, non travolgono Milano e Ada: la voglia di riscatto, l\u2019ansia di futuro, la speranza nella democrazia imprimono una nuova svolta alla storia, anzi, alle tante storie che questo libro raccoglie, facendone fili di un ordito pi\u00f9 ampio, che assume il valore di una testimonianza universale. Ada Grecchi torna alla scrittura con una prova che commuover\u00e0 gli anziani e colpir\u00e0 i giovani: non solo un libro di ricordi, tanto pi\u00f9 eloquenti quanto pi\u00f9 sinceri e diretti, ma soprattutto un grande atto di fiducia nella sua Milano e nella democrazia, alle quali tanto l\u2019autrice ha dato, con il lavoro, la partecipazione politica, le responsabilit\u00e0 pubbliche. E, adesso, con la memoria, capace di farsi anch\u2019essa impegno civile e lezione per i distratti. (Salvatore Carrubba)"}

Una bambina si affaccia alla vita in una Milano umiliata, dolente e ferita dal fascismo, dalla guerra e dalle bombe. Nel microcosmo del condominio popolare di via Mompiani si incrociano storie di dolore e speranza, umanità e atrocità, coraggio e tradimento: la vita com’è, colta alla prova di uno dei momenti più cupi. Ma le macerie, fisiche e morali, non travolgono Milano e Ada: la voglia di riscatto, l’ansia di futuro, la speranza nella democrazia imprimono una nuova svolta alla storia, anzi, alle tante storie che questo libro raccoglie, facendone fili di un ordito più ampio, che assume il valore di una testimonianza universale. Ada Grecchi torna alla scrittura con una prova che commuoverà gli anziani e colpirà i giovani: non solo un libro di ricordi, tanto più eloquenti quanto più sinceri e diretti, ma soprattutto un grande atto di fiducia nella sua Milano e nella democrazia, alle quali tanto l’autrice ha dato, con il lavoro, la partecipazione politica, le responsabilità pubbliche. E, adesso, con la memoria, capace di farsi anch’essa impegno civile e lezione per i distratti. (Salvatore Carrubba)
