{"id":99,"date":"2021-02-06T01:41:32","date_gmt":"2021-02-06T00:41:32","guid":{"rendered":"https:\/\/guerini.kiminet.it\/?page_id=99"},"modified":"2021-03-12T00:07:39","modified_gmt":"2021-03-11T23:07:39","slug":"guerini-e-associati","status":"publish","type":"page","link":"https:\/\/www.guerini.it\/index.php\/chi-siamo\/guerini-e-associati\/","title":{"rendered":"Guerini e Associati"},"content":{"rendered":"\n<p>La Casa Editrice Edizioni Angelo Guerini e Associati nasce nel 1987 grazie all\u2019impegno di un gruppo di professionisti con significative esperienze nel settore editoriale, con lo scopo di&nbsp;<strong>avvicinare la riflessione accademica ai grandi temi della contemporaneit\u00e0<\/strong>.<\/p>\n\n\n\n<p>L\u2019intuizione di base dell\u2019editore e dei soci fondatori si concretizza in una produzione editoriale innovativa. La Casa Editrice si presenta al mercato con una selezione di testi di&nbsp;<strong>filosofia e management<\/strong>, esplorando territori culturali al tempo considerati poco permeabili.<\/p>\n\n\n\n<p>Nel corso degli anni la Casa Editrice assume, attraverso le sue opere, quel profilo di originalit\u00e0 e indipendenza che continua a connotarla, ovvero la capacit\u00e0 di approcciare temi differenti e differenti realt\u00e0 culturali&nbsp;<strong>senza schemi ideologici precostituiti<\/strong>&nbsp;e&nbsp;<strong>in un\u2019ottica multidisciplinare<\/strong>.<\/p>\n","protected":false},"excerpt":{"rendered":"<p>La Casa Editrice Edizioni Angelo Guerini e Associati nasce nel 1987 grazie all\u2019impegno di un gruppo di professionisti con significative esperienze nel settore editoriale, con lo scopo di&nbsp;avvicinare la riflessione [&hellip;]<\/p>\n","protected":false},"author":1,"featured_media":0,"parent":97,"menu_order":0,"comment_status":"closed","ping_status":"closed","template":"","meta":{"_editorskit_title_hidden":false,"_editorskit_reading_time":1,"_editorskit_is_block_options_detached":false,"_editorskit_block_options_position":"{}","_monsterinsights_skip_tracking":false,"_monsterinsights_sitenote_active":false,"_monsterinsights_sitenote_note":"","_monsterinsights_sitenote_category":0,"footnotes":""},"class_list":["post-99","page","type-page","status-publish","hentry"],"yoast_head":"<!-- This site is optimized with the Yoast SEO plugin v25.4 - https:\/\/yoast.com\/wordpress\/plugins\/seo\/ -->\n<title>Guerini e Associati - Guerini e Associati<\/title>\n<meta name=\"robots\" content=\"index, follow, max-snippet:-1, max-image-preview:large, max-video-preview:-1\" \/>\n<link rel=\"canonical\" href=\"https:\/\/www.guerini.it\/index.php\/chi-siamo\/guerini-e-associati\/\" \/>\n<meta property=\"og:locale\" content=\"it_IT\" \/>\n<meta property=\"og:type\" content=\"article\" \/>\n<meta property=\"og:title\" content=\"Guerini e Associati - Guerini e Associati\" \/>\n<meta property=\"og:description\" content=\"La Casa Editrice Edizioni Angelo Guerini e Associati nasce nel 1987 grazie all\u2019impegno di un gruppo di professionisti con significative esperienze nel settore editoriale, con lo scopo di&nbsp;avvicinare la riflessione [&hellip;]\" \/>\n<meta property=\"og:url\" content=\"https:\/\/www.guerini.it\/index.php\/chi-siamo\/guerini-e-associati\/\" \/>\n<meta property=\"og:site_name\" content=\"Guerini e Associati\" \/>\n<meta property=\"article:modified_time\" content=\"2021-03-11T23:07:39+00:00\" \/>\n<meta name=\"twitter:card\" content=\"summary_large_image\" \/>\n<meta name=\"twitter:label1\" content=\"Tempo di lettura stimato\" \/>\n\t<meta name=\"twitter:data1\" content=\"1 minuto\" \/>\n<!-- \/ Yoast SEO plugin. -->","yoast_head_json":{"title":"Guerini e Associati - Guerini e Associati","robots":{"index":"index","follow":"follow","max-snippet":"max-snippet:-1","max-image-preview":"max-image-preview:large","max-video-preview":"max-video-preview:-1"},"canonical":"https:\/\/www.guerini.it\/index.php\/chi-siamo\/guerini-e-associati\/","og_locale":"it_IT","og_type":"article","og_title":"Guerini e Associati - Guerini e Associati","og_description":"La Casa Editrice Edizioni Angelo Guerini e Associati nasce nel 1987 grazie all\u2019impegno di un gruppo di professionisti con significative esperienze nel settore editoriale, con lo scopo di&nbsp;avvicinare la riflessione [&hellip;]","og_url":"https:\/\/www.guerini.it\/index.php\/chi-siamo\/guerini-e-associati\/","og_site_name":"Guerini e Associati","article_modified_time":"2021-03-11T23:07:39+00:00","twitter_card":"summary_large_image","twitter_misc":{"Tempo di lettura stimato":"1 minuto"},"schema":{"@context":"https:\/\/schema.org","@graph":[{"@type":"WebPage","@id":"https:\/\/www.guerini.it\/index.php\/chi-siamo\/guerini-e-associati\/","url":"https:\/\/www.guerini.it\/index.php\/chi-siamo\/guerini-e-associati\/","name":"Guerini e Associati - Guerini e Associati","isPartOf":{"@id":"https:\/\/www.guerini.it\/#website"},"datePublished":"2021-02-06T00:41:32+00:00","dateModified":"2021-03-11T23:07:39+00:00","breadcrumb":{"@id":"https:\/\/www.guerini.it\/index.php\/chi-siamo\/guerini-e-associati\/#breadcrumb"},"inLanguage":"it-IT","potentialAction":[{"@type":"ReadAction","target":["https:\/\/www.guerini.it\/index.php\/chi-siamo\/guerini-e-associati\/"]}]},{"@type":"BreadcrumbList","@id":"https:\/\/www.guerini.it\/index.php\/chi-siamo\/guerini-e-associati\/#breadcrumb","itemListElement":[{"@type":"ListItem","position":1,"name":"Home","item":"https:\/\/www.guerini.it\/"},{"@type":"ListItem","position":2,"name":"Chi siamo","item":"https:\/\/www.guerini.it\/index.php\/chi-siamo\/"},{"@type":"ListItem","position":3,"name":"Guerini e Associati"}]},{"@type":"WebSite","@id":"https:\/\/www.guerini.it\/#website","url":"https:\/\/www.guerini.it\/","name":"Guerini e Associati","description":"30 anni di libri, idee e libert\u00e0","publisher":{"@id":"https:\/\/www.guerini.it\/#organization"},"potentialAction":[{"@type":"SearchAction","target":{"@type":"EntryPoint","urlTemplate":"https:\/\/www.guerini.it\/?s={search_term_string}"},"query-input":{"@type":"PropertyValueSpecification","valueRequired":true,"valueName":"search_term_string"}}],"inLanguage":"it-IT"},{"@type":"Organization","@id":"https:\/\/www.guerini.it\/#organization","name":"Guerini e Associati","url":"https:\/\/www.guerini.it\/","logo":{"@type":"ImageObject","inLanguage":"it-IT","@id":"https:\/\/www.guerini.it\/#\/schema\/logo\/image\/","url":"https:\/\/www.guerini.it\/wp-content\/uploads\/2021\/03\/Logo-Guerini-OK_-e1615831292285.png","contentUrl":"https:\/\/www.guerini.it\/wp-content\/uploads\/2021\/03\/Logo-Guerini-OK_-e1615831292285.png","width":2805,"height":1870,"caption":"Guerini e Associati"},"image":{"@id":"https:\/\/www.guerini.it\/#\/schema\/logo\/image\/"}}]}},"_links":{"self":[{"href":"https:\/\/www.guerini.it\/index.php\/wp-json\/wp\/v2\/pages\/99","targetHints":{"allow":["GET"]}}],"collection":[{"href":"https:\/\/www.guerini.it\/index.php\/wp-json\/wp\/v2\/pages"}],"about":[{"href":"https:\/\/www.guerini.it\/index.php\/wp-json\/wp\/v2\/types\/page"}],"author":[{"embeddable":true,"href":"https:\/\/www.guerini.it\/index.php\/wp-json\/wp\/v2\/users\/1"}],"replies":[{"embeddable":true,"href":"https:\/\/www.guerini.it\/index.php\/wp-json\/wp\/v2\/comments?post=99"}],"version-history":[{"count":12,"href":"https:\/\/www.guerini.it\/index.php\/wp-json\/wp\/v2\/pages\/99\/revisions"}],"predecessor-version":[{"id":3336,"href":"https:\/\/www.guerini.it\/index.php\/wp-json\/wp\/v2\/pages\/99\/revisions\/3336"}],"up":[{"embeddable":true,"href":"https:\/\/www.guerini.it\/index.php\/wp-json\/wp\/v2\/pages\/97"}],"wp:attachment":[{"href":"https:\/\/www.guerini.it\/index.php\/wp-json\/wp\/v2\/media?parent=99"}],"curies":[{"name":"wp","href":"https:\/\/api.w.org\/{rel}","templated":true}]}}