{"id":12151,"date":"2012-05-24T12:59:23","date_gmt":"2012-05-24T10:59:23","guid":{"rendered":"https:\/\/test.guerini.it\/?product=solidarieta-fra-estranei"},"modified":"2024-06-12T14:39:28","modified_gmt":"2024-06-12T12:39:28","slug":"solidarieta-tra-estranei","status":"publish","type":"product","link":"https:\/\/www.guerini.it\/index.php\/prodotto\/solidarieta-tra-estranei\/","title":{"rendered":"Solidariet\u00e0 tra estranei"},"content":{"rendered":"<p style=\"text-align: justify;\">\u00abDi fronte alla variet\u00e0 degli interessi in contrasto e al pluralismo delle forme di vita &#8211; afferma Habermas &#8211; l&#8217;integrazione sociale non pu\u00f2 pi\u00f9 realizzarsi da sola, e comunque non abbastanza, sulla base dei processi informali d&#8217;intesa, in quanto viene a mancare lo sfondo di un comune mondo di vita. Le societ\u00e0 moderne devono integrarsi su un piano pi\u00f9 astratto\u00bb. Solo il diritto \u00e8 allora capace di salvaguardare la solidariet\u00e0 e di sviluppare la giustizia, ossia di realizzare una democrazia pluralistica che includa l&#8217;altro senza assimilarlo (anzi gli consenta di restare \u00abdiverso\u00bb).<br \/>\n\u00c8 questo uno degli argomenti (affrontati nella monumentale opera filosofico-giuridica <em>Fatti e norme<\/em>), che Habermas riprende e sviluppa brillantemente nei tre saggi qui raccolti, offrendo al tempo stesso una introduzione facile e concisa ai grandi temi della sua concezione della democrazia.<\/p>\n<hr \/>\n<p style=\"text-align: justify;\"><strong>J\u00fcrgen Habermas<\/strong> ( 1929) \u00e8 professore emerito all &#8216;Universit\u00e0 di Francoforte a.M. dove ha insegnato filosofia fino al 1995. Tra le sue opere in italiano: <em>Teoria dell&#8217;agire comunicativo<\/em> (1986), <em>Il discorso filosofico della modernit\u00e0<\/em> (1987), <em>Il pensiero post-metafisico<\/em> (1991), <em>Dopo l&#8217;utopia<\/em> (1992), <em>Morale, Diritto, Politica<\/em> (1992), <em>Testi filosofici e contesti storici<\/em> (1993), <em>Teoria della morale<\/em> (1994), <em>Falli e norme<\/em> (1996, in questa collana). L&#8217;edizione italiana di quest&#8217;opera \u00e8 un nuovo frutto della sua\u00a0 collaborazione con l&#8217;Istituto Italiano per gli studi Filosofici, che si onora di averlo tra i membri del Comitato scientifico.<\/p>\n","protected":false},"excerpt":{"rendered":"<p>Solo il diritto pu\u00f2 salvaguardare la solidariet\u00e0 tra i popoli e garantire la giustizia tra gli individui. In questo modo si potr\u00e0 realizzare una democrazia pluralistica che includa l\u2019altro senza assimilarlo, preservando, anzi, il suo essere \u00abdiverso\u00bb.<\/p>\n","protected":false},"featured_media":23338,"template":"","meta":{"_editorskit_title_hidden":false,"_editorskit_reading_time":0,"_editorskit_is_block_options_detached":false,"_editorskit_block_options_position":"{}","_monsterinsights_skip_tracking":false,"_monsterinsights_sitenote_active":false,"_monsterinsights_sitenote_note":"","_monsterinsights_sitenote_category":0},"product_brand":[],"product_cat":[6530],"product_tag":[],"class_list":{"0":"post-12151","1":"product","2":"type-product","3":"status-publish","4":"has-post-thumbnail","6":"product_cat-filosofia","7":"pa_country_of_manufacture-it","8":"pa_fulfillment-default","10":"first","11":"instock","12":"sale","13":"shipping-taxable","14":"purchasable","15":"product-type-simple"},"yoast_head":"<!-- This site is optimized with the Yoast SEO plugin v25.4 - https:\/\/yoast.com\/wordpress\/plugins\/seo\/ -->\n<title>Solidariet\u00e0 tra estranei - Guerini e Associati<\/title>\n<meta name=\"robots\" content=\"index, follow, max-snippet:-1, max-image-preview:large, max-video-preview:-1\" \/>\n<link rel=\"canonical\" href=\"https:\/\/www.guerini.it\/index.php\/prodotto\/solidarieta-tra-estranei\/\" \/>\n<meta property=\"og:locale\" content=\"it_IT\" \/>\n<meta property=\"og:type\" content=\"article\" \/>\n<meta property=\"og:title\" content=\"Solidariet\u00e0 tra estranei - Guerini e Associati\" \/>\n<meta property=\"og:description\" content=\"Solo il diritto pu\u00f2 salvaguardare la solidariet\u00e0 tra i popoli e garantire la giustizia tra gli individui. In questo modo si potr\u00e0 realizzare una democrazia pluralistica che includa l\u2019altro senza assimilarlo, preservando, anzi, il suo essere \u00abdiverso\u00bb.\" \/>\n<meta property=\"og:url\" content=\"https:\/\/www.guerini.it\/index.php\/prodotto\/solidarieta-tra-estranei\/\" \/>\n<meta property=\"og:site_name\" content=\"Guerini e Associati\" \/>\n<meta property=\"article:modified_time\" content=\"2024-06-12T12:39:28+00:00\" \/>\n<meta property=\"og:image\" content=\"https:\/\/www.guerini.it\/wp-content\/uploads\/2012\/05\/Solidarieta-tra-estranei.webp\" \/>\n\t<meta property=\"og:image:width\" content=\"225\" \/>\n\t<meta property=\"og:image:height\" content=\"340\" \/>\n\t<meta property=\"og:image:type\" content=\"image\/webp\" \/>\n<meta name=\"twitter:card\" content=\"summary_large_image\" \/>\n<meta name=\"twitter:label1\" content=\"Tempo di lettura stimato\" \/>\n\t<meta name=\"twitter:data1\" content=\"2 minuti\" \/>\n<!-- \/ Yoast SEO plugin. -->","yoast_head_json":{"title":"Solidariet\u00e0 tra estranei - Guerini e Associati","robots":{"index":"index","follow":"follow","max-snippet":"max-snippet:-1","max-image-preview":"max-image-preview:large","max-video-preview":"max-video-preview:-1"},"canonical":"https:\/\/www.guerini.it\/index.php\/prodotto\/solidarieta-tra-estranei\/","og_locale":"it_IT","og_type":"article","og_title":"Solidariet\u00e0 tra estranei - Guerini e Associati","og_description":"Solo il diritto pu\u00f2 salvaguardare la solidariet\u00e0 tra i popoli e garantire la giustizia tra gli individui. In questo modo si potr\u00e0 realizzare una democrazia pluralistica che includa l\u2019altro senza assimilarlo, preservando, anzi, il suo essere \u00abdiverso\u00bb.","og_url":"https:\/\/www.guerini.it\/index.php\/prodotto\/solidarieta-tra-estranei\/","og_site_name":"Guerini e Associati","article_modified_time":"2024-06-12T12:39:28+00:00","og_image":[{"width":225,"height":340,"url":"https:\/\/www.guerini.it\/wp-content\/uploads\/2012\/05\/Solidarieta-tra-estranei.webp","type":"image\/webp"}],"twitter_card":"summary_large_image","twitter_misc":{"Tempo di lettura stimato":"2 minuti"},"schema":{"@context":"https:\/\/schema.org","@graph":[{"@type":"WebPage","@id":"https:\/\/www.guerini.it\/index.php\/prodotto\/solidarieta-tra-estranei\/","url":"https:\/\/www.guerini.it\/index.php\/prodotto\/solidarieta-tra-estranei\/","name":"Solidariet\u00e0 tra estranei - Guerini e Associati","isPartOf":{"@id":"https:\/\/www.guerini.it\/#website"},"primaryImageOfPage":{"@id":"https:\/\/www.guerini.it\/index.php\/prodotto\/solidarieta-tra-estranei\/#primaryimage"},"image":{"@id":"https:\/\/www.guerini.it\/index.php\/prodotto\/solidarieta-tra-estranei\/#primaryimage"},"thumbnailUrl":"https:\/\/www.guerini.it\/wp-content\/uploads\/2012\/05\/Solidarieta-tra-estranei.webp","datePublished":"2012-05-24T10:59:23+00:00","dateModified":"2024-06-12T12:39:28+00:00","breadcrumb":{"@id":"https:\/\/www.guerini.it\/index.php\/prodotto\/solidarieta-tra-estranei\/#breadcrumb"},"inLanguage":"it-IT","potentialAction":[{"@type":"ReadAction","target":["https:\/\/www.guerini.it\/index.php\/prodotto\/solidarieta-tra-estranei\/"]}]},{"@type":"ImageObject","inLanguage":"it-IT","@id":"https:\/\/www.guerini.it\/index.php\/prodotto\/solidarieta-tra-estranei\/#primaryimage","url":"https:\/\/www.guerini.it\/wp-content\/uploads\/2012\/05\/Solidarieta-tra-estranei.webp","contentUrl":"https:\/\/www.guerini.it\/wp-content\/uploads\/2012\/05\/Solidarieta-tra-estranei.webp","width":225,"height":340,"caption":"Habermas, Solidariet\u00e0 tra estranei, Guerini e Associati, Saggi studi filosofici"},{"@type":"BreadcrumbList","@id":"https:\/\/www.guerini.it\/index.php\/prodotto\/solidarieta-tra-estranei\/#breadcrumb","itemListElement":[{"@type":"ListItem","position":1,"name":"Home","item":"https:\/\/www.guerini.it\/"},{"@type":"ListItem","position":2,"name":"Catalogo","item":"https:\/\/www.guerini.it\/index.php\/negozio\/"},{"@type":"ListItem","position":3,"name":"Solidariet\u00e0 tra estranei"}]},{"@type":"WebSite","@id":"https:\/\/www.guerini.it\/#website","url":"https:\/\/www.guerini.it\/","name":"Guerini e Associati","description":"30 anni di libri, idee e libert\u00e0","publisher":{"@id":"https:\/\/www.guerini.it\/#organization"},"potentialAction":[{"@type":"SearchAction","target":{"@type":"EntryPoint","urlTemplate":"https:\/\/www.guerini.it\/?s={search_term_string}"},"query-input":{"@type":"PropertyValueSpecification","valueRequired":true,"valueName":"search_term_string"}}],"inLanguage":"it-IT"},{"@type":"Organization","@id":"https:\/\/www.guerini.it\/#organization","name":"Guerini e Associati","url":"https:\/\/www.guerini.it\/","logo":{"@type":"ImageObject","inLanguage":"it-IT","@id":"https:\/\/www.guerini.it\/#\/schema\/logo\/image\/","url":"https:\/\/www.guerini.it\/wp-content\/uploads\/2021\/03\/Logo-Guerini-OK_-e1615831292285.png","contentUrl":"https:\/\/www.guerini.it\/wp-content\/uploads\/2021\/03\/Logo-Guerini-OK_-e1615831292285.png","width":2805,"height":1870,"caption":"Guerini e Associati"},"image":{"@id":"https:\/\/www.guerini.it\/#\/schema\/logo\/image\/"}}]}},"_links":{"self":[{"href":"https:\/\/www.guerini.it\/index.php\/wp-json\/wp\/v2\/product\/12151","targetHints":{"allow":["GET"]}}],"collection":[{"href":"https:\/\/www.guerini.it\/index.php\/wp-json\/wp\/v2\/product"}],"about":[{"href":"https:\/\/www.guerini.it\/index.php\/wp-json\/wp\/v2\/types\/product"}],"wp:featuredmedia":[{"embeddable":true,"href":"https:\/\/www.guerini.it\/index.php\/wp-json\/wp\/v2\/media\/23338"}],"wp:attachment":[{"href":"https:\/\/www.guerini.it\/index.php\/wp-json\/wp\/v2\/media?parent=12151"}],"wp:term":[{"taxonomy":"product_brand","embeddable":true,"href":"https:\/\/www.guerini.it\/index.php\/wp-json\/wp\/v2\/product_brand?post=12151"},{"taxonomy":"product_cat","embeddable":true,"href":"https:\/\/www.guerini.it\/index.php\/wp-json\/wp\/v2\/product_cat?post=12151"},{"taxonomy":"product_tag","embeddable":true,"href":"https:\/\/www.guerini.it\/index.php\/wp-json\/wp\/v2\/product_tag?post=12151"}],"curies":[{"name":"wp","href":"https:\/\/api.w.org\/{rel}","templated":true}]}}

Solidarietà tra estranei

<p style="text-align: justify;">«Di fronte alla varietà degli interessi in contrasto e al pluralismo delle forme di vita &#8211; afferma Habermas &#8211; l&#8217;integrazione sociale non può più realizzarsi da sola, e comunque non abbastanza, sulla base dei processi informali d&#8217;intesa, in quanto viene a mancare lo sfondo di un comune mondo di vita. Le società moderne devono integrarsi su un piano più astratto». Solo il diritto è allora capace di salvaguardare la solidarietà e di sviluppare la giustizia, ossia di realizzare una democrazia pluralistica che includa l&#8217;altro senza assimilarlo (anzi gli consenta di restare «diverso»).<br />
È questo uno degli argomenti (affrontati nella monumentale opera filosofico-giuridica <em>Fatti e norme</em>), che Habermas riprende e sviluppa brillantemente nei tre saggi qui raccolti, offrendo al tempo stesso una introduzione facile e concisa ai grandi temi della sua concezione della democrazia.</p>
<hr />
<p style="text-align: justify;"><strong>Jürgen Habermas</strong> ( 1929) è professore emerito all &#8216;Università di Francoforte a.M. dove ha insegnato filosofia fino al 1995. Tra le sue opere in italiano: <em>Teoria dell&#8217;agire comunicativo</em> (1986), <em>Il discorso filosofico della modernità</em> (1987), <em>Il pensiero post-metafisico</em> (1991), <em>Dopo l&#8217;utopia</em> (1992), <em>Morale, Diritto, Politica</em> (1992), <em>Testi filosofici e contesti storici</em> (1993), <em>Teoria della morale</em> (1994), <em>Falli e norme</em> (1996, in questa collana). L&#8217;edizione italiana di quest&#8217;opera è un nuovo frutto della sua  collaborazione con l&#8217;Istituto Italiano per gli studi Filosofici, che si onora di averlo tra i membri del Comitato scientifico.</p>

<p>Solo il diritto può salvaguardare la solidarietà tra i popoli e garantire la giustizia tra gli individui. In questo modo si potrà realizzare una democrazia pluralistica che includa l’altro senza assimilarlo, preservando, anzi, il suo essere «diverso».</p>

<!-- This site is optimized with the Yoast SEO plugin v25.4 - https://yoast.com/wordpress/plugins/seo/ -->
<title>Solidarietà tra estranei - Guerini e Associati</title>
<meta name="robots" content="index, follow, max-snippet:-1, max-image-preview:large, max-video-preview:-1" />
<link rel="canonical" href="https://www.guerini.it/index.php/prodotto/solidarieta-tra-estranei/" />
<meta property="og:locale" content="it_IT" />
<meta property="og:type" content="article" />
<meta property="og:title" content="Solidarietà tra estranei - Guerini e Associati" />
<meta property="og:description" content="Solo il diritto può salvaguardare la solidarietà tra i popoli e garantire la giustizia tra gli individui. In questo modo si potrà realizzare una democrazia pluralistica che includa l’altro senza assimilarlo, preservando, anzi, il suo essere «diverso»." />
<meta property="og:url" content="https://www.guerini.it/index.php/prodotto/solidarieta-tra-estranei/" />
<meta property="og:site_name" content="Guerini e Associati" />
<meta property="article:modified_time" content="2024-06-12T12:39:28+00:00" />
<meta property="og:image" content="https://www.guerini.it/wp-content/uploads/2012/05/Solidarieta-tra-estranei.webp" />
	<meta property="og:image:width" content="225" />
	<meta property="og:image:height" content="340" />
	<meta property="og:image:type" content="image/webp" />
<meta name="twitter:card" content="summary_large_image" />
<meta name="twitter:label1" content="Tempo di lettura stimato" />
	<meta name="twitter:data1" content="2 minuti" />
<!-- / Yoast SEO plugin. -->

Solidarietà tra estranei - Guerini e Associati

Solo il diritto può salvaguardare la solidarietà tra i popoli e garantire la giustizia tra gli individui. In questo modo si potrà realizzare una democrazia pluralistica che includa l’altro senza assimilarlo, preservando, anzi, il suo essere «diverso».

Habermas, Solidarietà tra estranei, Guerini e Associati, Saggi studi filosofici

30 anni di libri, idee e libertà
