{"id":12161,"date":"2012-05-24T12:59:23","date_gmt":"2012-05-24T10:59:23","guid":{"rendered":"https:\/\/test.guerini.it\/?product=il-direttore-generale-e-la-qualita"},"modified":"2024-06-12T14:34:46","modified_gmt":"2024-06-12T12:34:46","slug":"il-direttore-generale-e-la-qualita","status":"publish","type":"product","link":"https:\/\/www.guerini.it\/index.php\/prodotto\/il-direttore-generale-e-la-qualita\/","title":{"rendered":"Il direttore generale e la qualit\u00e0"},"content":{"rendered":"<p>Alla Toyota, quando un collaboratore commette un errore, il suo capo chiede scusa a nome della Direzione. Tutto questo spesso sorprende i dirigenti italiani, ma, salvo casi particolari, l\u2019errore \u00e8 da addebitarsi al funzionamento del sistema e quindi al Direttore Generale, massimo responsabile della qualit\u00e0 delle attivit\u00e0 gestionali dell\u2019azienda. Galgano spiega al top management del nostro Paese come fare della Qualit\u00e0 uno dei principali fattori di successo della propria organizzazione.<\/p>\n","protected":false},"excerpt":{"rendered":"<p>Alla Toyota, quando un collaboratore commette un errore, il suo capo chiede scusa a nome della Direzione. Tutto questo spesso sorprende i dirigenti italiani, ma, salvo casi particolari, l\u2019errore \u00e8 da addebitarsi al funzionamento del sistema e quindi al Direttore Generale, massimo responsabile della qualit\u00e0 delle attivit\u00e0 gestionali dell\u2019azienda. Galgano spiega al top management del nostro Paese come fare della Qualit\u00e0 uno dei principali fattori di successo della propria organizzazione.<\/p>\n","protected":false},"featured_media":12160,"template":"","meta":{"_editorskit_title_hidden":false,"_editorskit_reading_time":0,"_editorskit_is_block_options_detached":false,"_editorskit_block_options_position":"{}","_monsterinsights_skip_tracking":false,"_monsterinsights_sitenote_active":false,"_monsterinsights_sitenote_note":"","_monsterinsights_sitenote_category":0},"product_brand":[],"product_cat":[6547,6532],"product_tag":[],"class_list":{"0":"post-12161","1":"product","2":"type-product","3":"status-publish","4":"has-post-thumbnail","6":"product_cat-sga","7":"product_cat-lean-production","8":"pa_country_of_manufacture-it","10":"first","11":"instock","12":"sale","13":"shipping-taxable","14":"purchasable","15":"product-type-simple"},"yoast_head":"<!-- This site is optimized with the Yoast SEO plugin v25.4 - https:\/\/yoast.com\/wordpress\/plugins\/seo\/ -->\n<title>Il direttore generale e la qualit\u00e0 - Guerini e Associati<\/title>\n<meta name=\"robots\" content=\"index, follow, max-snippet:-1, max-image-preview:large, max-video-preview:-1\" \/>\n<link rel=\"canonical\" href=\"https:\/\/www.guerini.it\/index.php\/prodotto\/il-direttore-generale-e-la-qualita\/\" \/>\n<meta property=\"og:locale\" content=\"it_IT\" \/>\n<meta property=\"og:type\" content=\"article\" \/>\n<meta property=\"og:title\" content=\"Il direttore generale e la qualit\u00e0 - Guerini e Associati\" \/>\n<meta property=\"og:description\" content=\"Alla Toyota, quando un collaboratore commette un errore, il suo capo chiede scusa a nome della Direzione. Tutto questo spesso sorprende i dirigenti italiani, ma, salvo casi particolari, l\u2019errore \u00e8 da addebitarsi al funzionamento del sistema e quindi al Direttore Generale, massimo responsabile della qualit\u00e0 delle attivit\u00e0 gestionali dell\u2019azienda. Galgano spiega al top management del nostro Paese come fare della Qualit\u00e0 uno dei principali fattori di successo della propria organizzazione.\" \/>\n<meta property=\"og:url\" content=\"https:\/\/www.guerini.it\/index.php\/prodotto\/il-direttore-generale-e-la-qualita\/\" \/>\n<meta property=\"og:site_name\" content=\"Guerini e Associati\" \/>\n<meta property=\"article:modified_time\" content=\"2024-06-12T12:34:46+00:00\" \/>\n<meta property=\"og:image\" content=\"https:\/\/www.guerini.it\/wp-content\/uploads\/2012\/05\/978-88-8335-940-8.jpg\" \/>\n\t<meta property=\"og:image:width\" content=\"127\" \/>\n\t<meta property=\"og:image:height\" content=\"188\" \/>\n\t<meta property=\"og:image:type\" content=\"image\/jpeg\" \/>\n<meta name=\"twitter:card\" content=\"summary_large_image\" \/>\n<!-- \/ Yoast SEO plugin. -->","yoast_head_json":{"title":"Il direttore generale e la qualit\u00e0 - Guerini e Associati","robots":{"index":"index","follow":"follow","max-snippet":"max-snippet:-1","max-image-preview":"max-image-preview:large","max-video-preview":"max-video-preview:-1"},"canonical":"https:\/\/www.guerini.it\/index.php\/prodotto\/il-direttore-generale-e-la-qualita\/","og_locale":"it_IT","og_type":"article","og_title":"Il direttore generale e la qualit\u00e0 - Guerini e Associati","og_description":"Alla Toyota, quando un collaboratore commette un errore, il suo capo chiede scusa a nome della Direzione. Tutto questo spesso sorprende i dirigenti italiani, ma, salvo casi particolari, l\u2019errore \u00e8 da addebitarsi al funzionamento del sistema e quindi al Direttore Generale, massimo responsabile della qualit\u00e0 delle attivit\u00e0 gestionali dell\u2019azienda. Galgano spiega al top management del nostro Paese come fare della Qualit\u00e0 uno dei principali fattori di successo della propria organizzazione.","og_url":"https:\/\/www.guerini.it\/index.php\/prodotto\/il-direttore-generale-e-la-qualita\/","og_site_name":"Guerini e Associati","article_modified_time":"2024-06-12T12:34:46+00:00","og_image":[{"width":127,"height":188,"url":"https:\/\/www.guerini.it\/wp-content\/uploads\/2012\/05\/978-88-8335-940-8.jpg","type":"image\/jpeg"}],"twitter_card":"summary_large_image","schema":{"@context":"https:\/\/schema.org","@graph":[{"@type":"WebPage","@id":"https:\/\/www.guerini.it\/index.php\/prodotto\/il-direttore-generale-e-la-qualita\/","url":"https:\/\/www.guerini.it\/index.php\/prodotto\/il-direttore-generale-e-la-qualita\/","name":"Il direttore generale e la qualit\u00e0 - Guerini e Associati","isPartOf":{"@id":"https:\/\/www.guerini.it\/#website"},"primaryImageOfPage":{"@id":"https:\/\/www.guerini.it\/index.php\/prodotto\/il-direttore-generale-e-la-qualita\/#primaryimage"},"image":{"@id":"https:\/\/www.guerini.it\/index.php\/prodotto\/il-direttore-generale-e-la-qualita\/#primaryimage"},"thumbnailUrl":"https:\/\/www.guerini.it\/wp-content\/uploads\/2012\/05\/978-88-8335-940-8.jpg","datePublished":"2012-05-24T10:59:23+00:00","dateModified":"2024-06-12T12:34:46+00:00","breadcrumb":{"@id":"https:\/\/www.guerini.it\/index.php\/prodotto\/il-direttore-generale-e-la-qualita\/#breadcrumb"},"inLanguage":"it-IT","potentialAction":[{"@type":"ReadAction","target":["https:\/\/www.guerini.it\/index.php\/prodotto\/il-direttore-generale-e-la-qualita\/"]}]},{"@type":"ImageObject","inLanguage":"it-IT","@id":"https:\/\/www.guerini.it\/index.php\/prodotto\/il-direttore-generale-e-la-qualita\/#primaryimage","url":"https:\/\/www.guerini.it\/wp-content\/uploads\/2012\/05\/978-88-8335-940-8.jpg","contentUrl":"https:\/\/www.guerini.it\/wp-content\/uploads\/2012\/05\/978-88-8335-940-8.jpg","width":127,"height":188,"caption":"Il direttore generale e la qualit\u00e0"},{"@type":"BreadcrumbList","@id":"https:\/\/www.guerini.it\/index.php\/prodotto\/il-direttore-generale-e-la-qualita\/#breadcrumb","itemListElement":[{"@type":"ListItem","position":1,"name":"Home","item":"https:\/\/www.guerini.it\/"},{"@type":"ListItem","position":2,"name":"Catalogo","item":"https:\/\/www.guerini.it\/index.php\/negozio\/"},{"@type":"ListItem","position":3,"name":"Il direttore generale e la qualit\u00e0"}]},{"@type":"WebSite","@id":"https:\/\/www.guerini.it\/#website","url":"https:\/\/www.guerini.it\/","name":"Guerini e Associati","description":"30 anni di libri, idee e libert\u00e0","publisher":{"@id":"https:\/\/www.guerini.it\/#organization"},"potentialAction":[{"@type":"SearchAction","target":{"@type":"EntryPoint","urlTemplate":"https:\/\/www.guerini.it\/?s={search_term_string}"},"query-input":{"@type":"PropertyValueSpecification","valueRequired":true,"valueName":"search_term_string"}}],"inLanguage":"it-IT"},{"@type":"Organization","@id":"https:\/\/www.guerini.it\/#organization","name":"Guerini e Associati","url":"https:\/\/www.guerini.it\/","logo":{"@type":"ImageObject","inLanguage":"it-IT","@id":"https:\/\/www.guerini.it\/#\/schema\/logo\/image\/","url":"https:\/\/www.guerini.it\/wp-content\/uploads\/2021\/03\/Logo-Guerini-OK_-e1615831292285.png","contentUrl":"https:\/\/www.guerini.it\/wp-content\/uploads\/2021\/03\/Logo-Guerini-OK_-e1615831292285.png","width":2805,"height":1870,"caption":"Guerini e Associati"},"image":{"@id":"https:\/\/www.guerini.it\/#\/schema\/logo\/image\/"}}]}},"_links":{"self":[{"href":"https:\/\/www.guerini.it\/index.php\/wp-json\/wp\/v2\/product\/12161","targetHints":{"allow":["GET"]}}],"collection":[{"href":"https:\/\/www.guerini.it\/index.php\/wp-json\/wp\/v2\/product"}],"about":[{"href":"https:\/\/www.guerini.it\/index.php\/wp-json\/wp\/v2\/types\/product"}],"wp:featuredmedia":[{"embeddable":true,"href":"https:\/\/www.guerini.it\/index.php\/wp-json\/wp\/v2\/media\/12160"}],"wp:attachment":[{"href":"https:\/\/www.guerini.it\/index.php\/wp-json\/wp\/v2\/media?parent=12161"}],"wp:term":[{"taxonomy":"product_brand","embeddable":true,"href":"https:\/\/www.guerini.it\/index.php\/wp-json\/wp\/v2\/product_brand?post=12161"},{"taxonomy":"product_cat","embeddable":true,"href":"https:\/\/www.guerini.it\/index.php\/wp-json\/wp\/v2\/product_cat?post=12161"},{"taxonomy":"product_tag","embeddable":true,"href":"https:\/\/www.guerini.it\/index.php\/wp-json\/wp\/v2\/product_tag?post=12161"}],"curies":[{"name":"wp","href":"https:\/\/api.w.org\/{rel}","templated":true}]}}

Il direttore generale e la qualità

<p>Alla Toyota, quando un collaboratore commette un errore, il suo capo chiede scusa a nome della Direzione. Tutto questo spesso sorprende i dirigenti italiani, ma, salvo casi particolari, l’errore è da addebitarsi al funzionamento del sistema e quindi al Direttore Generale, massimo responsabile della qualità delle attività gestionali dell’azienda. Galgano spiega al top management del nostro Paese come fare della Qualità uno dei principali fattori di successo della propria organizzazione.</p>

<!-- This site is optimized with the Yoast SEO plugin v25.4 - https://yoast.com/wordpress/plugins/seo/ -->
<title>Il direttore generale e la qualità - Guerini e Associati</title>
<meta name="robots" content="index, follow, max-snippet:-1, max-image-preview:large, max-video-preview:-1" />
<link rel="canonical" href="https://www.guerini.it/index.php/prodotto/il-direttore-generale-e-la-qualita/" />
<meta property="og:locale" content="it_IT" />
<meta property="og:type" content="article" />
<meta property="og:title" content="Il direttore generale e la qualità - Guerini e Associati" />
<meta property="og:description" content="Alla Toyota, quando un collaboratore commette un errore, il suo capo chiede scusa a nome della Direzione. Tutto questo spesso sorprende i dirigenti italiani, ma, salvo casi particolari, l’errore è da addebitarsi al funzionamento del sistema e quindi al Direttore Generale, massimo responsabile della qualità delle attività gestionali dell’azienda. Galgano spiega al top management del nostro Paese come fare della Qualità uno dei principali fattori di successo della propria organizzazione." />
<meta property="og:url" content="https://www.guerini.it/index.php/prodotto/il-direttore-generale-e-la-qualita/" />
<meta property="og:site_name" content="Guerini e Associati" />
<meta property="article:modified_time" content="2024-06-12T12:34:46+00:00" />
<meta property="og:image" content="https://www.guerini.it/wp-content/uploads/2012/05/978-88-8335-940-8.jpg" />
	<meta property="og:image:width" content="127" />
	<meta property="og:image:height" content="188" />
	<meta property="og:image:type" content="image/jpeg" />
<meta name="twitter:card" content="summary_large_image" />
<!-- / Yoast SEO plugin. -->

Il direttore generale e la qualità - Guerini e Associati

Alla Toyota, quando un collaboratore commette un errore, il suo capo chiede scusa a nome della Direzione. Tutto questo spesso sorprende i dirigenti italiani, ma, salvo casi particolari, l’errore è da addebitarsi al funzionamento del sistema e quindi al Direttore Generale, massimo responsabile della qualità delle attività gestionali dell’azienda. Galgano spiega al top management del nostro Paese come fare della Qualità uno dei principali fattori di successo della propria organizzazione.

30 anni di libri, idee e libertà
