{"id":12349,"date":"2012-05-24T12:59:24","date_gmt":"2012-05-24T10:59:24","guid":{"rendered":"https:\/\/test.guerini.it\/?product=armonia-del-ventesimo-secolo"},"modified":"2024-11-20T12:43:02","modified_gmt":"2024-11-20T11:43:02","slug":"armonia-del-ventesimo-secolo","status":"publish","type":"product","link":"https:\/\/www.guerini.it\/index.php\/prodotto\/armonia-del-ventesimo-secolo\/","title":{"rendered":"Armonia del ventesimo secolo"},"content":{"rendered":"<p style=\"text-align: justify;\"><em>Armonia del ventesimo secolo<\/em> \u00e8 la prima importante opera nella quale vengono esaminati e presentati nella loro totalit\u00e0 i processi armonici caratteristici della musica della prima met\u00e0 del Novecento.<br \/>\nPersichetti \u2013 pianista e direttore d\u2019orchestra, presidente della facolt\u00e0 di composizione della Juilliard School of Music di New York e considerato uno dei pi\u00f9 eminenti compositori statunitensi \u2013 estrae dalla sua vasta esperienza di autore ed esecutore le esemplificazioni pi\u00f9 significative delle innovazioni apportate all\u2019armonia musicale dai compositori del ventesimo secolo. Con immediatezza e semplicit\u00e0 spiega la natura degli intervalli in vari contesti, descrive la formazione e l\u2019impiego degli accordi per terze, per quarte e per seconde, degli accordi con note aggiunte e dei poliaccordi, considera i diversi tipi di movimenti armonici, di ritmi armonici, delle dinamiche e degli ornamenti, approfondendo la sua indagine a livello della tonalit\u00e0, della politonalit\u00e0, della atonalit\u00e0 e della composizione seriale.<br \/>\nLo stile di Persichetti riflette l\u2019approccio vivo e creativo del compositore alla sua materia, la sua fiducia nell\u2019innata vitalit\u00e0 delle note e nelle loro qualit\u00e0 dinamiche, timbriche e cinetiche. Fiducia nella musica testimoniata anche dalle oltre centocinquanta opere prodotte nel corso della sua attivit\u00e0 (fino alla morte avvenuta nel 1987), eseguite con successo in tutto il mondo.<\/p>\n","protected":false},"excerpt":{"rendered":"<p><em>Descrizione non disponibile<\/em><\/p>\n","protected":false},"featured_media":25201,"template":"","meta":{"_editorskit_title_hidden":false,"_editorskit_reading_time":0,"_editorskit_is_block_options_detached":false,"_editorskit_block_options_position":"{}","_monsterinsights_skip_tracking":false,"_monsterinsights_sitenote_active":false,"_monsterinsights_sitenote_note":"","_monsterinsights_sitenote_category":0},"product_brand":[],"product_cat":[6535],"product_tag":[],"class_list":{"0":"post-12349","1":"product","2":"type-product","3":"status-publish","4":"has-post-thumbnail","6":"product_cat-musica","7":"pa_country_of_manufacture-it","9":"first","10":"outofstock","11":"sale","12":"shipping-taxable","13":"purchasable","14":"product-type-simple"},"yoast_head":"<!-- This site is optimized with the Yoast SEO plugin v25.4 - https:\/\/yoast.com\/wordpress\/plugins\/seo\/ -->\n<title>Armonia del ventesimo secolo - Guerini e Associati<\/title>\n<meta name=\"description\" content=\"La prima importante opera nella quale vengono esaminati e presentati i processi armonici caratteristici della musica della prima met\u00e0 del Novecento.\" \/>\n<meta name=\"robots\" content=\"index, follow, max-snippet:-1, max-image-preview:large, max-video-preview:-1\" \/>\n<link rel=\"canonical\" href=\"https:\/\/www.guerini.it\/index.php\/prodotto\/armonia-del-ventesimo-secolo\/\" \/>\n<meta property=\"og:locale\" content=\"it_IT\" \/>\n<meta property=\"og:type\" content=\"article\" \/>\n<meta property=\"og:title\" content=\"Armonia del ventesimo secolo - Guerini e Associati\" \/>\n<meta property=\"og:description\" content=\"La prima importante opera nella quale vengono esaminati e presentati i processi armonici caratteristici della musica della prima met\u00e0 del Novecento.\" \/>\n<meta property=\"og:url\" content=\"https:\/\/www.guerini.it\/index.php\/prodotto\/armonia-del-ventesimo-secolo\/\" \/>\n<meta property=\"og:site_name\" content=\"Guerini e Associati\" \/>\n<meta property=\"article:modified_time\" content=\"2024-11-20T11:43:02+00:00\" \/>\n<meta property=\"og:image\" content=\"https:\/\/www.guerini.it\/wp-content\/uploads\/2012\/05\/Armonia-XX-secolo_COP-ritagliato.webp\" \/>\n\t<meta property=\"og:image:width\" content=\"1338\" \/>\n\t<meta property=\"og:image:height\" content=\"1906\" \/>\n\t<meta property=\"og:image:type\" content=\"image\/webp\" \/>\n<meta name=\"twitter:card\" content=\"summary_large_image\" \/>\n<meta name=\"twitter:label1\" content=\"Tempo di lettura stimato\" \/>\n\t<meta name=\"twitter:data1\" content=\"2 minuti\" \/>\n<!-- \/ Yoast SEO plugin. -->","yoast_head_json":{"title":"Armonia del ventesimo secolo - Guerini e Associati","description":"La prima importante opera nella quale vengono esaminati e presentati i processi armonici caratteristici della musica della prima met\u00e0 del Novecento.","robots":{"index":"index","follow":"follow","max-snippet":"max-snippet:-1","max-image-preview":"max-image-preview:large","max-video-preview":"max-video-preview:-1"},"canonical":"https:\/\/www.guerini.it\/index.php\/prodotto\/armonia-del-ventesimo-secolo\/","og_locale":"it_IT","og_type":"article","og_title":"Armonia del ventesimo secolo - Guerini e Associati","og_description":"La prima importante opera nella quale vengono esaminati e presentati i processi armonici caratteristici della musica della prima met\u00e0 del Novecento.","og_url":"https:\/\/www.guerini.it\/index.php\/prodotto\/armonia-del-ventesimo-secolo\/","og_site_name":"Guerini e Associati","article_modified_time":"2024-11-20T11:43:02+00:00","og_image":[{"width":1338,"height":1906,"url":"https:\/\/www.guerini.it\/wp-content\/uploads\/2012\/05\/Armonia-XX-secolo_COP-ritagliato.webp","type":"image\/webp"}],"twitter_card":"summary_large_image","twitter_misc":{"Tempo di lettura stimato":"2 minuti"},"schema":{"@context":"https:\/\/schema.org","@graph":[{"@type":"WebPage","@id":"https:\/\/www.guerini.it\/index.php\/prodotto\/armonia-del-ventesimo-secolo\/","url":"https:\/\/www.guerini.it\/index.php\/prodotto\/armonia-del-ventesimo-secolo\/","name":"Armonia del ventesimo secolo - Guerini e Associati","isPartOf":{"@id":"https:\/\/www.guerini.it\/#website"},"primaryImageOfPage":{"@id":"https:\/\/www.guerini.it\/index.php\/prodotto\/armonia-del-ventesimo-secolo\/#primaryimage"},"image":{"@id":"https:\/\/www.guerini.it\/index.php\/prodotto\/armonia-del-ventesimo-secolo\/#primaryimage"},"thumbnailUrl":"https:\/\/www.guerini.it\/wp-content\/uploads\/2012\/05\/Armonia-XX-secolo_COP-ritagliato.webp","datePublished":"2012-05-24T10:59:24+00:00","dateModified":"2024-11-20T11:43:02+00:00","description":"La prima importante opera nella quale vengono esaminati e presentati i processi armonici caratteristici della musica della prima met\u00e0 del Novecento.","breadcrumb":{"@id":"https:\/\/www.guerini.it\/index.php\/prodotto\/armonia-del-ventesimo-secolo\/#breadcrumb"},"inLanguage":"it-IT","potentialAction":[{"@type":"ReadAction","target":["https:\/\/www.guerini.it\/index.php\/prodotto\/armonia-del-ventesimo-secolo\/"]}]},{"@type":"ImageObject","inLanguage":"it-IT","@id":"https:\/\/www.guerini.it\/index.php\/prodotto\/armonia-del-ventesimo-secolo\/#primaryimage","url":"https:\/\/www.guerini.it\/wp-content\/uploads\/2012\/05\/Armonia-XX-secolo_COP-ritagliato.webp","contentUrl":"https:\/\/www.guerini.it\/wp-content\/uploads\/2012\/05\/Armonia-XX-secolo_COP-ritagliato.webp","width":1338,"height":1906,"caption":"Front Cover di V. Persichetti, Armonia del XX secolo, Guerini Scientifica, 2009"},{"@type":"BreadcrumbList","@id":"https:\/\/www.guerini.it\/index.php\/prodotto\/armonia-del-ventesimo-secolo\/#breadcrumb","itemListElement":[{"@type":"ListItem","position":1,"name":"Home","item":"https:\/\/www.guerini.it\/"},{"@type":"ListItem","position":2,"name":"Catalogo","item":"https:\/\/www.guerini.it\/index.php\/negozio\/"},{"@type":"ListItem","position":3,"name":"Armonia del ventesimo secolo"}]},{"@type":"WebSite","@id":"https:\/\/www.guerini.it\/#website","url":"https:\/\/www.guerini.it\/","name":"Guerini e Associati","description":"30 anni di libri, idee e libert\u00e0","publisher":{"@id":"https:\/\/www.guerini.it\/#organization"},"potentialAction":[{"@type":"SearchAction","target":{"@type":"EntryPoint","urlTemplate":"https:\/\/www.guerini.it\/?s={search_term_string}"},"query-input":{"@type":"PropertyValueSpecification","valueRequired":true,"valueName":"search_term_string"}}],"inLanguage":"it-IT"},{"@type":"Organization","@id":"https:\/\/www.guerini.it\/#organization","name":"Guerini e Associati","url":"https:\/\/www.guerini.it\/","logo":{"@type":"ImageObject","inLanguage":"it-IT","@id":"https:\/\/www.guerini.it\/#\/schema\/logo\/image\/","url":"https:\/\/www.guerini.it\/wp-content\/uploads\/2021\/03\/Logo-Guerini-OK_-e1615831292285.png","contentUrl":"https:\/\/www.guerini.it\/wp-content\/uploads\/2021\/03\/Logo-Guerini-OK_-e1615831292285.png","width":2805,"height":1870,"caption":"Guerini e Associati"},"image":{"@id":"https:\/\/www.guerini.it\/#\/schema\/logo\/image\/"}}]}},"_links":{"self":[{"href":"https:\/\/www.guerini.it\/index.php\/wp-json\/wp\/v2\/product\/12349","targetHints":{"allow":["GET"]}}],"collection":[{"href":"https:\/\/www.guerini.it\/index.php\/wp-json\/wp\/v2\/product"}],"about":[{"href":"https:\/\/www.guerini.it\/index.php\/wp-json\/wp\/v2\/types\/product"}],"wp:featuredmedia":[{"embeddable":true,"href":"https:\/\/www.guerini.it\/index.php\/wp-json\/wp\/v2\/media\/25201"}],"wp:attachment":[{"href":"https:\/\/www.guerini.it\/index.php\/wp-json\/wp\/v2\/media?parent=12349"}],"wp:term":[{"taxonomy":"product_brand","embeddable":true,"href":"https:\/\/www.guerini.it\/index.php\/wp-json\/wp\/v2\/product_brand?post=12349"},{"taxonomy":"product_cat","embeddable":true,"href":"https:\/\/www.guerini.it\/index.php\/wp-json\/wp\/v2\/product_cat?post=12349"},{"taxonomy":"product_tag","embeddable":true,"href":"https:\/\/www.guerini.it\/index.php\/wp-json\/wp\/v2\/product_tag?post=12349"}],"curies":[{"name":"wp","href":"https:\/\/api.w.org\/{rel}","templated":true}]}}

<p style="text-align: justify;"><em>Armonia del ventesimo secolo</em> è la prima importante opera nella quale vengono esaminati e presentati nella loro totalità i processi armonici caratteristici della musica della prima metà del Novecento.<br />
Persichetti – pianista e direttore d’orchestra, presidente della facoltà di composizione della Juilliard School of Music di New York e considerato uno dei più eminenti compositori statunitensi – estrae dalla sua vasta esperienza di autore ed esecutore le esemplificazioni più significative delle innovazioni apportate all’armonia musicale dai compositori del ventesimo secolo. Con immediatezza e semplicità spiega la natura degli intervalli in vari contesti, descrive la formazione e l’impiego degli accordi per terze, per quarte e per seconde, degli accordi con note aggiunte e dei poliaccordi, considera i diversi tipi di movimenti armonici, di ritmi armonici, delle dinamiche e degli ornamenti, approfondendo la sua indagine a livello della tonalità, della politonalità, della atonalità e della composizione seriale.<br />
Lo stile di Persichetti riflette l’approccio vivo e creativo del compositore alla sua materia, la sua fiducia nell’innata vitalità delle note e nelle loro qualità dinamiche, timbriche e cinetiche. Fiducia nella musica testimoniata anche dalle oltre centocinquanta opere prodotte nel corso della sua attività (fino alla morte avvenuta nel 1987), eseguite con successo in tutto il mondo.</p>

<!-- This site is optimized with the Yoast SEO plugin v25.4 - https://yoast.com/wordpress/plugins/seo/ -->
<title>Armonia del ventesimo secolo - Guerini e Associati</title>
<meta name="description" content="La prima importante opera nella quale vengono esaminati e presentati i processi armonici caratteristici della musica della prima metà del Novecento." />
<meta name="robots" content="index, follow, max-snippet:-1, max-image-preview:large, max-video-preview:-1" />
<link rel="canonical" href="https://www.guerini.it/index.php/prodotto/armonia-del-ventesimo-secolo/" />
<meta property="og:locale" content="it_IT" />
<meta property="og:type" content="article" />
<meta property="og:title" content="Armonia del ventesimo secolo - Guerini e Associati" />
<meta property="og:description" content="La prima importante opera nella quale vengono esaminati e presentati i processi armonici caratteristici della musica della prima metà del Novecento." />
<meta property="og:url" content="https://www.guerini.it/index.php/prodotto/armonia-del-ventesimo-secolo/" />
<meta property="og:site_name" content="Guerini e Associati" />
<meta property="article:modified_time" content="2024-11-20T11:43:02+00:00" />
<meta property="og:image" content="https://www.guerini.it/wp-content/uploads/2012/05/Armonia-XX-secolo_COP-ritagliato.webp" />
	<meta property="og:image:width" content="1338" />
	<meta property="og:image:height" content="1906" />
	<meta property="og:image:type" content="image/webp" />
<meta name="twitter:card" content="summary_large_image" />
<meta name="twitter:label1" content="Tempo di lettura stimato" />
	<meta name="twitter:data1" content="2 minuti" />
<!-- / Yoast SEO plugin. -->

La prima importante opera nella quale vengono esaminati e presentati i processi armonici caratteristici della musica della prima metà del Novecento.

30 anni di libri, idee e libertà
