{"id":12532,"date":"2012-05-24T12:59:30","date_gmt":"2012-05-24T10:59:30","guid":{"rendered":"https:\/\/test.guerini.it\/?product=terra-e-redenzione"},"modified":"2024-06-12T14:39:40","modified_gmt":"2024-06-12T12:39:40","slug":"terra-e-redenzione","status":"publish","type":"product","link":"https:\/\/www.guerini.it\/index.php\/prodotto\/terra-e-redenzione\/","title":{"rendered":"Terra e redenzione"},"content":{"rendered":"<p style=\"text-align: justify;\">Il fondamentalismo in Israele: una realt\u00e0 di cui si parla poco, soprattutto in Italia. Renzo Guolo lo affronta ricostruendo le radici ideologiche e le azioni politiche del movimento nazional-religioso, che identifica nel possesso dell&#8217;intera \u00abterra promessa\u00bb la condizione per l&#8217;avvento della Redenzione e si oppone quindi radicalmente alla cessione di qualsiasi forma di sovranit\u00e0 sul suolo di Israele.<br \/>\nReligione e politica, terra\u00a0<em>e\u00a0<\/em>redenzione: l&#8217;aspro conflitto che oppone israeliani e palestinesi, soprattutto nei Territori occupati, si nutre, quindi, anche di valori simbolici, irriducibili a qualsiasi soluzione negoziale.<br \/>\nDalla vita quotidiana dei coloni nei Territori occupati all&#8217;ideologia e alla pratica del radicalismo messianico, alla struttura organizzativa del movimento nazional-religioso, ai suoi rapporti con le correnti sioniste e con la destra nazionalista: rigorosamente documentato con fonti finora inedite, il libro di Guolo \u00e8 indispensabile per capire le tensioni laceranti che attraversano la societ\u00e0 israeliana, una societ\u00e0 ampiamente secolarizzata ma costretta al continuo confronto con l&#8217;identit\u00e0 religiosa delle sue comunit\u00e0 osservanti. Per capire, infine, episodi quali la strage di Hebron, fino alla deriva terroristica di alcune frange estreme nazional-religiose culminata, in nome della \u00abviolenza del sacro\u00bb, nell&#8217;assassinio di Rabin.<\/p>\n<hr \/>\n<p style=\"text-align: justify;\"><strong>Renzo Guolo<\/strong>, sociologo, \u00e8 studioso dei movimenti fondamentalisti contemporanei. In questa stessa collana ha pubblicato\u00a0<em>Il partito di Dio. L&#8217;islam radicale contro l&#8217;Occidente\u00a0<\/em>(1994) e ha curato\u00a0<em>Il paradosso della tradizione. Religioni e modernit\u00e0\u00a0<\/em>(1996). Negli anni successivi ha scritto <em>Avanguardie della fede. L&#8217;islamismo tra ideologia e politica<\/em> (1999), <em>La societ\u00e0 mondiale. Sociologia e globalizzazione <\/em>(2003), <em>Il partito di Dio. L&#8217;islam radicale contro l&#8217;Occidente\u00a0<\/em>(2004), <em>Generazione del fronte e altri saggi sociologici sull\u2019Iran<\/em> (2008), <em>Potere e responsabilit\u00e0. Obama, l\u2019Islam e la comunit\u00e0 internazionale<\/em> (2009, con Anna Caffarena), <em>L\u2019ultima utopia. Gli jihadisti europei\u00a0<\/em>(2015), <em>Jihadisti d\u2019Italia. La radicalizzazione islamista nel nostro Paese <\/em>(2018). Ha curato, sempre per le Edizioni Guerini, <em>Taccuino persiano<\/em> (1998, di Michel Foucault), e <em>I musulmani nelle societ\u00e0 europee<\/em> (2017, curato insieme a Stefano Allievi e Mohammed Khalid Rhazzali).<\/p>\n","protected":false},"excerpt":{"rendered":"<p>Il possesso dell\u2019intera terra promessa \u00e8 condizione per l\u2019avvento della Redenzione: \u00e8 l\u2019ideologia alla base del fondamentalismo in Israele. Un testo fondamentale per capire le lacerazioni che attraversano la societ\u00e0 israeliana, ampiamente secolarizzata ma<\/p>\n","protected":false},"featured_media":24228,"template":"","meta":{"_editorskit_title_hidden":false,"_editorskit_reading_time":0,"_editorskit_is_block_options_detached":false,"_editorskit_block_options_position":"{}","_monsterinsights_skip_tracking":false,"_monsterinsights_sitenote_active":false,"_monsterinsights_sitenote_note":"","_monsterinsights_sitenote_category":0},"product_brand":[],"product_cat":[6537],"product_tag":[],"class_list":{"0":"post-12532","1":"product","2":"type-product","3":"status-publish","4":"has-post-thumbnail","6":"product_cat-scienze-politiche-sociali","7":"pa_country_of_manufacture-it","8":"pa_fulfillment-default","9":"pa_guerini_amazon_link-https-www-amazon-it-terra-redenzione-fondamentalismo-nazional-religioso-frontiere-dp-887802810x","10":"pa_guerini_ibs_link-https-www-ibs-it-terra-redenzione-fondamentalismo-nazional-religioso-libro-renzo-guolo-e-9788878028104","11":"pa_guerini_libruniver_link-https-www-libreriauniversitaria-it-terra-redenzione-fondamentalismo-nazional-religioso-libro-9788878028104","12":"pa_guerini_mondadori_link-https-www-mondadoristore-it-terra-redenzione-renzo-guolo-eai978887802810","13":"pa_guerini_nedizione-3750","15":"first","16":"instock","17":"sale","18":"shipping-taxable","19":"purchasable","20":"product-type-simple"},"yoast_head":"<!-- This site is optimized with the Yoast SEO plugin v25.4 - https:\/\/yoast.com\/wordpress\/plugins\/seo\/ -->\n<title>Terra e redenzione - Guerini e Associati<\/title>\n<meta name=\"robots\" content=\"index, follow, max-snippet:-1, max-image-preview:large, max-video-preview:-1\" \/>\n<link rel=\"canonical\" href=\"https:\/\/www.guerini.it\/index.php\/prodotto\/terra-e-redenzione\/\" \/>\n<meta property=\"og:locale\" content=\"it_IT\" \/>\n<meta property=\"og:type\" content=\"article\" \/>\n<meta property=\"og:title\" content=\"Terra e redenzione - Guerini e Associati\" \/>\n<meta property=\"og:description\" content=\"Il possesso dell\u2019intera terra promessa \u00e8 condizione per l\u2019avvento della Redenzione: \u00e8 l\u2019ideologia alla base del fondamentalismo in Israele. Un testo fondamentale per capire le lacerazioni che attraversano la societ\u00e0 israeliana, ampiamente secolarizzata ma\" \/>\n<meta property=\"og:url\" content=\"https:\/\/www.guerini.it\/index.php\/prodotto\/terra-e-redenzione\/\" \/>\n<meta property=\"og:site_name\" content=\"Guerini e Associati\" \/>\n<meta property=\"article:modified_time\" content=\"2024-06-12T12:39:40+00:00\" \/>\n<meta property=\"og:image\" content=\"https:\/\/www.guerini.it\/wp-content\/uploads\/2012\/05\/Terra-e-redenzione_bassa.webp\" \/>\n\t<meta property=\"og:image:width\" content=\"658\" \/>\n\t<meta property=\"og:image:height\" content=\"1000\" \/>\n\t<meta property=\"og:image:type\" content=\"image\/webp\" \/>\n<meta name=\"twitter:card\" content=\"summary_large_image\" \/>\n<meta name=\"twitter:label1\" content=\"Tempo di lettura stimato\" \/>\n\t<meta name=\"twitter:data1\" content=\"2 minuti\" \/>\n<!-- \/ Yoast SEO plugin. -->","yoast_head_json":{"title":"Terra e redenzione - Guerini e Associati","robots":{"index":"index","follow":"follow","max-snippet":"max-snippet:-1","max-image-preview":"max-image-preview:large","max-video-preview":"max-video-preview:-1"},"canonical":"https:\/\/www.guerini.it\/index.php\/prodotto\/terra-e-redenzione\/","og_locale":"it_IT","og_type":"article","og_title":"Terra e redenzione - Guerini e Associati","og_description":"Il possesso dell\u2019intera terra promessa \u00e8 condizione per l\u2019avvento della Redenzione: \u00e8 l\u2019ideologia alla base del fondamentalismo in Israele. Un testo fondamentale per capire le lacerazioni che attraversano la societ\u00e0 israeliana, ampiamente secolarizzata ma","og_url":"https:\/\/www.guerini.it\/index.php\/prodotto\/terra-e-redenzione\/","og_site_name":"Guerini e Associati","article_modified_time":"2024-06-12T12:39:40+00:00","og_image":[{"width":658,"height":1000,"url":"https:\/\/www.guerini.it\/wp-content\/uploads\/2012\/05\/Terra-e-redenzione_bassa.webp","type":"image\/webp"}],"twitter_card":"summary_large_image","twitter_misc":{"Tempo di lettura stimato":"2 minuti"},"schema":{"@context":"https:\/\/schema.org","@graph":[{"@type":"WebPage","@id":"https:\/\/www.guerini.it\/index.php\/prodotto\/terra-e-redenzione\/","url":"https:\/\/www.guerini.it\/index.php\/prodotto\/terra-e-redenzione\/","name":"Terra e redenzione - Guerini e Associati","isPartOf":{"@id":"https:\/\/www.guerini.it\/#website"},"primaryImageOfPage":{"@id":"https:\/\/www.guerini.it\/index.php\/prodotto\/terra-e-redenzione\/#primaryimage"},"image":{"@id":"https:\/\/www.guerini.it\/index.php\/prodotto\/terra-e-redenzione\/#primaryimage"},"thumbnailUrl":"https:\/\/www.guerini.it\/wp-content\/uploads\/2012\/05\/Terra-e-redenzione_bassa.webp","datePublished":"2012-05-24T10:59:30+00:00","dateModified":"2024-06-12T12:39:40+00:00","breadcrumb":{"@id":"https:\/\/www.guerini.it\/index.php\/prodotto\/terra-e-redenzione\/#breadcrumb"},"inLanguage":"it-IT","potentialAction":[{"@type":"ReadAction","target":["https:\/\/www.guerini.it\/index.php\/prodotto\/terra-e-redenzione\/"]}]},{"@type":"ImageObject","inLanguage":"it-IT","@id":"https:\/\/www.guerini.it\/index.php\/prodotto\/terra-e-redenzione\/#primaryimage","url":"https:\/\/www.guerini.it\/wp-content\/uploads\/2012\/05\/Terra-e-redenzione_bassa.webp","contentUrl":"https:\/\/www.guerini.it\/wp-content\/uploads\/2012\/05\/Terra-e-redenzione_bassa.webp","width":658,"height":1000},{"@type":"BreadcrumbList","@id":"https:\/\/www.guerini.it\/index.php\/prodotto\/terra-e-redenzione\/#breadcrumb","itemListElement":[{"@type":"ListItem","position":1,"name":"Home","item":"https:\/\/www.guerini.it\/"},{"@type":"ListItem","position":2,"name":"Catalogo","item":"https:\/\/www.guerini.it\/index.php\/negozio\/"},{"@type":"ListItem","position":3,"name":"Terra e redenzione"}]},{"@type":"WebSite","@id":"https:\/\/www.guerini.it\/#website","url":"https:\/\/www.guerini.it\/","name":"Guerini e Associati","description":"30 anni di libri, idee e libert\u00e0","publisher":{"@id":"https:\/\/www.guerini.it\/#organization"},"potentialAction":[{"@type":"SearchAction","target":{"@type":"EntryPoint","urlTemplate":"https:\/\/www.guerini.it\/?s={search_term_string}"},"query-input":{"@type":"PropertyValueSpecification","valueRequired":true,"valueName":"search_term_string"}}],"inLanguage":"it-IT"},{"@type":"Organization","@id":"https:\/\/www.guerini.it\/#organization","name":"Guerini e Associati","url":"https:\/\/www.guerini.it\/","logo":{"@type":"ImageObject","inLanguage":"it-IT","@id":"https:\/\/www.guerini.it\/#\/schema\/logo\/image\/","url":"https:\/\/www.guerini.it\/wp-content\/uploads\/2021\/03\/Logo-Guerini-OK_-e1615831292285.png","contentUrl":"https:\/\/www.guerini.it\/wp-content\/uploads\/2021\/03\/Logo-Guerini-OK_-e1615831292285.png","width":2805,"height":1870,"caption":"Guerini e Associati"},"image":{"@id":"https:\/\/www.guerini.it\/#\/schema\/logo\/image\/"}}]}},"_links":{"self":[{"href":"https:\/\/www.guerini.it\/index.php\/wp-json\/wp\/v2\/product\/12532","targetHints":{"allow":["GET"]}}],"collection":[{"href":"https:\/\/www.guerini.it\/index.php\/wp-json\/wp\/v2\/product"}],"about":[{"href":"https:\/\/www.guerini.it\/index.php\/wp-json\/wp\/v2\/types\/product"}],"wp:featuredmedia":[{"embeddable":true,"href":"https:\/\/www.guerini.it\/index.php\/wp-json\/wp\/v2\/media\/24228"}],"wp:attachment":[{"href":"https:\/\/www.guerini.it\/index.php\/wp-json\/wp\/v2\/media?parent=12532"}],"wp:term":[{"taxonomy":"product_brand","embeddable":true,"href":"https:\/\/www.guerini.it\/index.php\/wp-json\/wp\/v2\/product_brand?post=12532"},{"taxonomy":"product_cat","embeddable":true,"href":"https:\/\/www.guerini.it\/index.php\/wp-json\/wp\/v2\/product_cat?post=12532"},{"taxonomy":"product_tag","embeddable":true,"href":"https:\/\/www.guerini.it\/index.php\/wp-json\/wp\/v2\/product_tag?post=12532"}],"curies":[{"name":"wp","href":"https:\/\/api.w.org\/{rel}","templated":true}]}}

<p style="text-align: justify;">Il fondamentalismo in Israele: una realtà di cui si parla poco, soprattutto in Italia. Renzo Guolo lo affronta ricostruendo le radici ideologiche e le azioni politiche del movimento nazional-religioso, che identifica nel possesso dell&#8217;intera «terra promessa» la condizione per l&#8217;avvento della Redenzione e si oppone quindi radicalmente alla cessione di qualsiasi forma di sovranità sul suolo di Israele.<br />
Religione e politica, terra <em>e </em>redenzione: l&#8217;aspro conflitto che oppone israeliani e palestinesi, soprattutto nei Territori occupati, si nutre, quindi, anche di valori simbolici, irriducibili a qualsiasi soluzione negoziale.<br />
Dalla vita quotidiana dei coloni nei Territori occupati all&#8217;ideologia e alla pratica del radicalismo messianico, alla struttura organizzativa del movimento nazional-religioso, ai suoi rapporti con le correnti sioniste e con la destra nazionalista: rigorosamente documentato con fonti finora inedite, il libro di Guolo è indispensabile per capire le tensioni laceranti che attraversano la società israeliana, una società ampiamente secolarizzata ma costretta al continuo confronto con l&#8217;identità religiosa delle sue comunità osservanti. Per capire, infine, episodi quali la strage di Hebron, fino alla deriva terroristica di alcune frange estreme nazional-religiose culminata, in nome della «violenza del sacro», nell&#8217;assassinio di Rabin.</p>
<hr />
<p style="text-align: justify;"><strong>Renzo Guolo</strong>, sociologo, è studioso dei movimenti fondamentalisti contemporanei. In questa stessa collana ha pubblicato <em>Il partito di Dio. L&#8217;islam radicale contro l&#8217;Occidente </em>(1994) e ha curato <em>Il paradosso della tradizione. Religioni e modernità </em>(1996). Negli anni successivi ha scritto <em>Avanguardie della fede. L&#8217;islamismo tra ideologia e politica</em> (1999), <em>La società mondiale. Sociologia e globalizzazione </em>(2003), <em>Il partito di Dio. L&#8217;islam radicale contro l&#8217;Occidente </em>(2004), <em>Generazione del fronte e altri saggi sociologici sull’Iran</em> (2008), <em>Potere e responsabilità. Obama, l’Islam e la comunità internazionale</em> (2009, con Anna Caffarena), <em>L’ultima utopia. Gli jihadisti europei </em>(2015), <em>Jihadisti d’Italia. La radicalizzazione islamista nel nostro Paese </em>(2018). Ha curato, sempre per le Edizioni Guerini, <em>Taccuino persiano</em> (1998, di Michel Foucault), e <em>I musulmani nelle società europee</em> (2017, curato insieme a Stefano Allievi e Mohammed Khalid Rhazzali).</p>

<p>Il possesso dell’intera terra promessa è condizione per l’avvento della Redenzione: è l’ideologia alla base del fondamentalismo in Israele. Un testo fondamentale per capire le lacerazioni che attraversano la società israeliana, ampiamente secolarizzata ma</p>

<!-- This site is optimized with the Yoast SEO plugin v25.4 - https://yoast.com/wordpress/plugins/seo/ -->
<title>Terra e redenzione - Guerini e Associati</title>
<meta name="robots" content="index, follow, max-snippet:-1, max-image-preview:large, max-video-preview:-1" />
<link rel="canonical" href="https://www.guerini.it/index.php/prodotto/terra-e-redenzione/" />
<meta property="og:locale" content="it_IT" />
<meta property="og:type" content="article" />
<meta property="og:title" content="Terra e redenzione - Guerini e Associati" />
<meta property="og:description" content="Il possesso dell’intera terra promessa è condizione per l’avvento della Redenzione: è l’ideologia alla base del fondamentalismo in Israele. Un testo fondamentale per capire le lacerazioni che attraversano la società israeliana, ampiamente secolarizzata ma" />
<meta property="og:url" content="https://www.guerini.it/index.php/prodotto/terra-e-redenzione/" />
<meta property="og:site_name" content="Guerini e Associati" />
<meta property="article:modified_time" content="2024-06-12T12:39:40+00:00" />
<meta property="og:image" content="https://www.guerini.it/wp-content/uploads/2012/05/Terra-e-redenzione_bassa.webp" />
	<meta property="og:image:width" content="658" />
	<meta property="og:image:height" content="1000" />
	<meta property="og:image:type" content="image/webp" />
<meta name="twitter:card" content="summary_large_image" />
<meta name="twitter:label1" content="Tempo di lettura stimato" />
	<meta name="twitter:data1" content="2 minuti" />
<!-- / Yoast SEO plugin. -->

Il possesso dell’intera terra promessa è condizione per l’avvento della Redenzione: è l’ideologia alla base del fondamentalismo in Israele. Un testo fondamentale per capire le lacerazioni che attraversano la società israeliana, ampiamente secolarizzata ma

30 anni di libri, idee e libertà
