{"id":12772,"date":"2012-05-24T12:59:36","date_gmt":"2012-05-24T10:59:36","guid":{"rendered":"https:\/\/test.guerini.it\/?product=l-armenia-e-gli-armeni-polis-lacerata-e-patria-spirituale-la-sfida-di-una-sopravvivenza"},"modified":"2024-06-09T20:13:29","modified_gmt":"2024-06-09T18:13:29","slug":"l-armenia-e-gli-armeni-polis-lacerata-e-patria-spirituale-la-sfida-di-una-sopravvivenza","status":"publish","type":"product","link":"https:\/\/www.guerini.it\/index.php\/prodotto\/l-armenia-e-gli-armeni-polis-lacerata-e-patria-spirituale-la-sfida-di-una-sopravvivenza\/","title":{"rendered":"L&#8217;Armenia e gli armeni"},"content":{"rendered":"<p>L\u2019Armenia \u00e8 patria di uno dei popoli pi\u00f9 antichi del Vicino Oriente, portatore di un patrimonio di cultura, arte e civilt\u00e0 ben superiore alla sua consistenza numerica e al suo potere politico.<\/p>\n","protected":false},"excerpt":{"rendered":"<p>L\u2019Armenia \u00e8 patria di uno dei popoli pi\u00f9 antichi del Vicino Oriente, portatore di un patrimonio di cultura, arte e civilt\u00e0 ben superiore alla sua consistenza numerica e al suo potere politico. L\u2019identit\u00e0 armena, tra due continenti e tre mondi, si \u00e8 cement<\/p>\n<p>&nbsp;<\/p>\n","protected":false},"featured_media":22931,"template":"","meta":{"_editorskit_title_hidden":false,"_editorskit_reading_time":0,"_editorskit_is_block_options_detached":false,"_editorskit_block_options_position":"{}","_monsterinsights_skip_tracking":false,"_monsterinsights_sitenote_active":false,"_monsterinsights_sitenote_note":"","_monsterinsights_sitenote_category":0},"product_brand":[],"product_cat":[6561,6539],"product_tag":[8502,8077,7050],"class_list":{"0":"post-12772","1":"product","2":"type-product","3":"status-publish","4":"has-post-thumbnail","6":"product_cat-ca","7":"product_cat-storia-e-geografia","8":"product_tag-armenia","9":"product_tag-genocidio-armeno","10":"product_tag-storia","11":"pa_country_of_manufacture-it","12":"pa_fulfillment-default","13":"pa_guerini_amazon_link-https-www-amazon-it-larmenia-armeni-lacerata-patria-spirituale-dp-8883350804","14":"pa_guerini_feltrinelli_link-https-www-lafeltrinelli-it-armenia-armeni-polis-lacerata-patria-libro-boghos-l-zekiyan-e-9788883350801","15":"pa_guerini_ibs_link-https-www-ibs-it-armenia-armeni-polis-lacerata-patria-libro-boghos-l-zekiyan-e-9788883350801","16":"pa_guerini_nedizione-3750","18":"first","19":"outofstock","20":"sale","21":"shipping-taxable","22":"purchasable","23":"product-type-simple"},"yoast_head":"<!-- This site is optimized with the Yoast SEO plugin v25.4 - https:\/\/yoast.com\/wordpress\/plugins\/seo\/ -->\n<title>L&#039;Armenia e gli armeni - Guerini e Associati<\/title>\n<meta name=\"robots\" content=\"index, follow, max-snippet:-1, max-image-preview:large, max-video-preview:-1\" \/>\n<link rel=\"canonical\" href=\"https:\/\/www.guerini.it\/index.php\/prodotto\/l-armenia-e-gli-armeni-polis-lacerata-e-patria-spirituale-la-sfida-di-una-sopravvivenza\/\" \/>\n<meta property=\"og:locale\" content=\"it_IT\" \/>\n<meta property=\"og:type\" content=\"article\" \/>\n<meta property=\"og:title\" content=\"L&#039;Armenia e gli armeni - Guerini e Associati\" \/>\n<meta property=\"og:description\" content=\"L\u2019Armenia \u00e8 patria di uno dei popoli pi\u00f9 antichi del Vicino Oriente, portatore di un patrimonio di cultura, arte e civilt\u00e0 ben superiore alla sua consistenza numerica e al suo potere politico. L\u2019identit\u00e0 armena, tra due continenti e tre mondi, si \u00e8 cement  &nbsp;\" \/>\n<meta property=\"og:url\" content=\"https:\/\/www.guerini.it\/index.php\/prodotto\/l-armenia-e-gli-armeni-polis-lacerata-e-patria-spirituale-la-sfida-di-una-sopravvivenza\/\" \/>\n<meta property=\"og:site_name\" content=\"Guerini e Associati\" \/>\n<meta property=\"article:modified_time\" content=\"2024-06-09T18:13:29+00:00\" \/>\n<meta property=\"og:image\" content=\"https:\/\/www.guerini.it\/wp-content\/uploads\/2012\/05\/L\u00b9Armenia-e-gli-Armeni-e1663320320257.jpg\" \/>\n\t<meta property=\"og:image:width\" content=\"225\" \/>\n\t<meta property=\"og:image:height\" content=\"350\" \/>\n\t<meta property=\"og:image:type\" content=\"image\/jpeg\" \/>\n<meta name=\"twitter:card\" content=\"summary_large_image\" \/>\n<meta name=\"twitter:label1\" content=\"Tempo di lettura stimato\" \/>\n\t<meta name=\"twitter:data1\" content=\"1 minuto\" \/>\n<!-- \/ Yoast SEO plugin. -->","yoast_head_json":{"title":"L'Armenia e gli armeni - Guerini e Associati","robots":{"index":"index","follow":"follow","max-snippet":"max-snippet:-1","max-image-preview":"max-image-preview:large","max-video-preview":"max-video-preview:-1"},"canonical":"https:\/\/www.guerini.it\/index.php\/prodotto\/l-armenia-e-gli-armeni-polis-lacerata-e-patria-spirituale-la-sfida-di-una-sopravvivenza\/","og_locale":"it_IT","og_type":"article","og_title":"L'Armenia e gli armeni - Guerini e Associati","og_description":"L\u2019Armenia \u00e8 patria di uno dei popoli pi\u00f9 antichi del Vicino Oriente, portatore di un patrimonio di cultura, arte e civilt\u00e0 ben superiore alla sua consistenza numerica e al suo potere politico. L\u2019identit\u00e0 armena, tra due continenti e tre mondi, si \u00e8 cement  &nbsp;","og_url":"https:\/\/www.guerini.it\/index.php\/prodotto\/l-armenia-e-gli-armeni-polis-lacerata-e-patria-spirituale-la-sfida-di-una-sopravvivenza\/","og_site_name":"Guerini e Associati","article_modified_time":"2024-06-09T18:13:29+00:00","og_image":[{"width":225,"height":350,"url":"https:\/\/www.guerini.it\/wp-content\/uploads\/2012\/05\/L\u00b9Armenia-e-gli-Armeni-e1663320320257.jpg","type":"image\/jpeg"}],"twitter_card":"summary_large_image","twitter_misc":{"Tempo di lettura stimato":"1 minuto"},"schema":{"@context":"https:\/\/schema.org","@graph":[{"@type":"WebPage","@id":"https:\/\/www.guerini.it\/index.php\/prodotto\/l-armenia-e-gli-armeni-polis-lacerata-e-patria-spirituale-la-sfida-di-una-sopravvivenza\/","url":"https:\/\/www.guerini.it\/index.php\/prodotto\/l-armenia-e-gli-armeni-polis-lacerata-e-patria-spirituale-la-sfida-di-una-sopravvivenza\/","name":"L'Armenia e gli armeni - Guerini e Associati","isPartOf":{"@id":"https:\/\/www.guerini.it\/#website"},"primaryImageOfPage":{"@id":"https:\/\/www.guerini.it\/index.php\/prodotto\/l-armenia-e-gli-armeni-polis-lacerata-e-patria-spirituale-la-sfida-di-una-sopravvivenza\/#primaryimage"},"image":{"@id":"https:\/\/www.guerini.it\/index.php\/prodotto\/l-armenia-e-gli-armeni-polis-lacerata-e-patria-spirituale-la-sfida-di-una-sopravvivenza\/#primaryimage"},"thumbnailUrl":"https:\/\/www.guerini.it\/wp-content\/uploads\/2012\/05\/L\u00b9Armenia-e-gli-Armeni-e1663320320257.jpg","datePublished":"2012-05-24T10:59:36+00:00","dateModified":"2024-06-09T18:13:29+00:00","breadcrumb":{"@id":"https:\/\/www.guerini.it\/index.php\/prodotto\/l-armenia-e-gli-armeni-polis-lacerata-e-patria-spirituale-la-sfida-di-una-sopravvivenza\/#breadcrumb"},"inLanguage":"it-IT","potentialAction":[{"@type":"ReadAction","target":["https:\/\/www.guerini.it\/index.php\/prodotto\/l-armenia-e-gli-armeni-polis-lacerata-e-patria-spirituale-la-sfida-di-una-sopravvivenza\/"]}]},{"@type":"ImageObject","inLanguage":"it-IT","@id":"https:\/\/www.guerini.it\/index.php\/prodotto\/l-armenia-e-gli-armeni-polis-lacerata-e-patria-spirituale-la-sfida-di-una-sopravvivenza\/#primaryimage","url":"https:\/\/www.guerini.it\/wp-content\/uploads\/2012\/05\/L\u00b9Armenia-e-gli-Armeni-e1663320320257.jpg","contentUrl":"https:\/\/www.guerini.it\/wp-content\/uploads\/2012\/05\/L\u00b9Armenia-e-gli-Armeni-e1663320320257.jpg","width":225,"height":350,"caption":"Copertina del volume L'Armenia e gli armeni"},{"@type":"BreadcrumbList","@id":"https:\/\/www.guerini.it\/index.php\/prodotto\/l-armenia-e-gli-armeni-polis-lacerata-e-patria-spirituale-la-sfida-di-una-sopravvivenza\/#breadcrumb","itemListElement":[{"@type":"ListItem","position":1,"name":"Home","item":"https:\/\/www.guerini.it\/"},{"@type":"ListItem","position":2,"name":"Catalogo","item":"https:\/\/www.guerini.it\/index.php\/negozio\/"},{"@type":"ListItem","position":3,"name":"L&#8217;Armenia e gli armeni"}]},{"@type":"WebSite","@id":"https:\/\/www.guerini.it\/#website","url":"https:\/\/www.guerini.it\/","name":"Guerini e Associati","description":"30 anni di libri, idee e libert\u00e0","publisher":{"@id":"https:\/\/www.guerini.it\/#organization"},"potentialAction":[{"@type":"SearchAction","target":{"@type":"EntryPoint","urlTemplate":"https:\/\/www.guerini.it\/?s={search_term_string}"},"query-input":{"@type":"PropertyValueSpecification","valueRequired":true,"valueName":"search_term_string"}}],"inLanguage":"it-IT"},{"@type":"Organization","@id":"https:\/\/www.guerini.it\/#organization","name":"Guerini e Associati","url":"https:\/\/www.guerini.it\/","logo":{"@type":"ImageObject","inLanguage":"it-IT","@id":"https:\/\/www.guerini.it\/#\/schema\/logo\/image\/","url":"https:\/\/www.guerini.it\/wp-content\/uploads\/2021\/03\/Logo-Guerini-OK_-e1615831292285.png","contentUrl":"https:\/\/www.guerini.it\/wp-content\/uploads\/2021\/03\/Logo-Guerini-OK_-e1615831292285.png","width":2805,"height":1870,"caption":"Guerini e Associati"},"image":{"@id":"https:\/\/www.guerini.it\/#\/schema\/logo\/image\/"}}]}},"_links":{"self":[{"href":"https:\/\/www.guerini.it\/index.php\/wp-json\/wp\/v2\/product\/12772","targetHints":{"allow":["GET"]}}],"collection":[{"href":"https:\/\/www.guerini.it\/index.php\/wp-json\/wp\/v2\/product"}],"about":[{"href":"https:\/\/www.guerini.it\/index.php\/wp-json\/wp\/v2\/types\/product"}],"wp:featuredmedia":[{"embeddable":true,"href":"https:\/\/www.guerini.it\/index.php\/wp-json\/wp\/v2\/media\/22931"}],"wp:attachment":[{"href":"https:\/\/www.guerini.it\/index.php\/wp-json\/wp\/v2\/media?parent=12772"}],"wp:term":[{"taxonomy":"product_brand","embeddable":true,"href":"https:\/\/www.guerini.it\/index.php\/wp-json\/wp\/v2\/product_brand?post=12772"},{"taxonomy":"product_cat","embeddable":true,"href":"https:\/\/www.guerini.it\/index.php\/wp-json\/wp\/v2\/product_cat?post=12772"},{"taxonomy":"product_tag","embeddable":true,"href":"https:\/\/www.guerini.it\/index.php\/wp-json\/wp\/v2\/product_tag?post=12772"}],"curies":[{"name":"wp","href":"https:\/\/api.w.org\/{rel}","templated":true}]}}

<p>L’Armenia è patria di uno dei popoli più antichi del Vicino Oriente, portatore di un patrimonio di cultura, arte e civiltà ben superiore alla sua consistenza numerica e al suo potere politico.</p>

<p>L’Armenia è patria di uno dei popoli più antichi del Vicino Oriente, portatore di un patrimonio di cultura, arte e civiltà ben superiore alla sua consistenza numerica e al suo potere politico. L’identità armena, tra due continenti e tre mondi, si è cement</p>
<p>&nbsp;</p>

<!-- This site is optimized with the Yoast SEO plugin v25.4 - https://yoast.com/wordpress/plugins/seo/ -->
<title>L&#039;Armenia e gli armeni - Guerini e Associati</title>
<meta name="robots" content="index, follow, max-snippet:-1, max-image-preview:large, max-video-preview:-1" />
<link rel="canonical" href="https://www.guerini.it/index.php/prodotto/l-armenia-e-gli-armeni-polis-lacerata-e-patria-spirituale-la-sfida-di-una-sopravvivenza/" />
<meta property="og:locale" content="it_IT" />
<meta property="og:type" content="article" />
<meta property="og:title" content="L&#039;Armenia e gli armeni - Guerini e Associati" />
<meta property="og:description" content="L’Armenia è patria di uno dei popoli più antichi del Vicino Oriente, portatore di un patrimonio di cultura, arte e civiltà ben superiore alla sua consistenza numerica e al suo potere politico. L’identità armena, tra due continenti e tre mondi, si è cement  &nbsp;" />
<meta property="og:url" content="https://www.guerini.it/index.php/prodotto/l-armenia-e-gli-armeni-polis-lacerata-e-patria-spirituale-la-sfida-di-una-sopravvivenza/" />
<meta property="og:site_name" content="Guerini e Associati" />
<meta property="article:modified_time" content="2024-06-09T18:13:29+00:00" />
<meta property="og:image" content="https://www.guerini.it/wp-content/uploads/2012/05/L¹Armenia-e-gli-Armeni-e1663320320257.jpg" />
	<meta property="og:image:width" content="225" />
	<meta property="og:image:height" content="350" />
	<meta property="og:image:type" content="image/jpeg" />
<meta name="twitter:card" content="summary_large_image" />
<meta name="twitter:label1" content="Tempo di lettura stimato" />
	<meta name="twitter:data1" content="1 minuto" />
<!-- / Yoast SEO plugin. -->

L’Armenia è patria di uno dei popoli più antichi del Vicino Oriente, portatore di un patrimonio di cultura, arte e civiltà ben superiore alla sua consistenza numerica e al suo potere politico. L’identità armena, tra due continenti e tre mondi, si è cement  &nbsp;

30 anni di libri, idee e libertà
