{"id":13147,"date":"2012-05-24T12:59:46","date_gmt":"2012-05-24T10:59:46","guid":{"rendered":"https:\/\/test.guerini.it\/?product=il-crepuscolo-della-televisione"},"modified":"2024-06-12T14:42:40","modified_gmt":"2024-06-12T12:42:40","slug":"il-crepuscolo-della-televisione","status":"publish","type":"product","link":"https:\/\/www.guerini.it\/index.php\/prodotto\/il-crepuscolo-della-televisione\/","title":{"rendered":"Il crepuscolo della televisione"},"content":{"rendered":"<p>Parlare di televisione, oggi, in Italia, vuol dire parlare del declino di una grande tradizione culturale, di una sconcertante banalizzazione degli strumenti della trasmissione del sapere, in definitiva del crepuscolo della elaborazione di progetti e di idee creative. I segnali sono molti. la televisione generalista appiattisce la qualit\u00e0 della programmazione e il servizio pubblico non risponde alle aspettative degli spettatori: \u00e8 forse la fine della tv pubblica? Lo scenario non \u00e8 cos\u00ec apocalittico come pu\u00f2 sembrare ma gli spiragli per un riscatto culturale del mezzo televisivo, seppure presenti, rischiano di rimanere soffocati dalla banalit\u00e0 e dalla dilagante povert\u00e0 di idee.<\/p>\n","protected":false},"excerpt":{"rendered":"<p>Parlare di televisione, oggi, in Italia, vuol dire parlare del declino di una grande tradizione culturale, di una sconcertante banalizzazione degli strumenti della trasmissione del sapere, in definitiva del crepuscolo della elaborazione di progetti e di idee creative. I segnali sono molti. la televisione generalista appiattisce la qualit\u00e0 della programmazione e il servizio pubblico non risponde alle aspettative degli spettatori: \u00e8 forse la fine della tv pubblica? Lo scenario non \u00e8 cos\u00ec apocalittico come pu\u00f2 sembrare ma gli spiragli per un riscatto culturale del mezzo televisivo, seppure presenti, rischiano di rimanere soffocati dalla banalit\u00e0 e dalla dilagante povert\u00e0 di idee.<\/p>\n","protected":false},"featured_media":13146,"template":"","meta":{"_editorskit_title_hidden":false,"_editorskit_reading_time":0,"_editorskit_is_block_options_detached":false,"_editorskit_block_options_position":"{}","_monsterinsights_skip_tracking":false,"_monsterinsights_sitenote_active":false,"_monsterinsights_sitenote_note":"","_monsterinsights_sitenote_category":0},"product_brand":[],"product_cat":[6528,6617],"product_tag":[],"class_list":{"0":"post-13147","1":"product","2":"type-product","3":"status-publish","4":"has-post-thumbnail","6":"product_cat-comunicazione","7":"product_cat-bc","8":"pa_country_of_manufacture-it","10":"first","11":"instock","12":"sale","13":"shipping-taxable","14":"purchasable","15":"product-type-simple"},"yoast_head":"<!-- This site is optimized with the Yoast SEO plugin v25.4 - https:\/\/yoast.com\/wordpress\/plugins\/seo\/ -->\n<title>Il crepuscolo della televisione - Guerini e Associati<\/title>\n<meta name=\"robots\" content=\"index, follow, max-snippet:-1, max-image-preview:large, max-video-preview:-1\" \/>\n<link rel=\"canonical\" href=\"https:\/\/www.guerini.it\/index.php\/prodotto\/il-crepuscolo-della-televisione\/\" \/>\n<meta property=\"og:locale\" content=\"it_IT\" \/>\n<meta property=\"og:type\" content=\"article\" \/>\n<meta property=\"og:title\" content=\"Il crepuscolo della televisione - Guerini e Associati\" \/>\n<meta property=\"og:description\" content=\"Parlare di televisione, oggi, in Italia, vuol dire parlare del declino di una grande tradizione culturale, di una sconcertante banalizzazione degli strumenti della trasmissione del sapere, in definitiva del crepuscolo della elaborazione di progetti e di idee creative. I segnali sono molti. la televisione generalista appiattisce la qualit\u00e0 della programmazione e il servizio pubblico non risponde alle aspettative degli spettatori: \u00e8 forse la fine della tv pubblica? Lo scenario non \u00e8 cos\u00ec apocalittico come pu\u00f2 sembrare ma gli spiragli per un riscatto culturale del mezzo televisivo, seppure presenti, rischiano di rimanere soffocati dalla banalit\u00e0 e dalla dilagante povert\u00e0 di idee.\" \/>\n<meta property=\"og:url\" content=\"https:\/\/www.guerini.it\/index.php\/prodotto\/il-crepuscolo-della-televisione\/\" \/>\n<meta property=\"og:site_name\" content=\"Guerini e Associati\" \/>\n<meta property=\"article:modified_time\" content=\"2024-06-12T12:42:40+00:00\" \/>\n<meta property=\"og:image\" content=\"https:\/\/www.guerini.it\/wp-content\/uploads\/2012\/05\/978-88-6250-026-5.jpg\" \/>\n\t<meta property=\"og:image:width\" content=\"287\" \/>\n\t<meta property=\"og:image:height\" content=\"448\" \/>\n\t<meta property=\"og:image:type\" content=\"image\/jpeg\" \/>\n<meta name=\"twitter:card\" content=\"summary_large_image\" \/>\n<!-- \/ Yoast SEO plugin. -->","yoast_head_json":{"title":"Il crepuscolo della televisione - Guerini e Associati","robots":{"index":"index","follow":"follow","max-snippet":"max-snippet:-1","max-image-preview":"max-image-preview:large","max-video-preview":"max-video-preview:-1"},"canonical":"https:\/\/www.guerini.it\/index.php\/prodotto\/il-crepuscolo-della-televisione\/","og_locale":"it_IT","og_type":"article","og_title":"Il crepuscolo della televisione - Guerini e Associati","og_description":"Parlare di televisione, oggi, in Italia, vuol dire parlare del declino di una grande tradizione culturale, di una sconcertante banalizzazione degli strumenti della trasmissione del sapere, in definitiva del crepuscolo della elaborazione di progetti e di idee creative. I segnali sono molti. la televisione generalista appiattisce la qualit\u00e0 della programmazione e il servizio pubblico non risponde alle aspettative degli spettatori: \u00e8 forse la fine della tv pubblica? Lo scenario non \u00e8 cos\u00ec apocalittico come pu\u00f2 sembrare ma gli spiragli per un riscatto culturale del mezzo televisivo, seppure presenti, rischiano di rimanere soffocati dalla banalit\u00e0 e dalla dilagante povert\u00e0 di idee.","og_url":"https:\/\/www.guerini.it\/index.php\/prodotto\/il-crepuscolo-della-televisione\/","og_site_name":"Guerini e Associati","article_modified_time":"2024-06-12T12:42:40+00:00","og_image":[{"width":287,"height":448,"url":"https:\/\/www.guerini.it\/wp-content\/uploads\/2012\/05\/978-88-6250-026-5.jpg","type":"image\/jpeg"}],"twitter_card":"summary_large_image","schema":{"@context":"https:\/\/schema.org","@graph":[{"@type":"WebPage","@id":"https:\/\/www.guerini.it\/index.php\/prodotto\/il-crepuscolo-della-televisione\/","url":"https:\/\/www.guerini.it\/index.php\/prodotto\/il-crepuscolo-della-televisione\/","name":"Il crepuscolo della televisione - Guerini e Associati","isPartOf":{"@id":"https:\/\/www.guerini.it\/#website"},"primaryImageOfPage":{"@id":"https:\/\/www.guerini.it\/index.php\/prodotto\/il-crepuscolo-della-televisione\/#primaryimage"},"image":{"@id":"https:\/\/www.guerini.it\/index.php\/prodotto\/il-crepuscolo-della-televisione\/#primaryimage"},"thumbnailUrl":"https:\/\/www.guerini.it\/wp-content\/uploads\/2012\/05\/978-88-6250-026-5.jpg","datePublished":"2012-05-24T10:59:46+00:00","dateModified":"2024-06-12T12:42:40+00:00","breadcrumb":{"@id":"https:\/\/www.guerini.it\/index.php\/prodotto\/il-crepuscolo-della-televisione\/#breadcrumb"},"inLanguage":"it-IT","potentialAction":[{"@type":"ReadAction","target":["https:\/\/www.guerini.it\/index.php\/prodotto\/il-crepuscolo-della-televisione\/"]}]},{"@type":"ImageObject","inLanguage":"it-IT","@id":"https:\/\/www.guerini.it\/index.php\/prodotto\/il-crepuscolo-della-televisione\/#primaryimage","url":"https:\/\/www.guerini.it\/wp-content\/uploads\/2012\/05\/978-88-6250-026-5.jpg","contentUrl":"https:\/\/www.guerini.it\/wp-content\/uploads\/2012\/05\/978-88-6250-026-5.jpg","width":287,"height":448,"caption":"Il crepuscolo della televisione"},{"@type":"BreadcrumbList","@id":"https:\/\/www.guerini.it\/index.php\/prodotto\/il-crepuscolo-della-televisione\/#breadcrumb","itemListElement":[{"@type":"ListItem","position":1,"name":"Home","item":"https:\/\/www.guerini.it\/"},{"@type":"ListItem","position":2,"name":"Catalogo","item":"https:\/\/www.guerini.it\/index.php\/negozio\/"},{"@type":"ListItem","position":3,"name":"Il crepuscolo della televisione"}]},{"@type":"WebSite","@id":"https:\/\/www.guerini.it\/#website","url":"https:\/\/www.guerini.it\/","name":"Guerini e Associati","description":"30 anni di libri, idee e libert\u00e0","publisher":{"@id":"https:\/\/www.guerini.it\/#organization"},"potentialAction":[{"@type":"SearchAction","target":{"@type":"EntryPoint","urlTemplate":"https:\/\/www.guerini.it\/?s={search_term_string}"},"query-input":{"@type":"PropertyValueSpecification","valueRequired":true,"valueName":"search_term_string"}}],"inLanguage":"it-IT"},{"@type":"Organization","@id":"https:\/\/www.guerini.it\/#organization","name":"Guerini e Associati","url":"https:\/\/www.guerini.it\/","logo":{"@type":"ImageObject","inLanguage":"it-IT","@id":"https:\/\/www.guerini.it\/#\/schema\/logo\/image\/","url":"https:\/\/www.guerini.it\/wp-content\/uploads\/2021\/03\/Logo-Guerini-OK_-e1615831292285.png","contentUrl":"https:\/\/www.guerini.it\/wp-content\/uploads\/2021\/03\/Logo-Guerini-OK_-e1615831292285.png","width":2805,"height":1870,"caption":"Guerini e Associati"},"image":{"@id":"https:\/\/www.guerini.it\/#\/schema\/logo\/image\/"}}]}},"_links":{"self":[{"href":"https:\/\/www.guerini.it\/index.php\/wp-json\/wp\/v2\/product\/13147","targetHints":{"allow":["GET"]}}],"collection":[{"href":"https:\/\/www.guerini.it\/index.php\/wp-json\/wp\/v2\/product"}],"about":[{"href":"https:\/\/www.guerini.it\/index.php\/wp-json\/wp\/v2\/types\/product"}],"wp:featuredmedia":[{"embeddable":true,"href":"https:\/\/www.guerini.it\/index.php\/wp-json\/wp\/v2\/media\/13146"}],"wp:attachment":[{"href":"https:\/\/www.guerini.it\/index.php\/wp-json\/wp\/v2\/media?parent=13147"}],"wp:term":[{"taxonomy":"product_brand","embeddable":true,"href":"https:\/\/www.guerini.it\/index.php\/wp-json\/wp\/v2\/product_brand?post=13147"},{"taxonomy":"product_cat","embeddable":true,"href":"https:\/\/www.guerini.it\/index.php\/wp-json\/wp\/v2\/product_cat?post=13147"},{"taxonomy":"product_tag","embeddable":true,"href":"https:\/\/www.guerini.it\/index.php\/wp-json\/wp\/v2\/product_tag?post=13147"}],"curies":[{"name":"wp","href":"https:\/\/api.w.org\/{rel}","templated":true}]}}

<p>Parlare di televisione, oggi, in Italia, vuol dire parlare del declino di una grande tradizione culturale, di una sconcertante banalizzazione degli strumenti della trasmissione del sapere, in definitiva del crepuscolo della elaborazione di progetti e di idee creative. I segnali sono molti. la televisione generalista appiattisce la qualità della programmazione e il servizio pubblico non risponde alle aspettative degli spettatori: è forse la fine della tv pubblica? Lo scenario non è così apocalittico come può sembrare ma gli spiragli per un riscatto culturale del mezzo televisivo, seppure presenti, rischiano di rimanere soffocati dalla banalità e dalla dilagante povertà di idee.</p>

<!-- This site is optimized with the Yoast SEO plugin v25.4 - https://yoast.com/wordpress/plugins/seo/ -->
<title>Il crepuscolo della televisione - Guerini e Associati</title>
<meta name="robots" content="index, follow, max-snippet:-1, max-image-preview:large, max-video-preview:-1" />
<link rel="canonical" href="https://www.guerini.it/index.php/prodotto/il-crepuscolo-della-televisione/" />
<meta property="og:locale" content="it_IT" />
<meta property="og:type" content="article" />
<meta property="og:title" content="Il crepuscolo della televisione - Guerini e Associati" />
<meta property="og:description" content="Parlare di televisione, oggi, in Italia, vuol dire parlare del declino di una grande tradizione culturale, di una sconcertante banalizzazione degli strumenti della trasmissione del sapere, in definitiva del crepuscolo della elaborazione di progetti e di idee creative. I segnali sono molti. la televisione generalista appiattisce la qualità della programmazione e il servizio pubblico non risponde alle aspettative degli spettatori: è forse la fine della tv pubblica? Lo scenario non è così apocalittico come può sembrare ma gli spiragli per un riscatto culturale del mezzo televisivo, seppure presenti, rischiano di rimanere soffocati dalla banalità e dalla dilagante povertà di idee." />
<meta property="og:url" content="https://www.guerini.it/index.php/prodotto/il-crepuscolo-della-televisione/" />
<meta property="og:site_name" content="Guerini e Associati" />
<meta property="article:modified_time" content="2024-06-12T12:42:40+00:00" />
<meta property="og:image" content="https://www.guerini.it/wp-content/uploads/2012/05/978-88-6250-026-5.jpg" />
	<meta property="og:image:width" content="287" />
	<meta property="og:image:height" content="448" />
	<meta property="og:image:type" content="image/jpeg" />
<meta name="twitter:card" content="summary_large_image" />
<!-- / Yoast SEO plugin. -->

Parlare di televisione, oggi, in Italia, vuol dire parlare del declino di una grande tradizione culturale, di una sconcertante banalizzazione degli strumenti della trasmissione del sapere, in definitiva del crepuscolo della elaborazione di progetti e di idee creative. I segnali sono molti. la televisione generalista appiattisce la qualità della programmazione e il servizio pubblico non risponde alle aspettative degli spettatori: è forse la fine della tv pubblica? Lo scenario non è così apocalittico come può sembrare ma gli spiragli per un riscatto culturale del mezzo televisivo, seppure presenti, rischiano di rimanere soffocati dalla banalità e dalla dilagante povertà di idee.

30 anni di libri, idee e libertà
