{"id":13328,"date":"2012-05-24T12:59:47","date_gmt":"2012-05-24T10:59:47","guid":{"rendered":"https:\/\/test.guerini.it\/?product=racconti-di-fabbrica"},"modified":"2024-06-12T14:40:13","modified_gmt":"2024-06-12T12:40:13","slug":"racconti-di-fabbrica","status":"publish","type":"product","link":"https:\/\/www.guerini.it\/index.php\/prodotto\/racconti-di-fabbrica\/","title":{"rendered":"Racconti di fabbrica"},"content":{"rendered":"<p>La fabbrica \u00e8 l\u2019emblema del lavoro, di un mondo che si \u00e8 radicalmente trasformato nei quarant\u2019anni raccontati in questo libro. \u00c8 un mondo che apparentemente non c\u2019\u00e8 pi\u00f9, ma che \u00e8 reale, vivo e ancora molto duro. Come emerge di racconto in racconto e dai vari approfondimenti storici e culturali che li accompagnano: sono cambiati i soggetti, le loro vicende e i contesti, ma i problemi sono di frequente gli stessi.<\/p>\n","protected":false},"excerpt":{"rendered":"<p>La fabbrica \u00e8 l\u2019emblema del lavoro, di un mondo che si \u00e8 radicalmente trasformato nei quarant\u2019anni raccontati in questo libro. \u00c8 un mondo che apparentemente non c\u2019\u00e8 pi\u00f9, ma che \u00e8 reale, vivo e ancora molto duro. Come emerge di racconto in racconto e dai vari approfondimenti storici e culturali che li accompagnano: sono cambiati i soggetti, le loro vicende e i contesti, ma i problemi sono di frequente gli stessi.<\/p>\n","protected":false},"featured_media":13327,"template":"","meta":{"_editorskit_title_hidden":false,"_editorskit_reading_time":0,"_editorskit_is_block_options_detached":false,"_editorskit_block_options_position":"{}","_monsterinsights_skip_tracking":false,"_monsterinsights_sitenote_active":false,"_monsterinsights_sitenote_note":"","_monsterinsights_sitenote_category":0},"product_brand":[],"product_cat":[6529],"product_tag":[],"class_list":{"0":"post-13328","1":"product","2":"type-product","3":"status-publish","4":"has-post-thumbnail","6":"product_cat-economia-e-management","7":"pa_country_of_manufacture-it","9":"first","10":"instock","11":"sale","12":"shipping-taxable","13":"purchasable","14":"product-type-simple"},"yoast_head":"<!-- This site is optimized with the Yoast SEO plugin v25.4 - https:\/\/yoast.com\/wordpress\/plugins\/seo\/ -->\n<title>Racconti di fabbrica - Guerini e Associati<\/title>\n<meta name=\"robots\" content=\"index, follow, max-snippet:-1, max-image-preview:large, max-video-preview:-1\" \/>\n<link rel=\"canonical\" href=\"https:\/\/www.guerini.it\/index.php\/prodotto\/racconti-di-fabbrica\/\" \/>\n<meta property=\"og:locale\" content=\"it_IT\" \/>\n<meta property=\"og:type\" content=\"article\" \/>\n<meta property=\"og:title\" content=\"Racconti di fabbrica - Guerini e Associati\" \/>\n<meta property=\"og:description\" content=\"La fabbrica \u00e8 l\u2019emblema del lavoro, di un mondo che si \u00e8 radicalmente trasformato nei quarant\u2019anni raccontati in questo libro. \u00c8 un mondo che apparentemente non c\u2019\u00e8 pi\u00f9, ma che \u00e8 reale, vivo e ancora molto duro. Come emerge di racconto in racconto e dai vari approfondimenti storici e culturali che li accompagnano: sono cambiati i soggetti, le loro vicende e i contesti, ma i problemi sono di frequente gli stessi.\" \/>\n<meta property=\"og:url\" content=\"https:\/\/www.guerini.it\/index.php\/prodotto\/racconti-di-fabbrica\/\" \/>\n<meta property=\"og:site_name\" content=\"Guerini e Associati\" \/>\n<meta property=\"article:modified_time\" content=\"2024-06-12T12:40:13+00:00\" \/>\n<meta property=\"og:image\" content=\"https:\/\/www.guerini.it\/wp-content\/uploads\/2012\/05\/racconti.di_.fabbrica.cmyb_.alta_265x395.jpg\" \/>\n\t<meta property=\"og:image:width\" content=\"265\" \/>\n\t<meta property=\"og:image:height\" content=\"395\" \/>\n\t<meta property=\"og:image:type\" content=\"image\/jpeg\" \/>\n<meta name=\"twitter:card\" content=\"summary_large_image\" \/>\n<!-- \/ Yoast SEO plugin. -->","yoast_head_json":{"title":"Racconti di fabbrica - Guerini e Associati","robots":{"index":"index","follow":"follow","max-snippet":"max-snippet:-1","max-image-preview":"max-image-preview:large","max-video-preview":"max-video-preview:-1"},"canonical":"https:\/\/www.guerini.it\/index.php\/prodotto\/racconti-di-fabbrica\/","og_locale":"it_IT","og_type":"article","og_title":"Racconti di fabbrica - Guerini e Associati","og_description":"La fabbrica \u00e8 l\u2019emblema del lavoro, di un mondo che si \u00e8 radicalmente trasformato nei quarant\u2019anni raccontati in questo libro. \u00c8 un mondo che apparentemente non c\u2019\u00e8 pi\u00f9, ma che \u00e8 reale, vivo e ancora molto duro. Come emerge di racconto in racconto e dai vari approfondimenti storici e culturali che li accompagnano: sono cambiati i soggetti, le loro vicende e i contesti, ma i problemi sono di frequente gli stessi.","og_url":"https:\/\/www.guerini.it\/index.php\/prodotto\/racconti-di-fabbrica\/","og_site_name":"Guerini e Associati","article_modified_time":"2024-06-12T12:40:13+00:00","og_image":[{"width":265,"height":395,"url":"https:\/\/www.guerini.it\/wp-content\/uploads\/2012\/05\/racconti.di_.fabbrica.cmyb_.alta_265x395.jpg","type":"image\/jpeg"}],"twitter_card":"summary_large_image","schema":{"@context":"https:\/\/schema.org","@graph":[{"@type":"WebPage","@id":"https:\/\/www.guerini.it\/index.php\/prodotto\/racconti-di-fabbrica\/","url":"https:\/\/www.guerini.it\/index.php\/prodotto\/racconti-di-fabbrica\/","name":"Racconti di fabbrica - Guerini e Associati","isPartOf":{"@id":"https:\/\/www.guerini.it\/#website"},"primaryImageOfPage":{"@id":"https:\/\/www.guerini.it\/index.php\/prodotto\/racconti-di-fabbrica\/#primaryimage"},"image":{"@id":"https:\/\/www.guerini.it\/index.php\/prodotto\/racconti-di-fabbrica\/#primaryimage"},"thumbnailUrl":"https:\/\/www.guerini.it\/wp-content\/uploads\/2012\/05\/racconti.di_.fabbrica.cmyb_.alta_265x395.jpg","datePublished":"2012-05-24T10:59:47+00:00","dateModified":"2024-06-12T12:40:13+00:00","breadcrumb":{"@id":"https:\/\/www.guerini.it\/index.php\/prodotto\/racconti-di-fabbrica\/#breadcrumb"},"inLanguage":"it-IT","potentialAction":[{"@type":"ReadAction","target":["https:\/\/www.guerini.it\/index.php\/prodotto\/racconti-di-fabbrica\/"]}]},{"@type":"ImageObject","inLanguage":"it-IT","@id":"https:\/\/www.guerini.it\/index.php\/prodotto\/racconti-di-fabbrica\/#primaryimage","url":"https:\/\/www.guerini.it\/wp-content\/uploads\/2012\/05\/racconti.di_.fabbrica.cmyb_.alta_265x395.jpg","contentUrl":"https:\/\/www.guerini.it\/wp-content\/uploads\/2012\/05\/racconti.di_.fabbrica.cmyb_.alta_265x395.jpg","width":265,"height":395,"caption":"Racconti di fabbrica"},{"@type":"BreadcrumbList","@id":"https:\/\/www.guerini.it\/index.php\/prodotto\/racconti-di-fabbrica\/#breadcrumb","itemListElement":[{"@type":"ListItem","position":1,"name":"Home","item":"https:\/\/www.guerini.it\/"},{"@type":"ListItem","position":2,"name":"Catalogo","item":"https:\/\/www.guerini.it\/index.php\/negozio\/"},{"@type":"ListItem","position":3,"name":"Racconti di fabbrica"}]},{"@type":"WebSite","@id":"https:\/\/www.guerini.it\/#website","url":"https:\/\/www.guerini.it\/","name":"Guerini e Associati","description":"30 anni di libri, idee e libert\u00e0","publisher":{"@id":"https:\/\/www.guerini.it\/#organization"},"potentialAction":[{"@type":"SearchAction","target":{"@type":"EntryPoint","urlTemplate":"https:\/\/www.guerini.it\/?s={search_term_string}"},"query-input":{"@type":"PropertyValueSpecification","valueRequired":true,"valueName":"search_term_string"}}],"inLanguage":"it-IT"},{"@type":"Organization","@id":"https:\/\/www.guerini.it\/#organization","name":"Guerini e Associati","url":"https:\/\/www.guerini.it\/","logo":{"@type":"ImageObject","inLanguage":"it-IT","@id":"https:\/\/www.guerini.it\/#\/schema\/logo\/image\/","url":"https:\/\/www.guerini.it\/wp-content\/uploads\/2021\/03\/Logo-Guerini-OK_-e1615831292285.png","contentUrl":"https:\/\/www.guerini.it\/wp-content\/uploads\/2021\/03\/Logo-Guerini-OK_-e1615831292285.png","width":2805,"height":1870,"caption":"Guerini e Associati"},"image":{"@id":"https:\/\/www.guerini.it\/#\/schema\/logo\/image\/"}}]}},"_links":{"self":[{"href":"https:\/\/www.guerini.it\/index.php\/wp-json\/wp\/v2\/product\/13328","targetHints":{"allow":["GET"]}}],"collection":[{"href":"https:\/\/www.guerini.it\/index.php\/wp-json\/wp\/v2\/product"}],"about":[{"href":"https:\/\/www.guerini.it\/index.php\/wp-json\/wp\/v2\/types\/product"}],"wp:featuredmedia":[{"embeddable":true,"href":"https:\/\/www.guerini.it\/index.php\/wp-json\/wp\/v2\/media\/13327"}],"wp:attachment":[{"href":"https:\/\/www.guerini.it\/index.php\/wp-json\/wp\/v2\/media?parent=13328"}],"wp:term":[{"taxonomy":"product_brand","embeddable":true,"href":"https:\/\/www.guerini.it\/index.php\/wp-json\/wp\/v2\/product_brand?post=13328"},{"taxonomy":"product_cat","embeddable":true,"href":"https:\/\/www.guerini.it\/index.php\/wp-json\/wp\/v2\/product_cat?post=13328"},{"taxonomy":"product_tag","embeddable":true,"href":"https:\/\/www.guerini.it\/index.php\/wp-json\/wp\/v2\/product_tag?post=13328"}],"curies":[{"name":"wp","href":"https:\/\/api.w.org\/{rel}","templated":true}]}}