{"id":13817,"date":"2012-05-24T13:00:18","date_gmt":"2012-05-24T11:00:18","guid":{"rendered":"https:\/\/test.guerini.it\/?product=lo-stivale-nel-mare"},"modified":"2024-06-12T14:37:35","modified_gmt":"2024-06-12T12:37:35","slug":"lo-stivale-nel-mare","status":"publish","type":"product","link":"https:\/\/www.guerini.it\/index.php\/prodotto\/lo-stivale-nel-mare\/","title":{"rendered":"Lo stivale nel mare"},"content":{"rendered":"<p>Le radici della politica italiana verso i paesi arabi affondano lontano nel tempo. Dalla presenza di colonie italiane nel Mediterraneo, all&#8217;attivit\u00e0 dei missionari alle ambizioni imperiali, l&#8217;atteggiamento dell&#8217;Italia nei confronti della realt\u00e0 islamica nel &#8220;suo&#8221; mare si \u00e8 trasformato nel tempo senza mutare per\u00f2 nella sostanza. Questo libro risale alle origini e spiega che cosa \u00e8 successo all&#8217;inizio del Novecento.<\/p>\n<p>&nbsp;<\/p>\n","protected":false},"excerpt":{"rendered":"<p>Ianari, studioso appassionato del mondo arabo-musulmano, ma anche conoscitore dei suoi ambienti umani e religiosi, ripercorre la collocazione italiana sulle rive del Mediterraneo nei primi decenni di storia nazionale fino alla prima guerra mondiale, avend<\/p>\n<p>&nbsp;<\/p>\n","protected":false},"featured_media":23201,"template":"","meta":{"_editorskit_title_hidden":false,"_editorskit_reading_time":0,"_editorskit_is_block_options_detached":false,"_editorskit_block_options_position":"{}","_monsterinsights_skip_tracking":false,"_monsterinsights_sitenote_active":false,"_monsterinsights_sitenote_note":"","_monsterinsights_sitenote_category":0},"product_brand":[],"product_cat":[6543,6539],"product_tag":[],"class_list":{"0":"post-13817","1":"product","2":"type-product","3":"status-publish","4":"has-post-thumbnail","6":"product_cat-co","7":"product_cat-storia-e-geografia","8":"pa_country_of_manufacture-it","9":"pa_fulfillment-default","10":"pa_guerini_amazon_link-https-www-amazon-it-stivale-mare-italia-mediterraneo-islam-dp-8883357582","11":"pa_guerini_feltrinelli_link-https-www-lafeltrinelli-it-stivale-nel-mare-italia-mediterraneo-libro-vittorio-ianari-e-9788883357589","12":"pa_guerini_ibs_link-https-www-ibs-it-stivale-nel-mare-italia-mediterraneo-libro-vittorio-ianari-e-9788883357589","13":"pa_guerini_libruniver_link-https-www-libreriauniversitaria-it-stivale-mare-italia-mediterraneo-islam-libro-9788883357589","14":"pa_guerini_mondadori_link-https-www-mondadoristore-it-stivale-mare-italia-vittorio-ianari-eai978888335758","16":"first","17":"instock","18":"sale","19":"shipping-taxable","20":"purchasable","21":"product-type-simple"},"yoast_head":"<!-- This site is optimized with the Yoast SEO plugin v25.4 - https:\/\/yoast.com\/wordpress\/plugins\/seo\/ -->\n<title>Lo stivale nel mare - Guerini e Associati<\/title>\n<meta name=\"robots\" content=\"index, follow, max-snippet:-1, max-image-preview:large, max-video-preview:-1\" \/>\n<link rel=\"canonical\" href=\"https:\/\/www.guerini.it\/index.php\/prodotto\/lo-stivale-nel-mare\/\" \/>\n<meta property=\"og:locale\" content=\"it_IT\" \/>\n<meta property=\"og:type\" content=\"article\" \/>\n<meta property=\"og:title\" content=\"Lo stivale nel mare - Guerini e Associati\" \/>\n<meta property=\"og:description\" content=\"Ianari, studioso appassionato del mondo arabo-musulmano, ma anche conoscitore dei suoi ambienti umani e religiosi, ripercorre la collocazione italiana sulle rive del Mediterraneo nei primi decenni di storia nazionale fino alla prima guerra mondiale, avend  &nbsp;\" \/>\n<meta property=\"og:url\" content=\"https:\/\/www.guerini.it\/index.php\/prodotto\/lo-stivale-nel-mare\/\" \/>\n<meta property=\"og:site_name\" content=\"Guerini e Associati\" \/>\n<meta property=\"article:modified_time\" content=\"2024-06-12T12:37:35+00:00\" \/>\n<meta property=\"og:image\" content=\"https:\/\/www.guerini.it\/wp-content\/uploads\/2012\/05\/IANARI-VITTORIO-Lo-stivale-nel-mare.-Italia-Mediterraneo-Islam-e1665412885429.jpg\" \/>\n\t<meta property=\"og:image:width\" content=\"228\" \/>\n\t<meta property=\"og:image:height\" content=\"350\" \/>\n\t<meta property=\"og:image:type\" content=\"image\/jpeg\" \/>\n<meta name=\"twitter:card\" content=\"summary_large_image\" \/>\n<meta name=\"twitter:label1\" content=\"Tempo di lettura stimato\" \/>\n\t<meta name=\"twitter:data1\" content=\"1 minuto\" \/>\n<!-- \/ Yoast SEO plugin. -->","yoast_head_json":{"title":"Lo stivale nel mare - Guerini e Associati","robots":{"index":"index","follow":"follow","max-snippet":"max-snippet:-1","max-image-preview":"max-image-preview:large","max-video-preview":"max-video-preview:-1"},"canonical":"https:\/\/www.guerini.it\/index.php\/prodotto\/lo-stivale-nel-mare\/","og_locale":"it_IT","og_type":"article","og_title":"Lo stivale nel mare - Guerini e Associati","og_description":"Ianari, studioso appassionato del mondo arabo-musulmano, ma anche conoscitore dei suoi ambienti umani e religiosi, ripercorre la collocazione italiana sulle rive del Mediterraneo nei primi decenni di storia nazionale fino alla prima guerra mondiale, avend  &nbsp;","og_url":"https:\/\/www.guerini.it\/index.php\/prodotto\/lo-stivale-nel-mare\/","og_site_name":"Guerini e Associati","article_modified_time":"2024-06-12T12:37:35+00:00","og_image":[{"width":228,"height":350,"url":"https:\/\/www.guerini.it\/wp-content\/uploads\/2012\/05\/IANARI-VITTORIO-Lo-stivale-nel-mare.-Italia-Mediterraneo-Islam-e1665412885429.jpg","type":"image\/jpeg"}],"twitter_card":"summary_large_image","twitter_misc":{"Tempo di lettura stimato":"1 minuto"},"schema":{"@context":"https:\/\/schema.org","@graph":[{"@type":"WebPage","@id":"https:\/\/www.guerini.it\/index.php\/prodotto\/lo-stivale-nel-mare\/","url":"https:\/\/www.guerini.it\/index.php\/prodotto\/lo-stivale-nel-mare\/","name":"Lo stivale nel mare - Guerini e Associati","isPartOf":{"@id":"https:\/\/www.guerini.it\/#website"},"primaryImageOfPage":{"@id":"https:\/\/www.guerini.it\/index.php\/prodotto\/lo-stivale-nel-mare\/#primaryimage"},"image":{"@id":"https:\/\/www.guerini.it\/index.php\/prodotto\/lo-stivale-nel-mare\/#primaryimage"},"thumbnailUrl":"https:\/\/www.guerini.it\/wp-content\/uploads\/2012\/05\/IANARI-VITTORIO-Lo-stivale-nel-mare.-Italia-Mediterraneo-Islam-e1665412885429.jpg","datePublished":"2012-05-24T11:00:18+00:00","dateModified":"2024-06-12T12:37:35+00:00","breadcrumb":{"@id":"https:\/\/www.guerini.it\/index.php\/prodotto\/lo-stivale-nel-mare\/#breadcrumb"},"inLanguage":"it-IT","potentialAction":[{"@type":"ReadAction","target":["https:\/\/www.guerini.it\/index.php\/prodotto\/lo-stivale-nel-mare\/"]}]},{"@type":"ImageObject","inLanguage":"it-IT","@id":"https:\/\/www.guerini.it\/index.php\/prodotto\/lo-stivale-nel-mare\/#primaryimage","url":"https:\/\/www.guerini.it\/wp-content\/uploads\/2012\/05\/IANARI-VITTORIO-Lo-stivale-nel-mare.-Italia-Mediterraneo-Islam-e1665412885429.jpg","contentUrl":"https:\/\/www.guerini.it\/wp-content\/uploads\/2012\/05\/IANARI-VITTORIO-Lo-stivale-nel-mare.-Italia-Mediterraneo-Islam-e1665412885429.jpg","width":228,"height":350,"caption":"Copertina del volume Lo stivale nel mare"},{"@type":"BreadcrumbList","@id":"https:\/\/www.guerini.it\/index.php\/prodotto\/lo-stivale-nel-mare\/#breadcrumb","itemListElement":[{"@type":"ListItem","position":1,"name":"Home","item":"https:\/\/www.guerini.it\/"},{"@type":"ListItem","position":2,"name":"Catalogo","item":"https:\/\/www.guerini.it\/index.php\/negozio\/"},{"@type":"ListItem","position":3,"name":"Lo stivale nel mare"}]},{"@type":"WebSite","@id":"https:\/\/www.guerini.it\/#website","url":"https:\/\/www.guerini.it\/","name":"Guerini e Associati","description":"30 anni di libri, idee e libert\u00e0","publisher":{"@id":"https:\/\/www.guerini.it\/#organization"},"potentialAction":[{"@type":"SearchAction","target":{"@type":"EntryPoint","urlTemplate":"https:\/\/www.guerini.it\/?s={search_term_string}"},"query-input":{"@type":"PropertyValueSpecification","valueRequired":true,"valueName":"search_term_string"}}],"inLanguage":"it-IT"},{"@type":"Organization","@id":"https:\/\/www.guerini.it\/#organization","name":"Guerini e Associati","url":"https:\/\/www.guerini.it\/","logo":{"@type":"ImageObject","inLanguage":"it-IT","@id":"https:\/\/www.guerini.it\/#\/schema\/logo\/image\/","url":"https:\/\/www.guerini.it\/wp-content\/uploads\/2021\/03\/Logo-Guerini-OK_-e1615831292285.png","contentUrl":"https:\/\/www.guerini.it\/wp-content\/uploads\/2021\/03\/Logo-Guerini-OK_-e1615831292285.png","width":2805,"height":1870,"caption":"Guerini e Associati"},"image":{"@id":"https:\/\/www.guerini.it\/#\/schema\/logo\/image\/"}}]}},"_links":{"self":[{"href":"https:\/\/www.guerini.it\/index.php\/wp-json\/wp\/v2\/product\/13817","targetHints":{"allow":["GET"]}}],"collection":[{"href":"https:\/\/www.guerini.it\/index.php\/wp-json\/wp\/v2\/product"}],"about":[{"href":"https:\/\/www.guerini.it\/index.php\/wp-json\/wp\/v2\/types\/product"}],"wp:featuredmedia":[{"embeddable":true,"href":"https:\/\/www.guerini.it\/index.php\/wp-json\/wp\/v2\/media\/23201"}],"wp:attachment":[{"href":"https:\/\/www.guerini.it\/index.php\/wp-json\/wp\/v2\/media?parent=13817"}],"wp:term":[{"taxonomy":"product_brand","embeddable":true,"href":"https:\/\/www.guerini.it\/index.php\/wp-json\/wp\/v2\/product_brand?post=13817"},{"taxonomy":"product_cat","embeddable":true,"href":"https:\/\/www.guerini.it\/index.php\/wp-json\/wp\/v2\/product_cat?post=13817"},{"taxonomy":"product_tag","embeddable":true,"href":"https:\/\/www.guerini.it\/index.php\/wp-json\/wp\/v2\/product_tag?post=13817"}],"curies":[{"name":"wp","href":"https:\/\/api.w.org\/{rel}","templated":true}]}}

<p>Le radici della politica italiana verso i paesi arabi affondano lontano nel tempo. Dalla presenza di colonie italiane nel Mediterraneo, all&#8217;attività dei missionari alle ambizioni imperiali, l&#8217;atteggiamento dell&#8217;Italia nei confronti della realtà islamica nel &#8220;suo&#8221; mare si è trasformato nel tempo senza mutare però nella sostanza. Questo libro risale alle origini e spiega che cosa è successo all&#8217;inizio del Novecento.</p>
<p>&nbsp;</p>

30 anni di libri, idee e libertà
