{"id":14131,"date":"2012-05-24T13:00:26","date_gmt":"2012-05-24T11:00:26","guid":{"rendered":"https:\/\/test.guerini.it\/?product=sinistra-light"},"modified":"2024-06-12T14:42:43","modified_gmt":"2024-06-12T12:42:43","slug":"sinistra-light","status":"publish","type":"product","link":"https:\/\/www.guerini.it\/index.php\/prodotto\/sinistra-light\/","title":{"rendered":"Sinistra light"},"content":{"rendered":"<p style=\"text-align: justify;\">La sinistra italiana appare smarrita, incerta ed evanescente. Privata delle sue radici storiche, senza una rappresentanza sociale definita, si configura giorno dopo giorno come una sinistra <em>light<\/em>, leggera e brillante, adatta a competere in un sistema dominato dai media. Nello scenario del populismo mediatico di matrice berlusconiana, che da tempo fissa e scandisce l\u2019agenda della vita pubblica, la sinistra ne assorbe i comportamenti: la personalizzazione esasperata della leadership, la seduzione in luogo del messaggio politico e della discussione sui programmi, le promesse alluvionali invece di una nuova visione di societ\u00e0&#8230;<br \/>\nAnche la vita culturale \u00e8 fagocitata dal sistema mediatico: i luoghi di incontro sono disertati e la discussione spostata ormai nella piazza televisiva. Ne conseguono spettacolarizzazione, passivit\u00e0, povert\u00e0 delle idee, superficialit\u00e0, tendenza alla omologazione. Fenomeni riscontrabili in altri paesi del mondo, che nell\u2019Italia di oggi si manifestano in forme particolarmente vistose.<br \/>\nLa convinzione maturata dall\u2019autore, nella sua attivit\u00e0 quotidiana di responsabile della Casa della Cultura di Milano, \u00e8 che sia invece ancora molto profonda la domanda di riflessione pacata, di ricerca problematica, di discussione, e che sia diffuso nel paese il bisogno di riprodurre e rimettere in circolo il pensiero critico.<\/p>\n<hr \/>\n<p style=\"text-align: justify;\"><strong>FERRUCCIO CAPELLI<\/strong> ha ricoperto vari incarichi di direzione politica a livello nazionale, regionale e milanese nel PCI, nel PDS e nei DS. Dal 2001 \u00e8 direttore della Casa della Cultura di Milano. Ha curato la pubblicazione di <em>Per una geografia della morale. Dalla Cina all\u2019Islam, dall\u2019Europa all\u2019America<\/em> (Milano 2006) e di <em>Politica e cultura. Per un rinnovato rapporto tra memoria, scelta politica e progetto<\/em> (Milano 2006), edito in occasione del Sessantesimo della Casa della Cultura.<\/p>\n","protected":false},"excerpt":{"rendered":"<p>Nello scenario del populismo mediatico di matrice berlusconiana, che da tempo fissa e scandisce l\u2019agenda della vita pubblica, la sinistra ne assorbe i comportamenti: la personalizzazione esasperata della leadership, la seduzione in luogo del messaggio politico e della discussione sui programmi, le promesse alluvionali invece di una nuova visione di societ\u00e0\u2026<\/p>\n","protected":false},"featured_media":23619,"template":"","meta":{"_editorskit_title_hidden":false,"_editorskit_reading_time":0,"_editorskit_is_block_options_detached":false,"_editorskit_block_options_position":"{}","_monsterinsights_skip_tracking":false,"_monsterinsights_sitenote_active":false,"_monsterinsights_sitenote_note":"","_monsterinsights_sitenote_category":0},"product_brand":[],"product_cat":[6527],"product_tag":[8475,8169,7643],"class_list":{"0":"post-14131","1":"product","2":"type-product","3":"status-publish","4":"has-post-thumbnail","6":"product_cat-attualita","7":"product_tag-attualita","8":"product_tag-governo","9":"product_tag-politica","10":"pa_guerini_amazon_link-https-www-amazon-it-sinistra-light-populismo-mediatico-silenzio-dp-8862500017","11":"pa_guerini_feltrinelli_link-https-www-lafeltrinelli-it-sinistra-light-populismo-mediatico-silenzio-libro-ferruccio-capelli-e-9788862500012","12":"pa_guerini_ibs_link-https-www-ibs-it-sinistra-light-populismo-mediatico-silenzio-libro-ferruccio-capelli-e-9788862500012","13":"pa_guerini_libruniver_link-https-www-libreriauniversitaria-it-sinistra-light-populismo-mediatico-silenzio-libro-9788862500012","14":"pa_guerini_mondadori_link-https-www-mondadoristore-it-sinistra-light-populismo-ferruccio-capelli-eai978886250001","16":"first","17":"instock","18":"sale","19":"shipping-taxable","20":"purchasable","21":"product-type-simple"},"yoast_head":"<!-- This site is optimized with the Yoast SEO plugin v25.4 - https:\/\/yoast.com\/wordpress\/plugins\/seo\/ -->\n<title>F. Capelli, Sinistra light | Guerini Editore<\/title>\n<meta name=\"robots\" content=\"index, follow, max-snippet:-1, max-image-preview:large, max-video-preview:-1\" \/>\n<link rel=\"canonical\" href=\"https:\/\/www.guerini.it\/index.php\/prodotto\/sinistra-light\/\" \/>\n<meta property=\"og:locale\" content=\"it_IT\" \/>\n<meta property=\"og:type\" content=\"article\" \/>\n<meta property=\"og:title\" content=\"F. Capelli, Sinistra light | Guerini Editore\" \/>\n<meta property=\"og:description\" content=\"Nello scenario del populismo mediatico di matrice berlusconiana, che da tempo fissa e scandisce l\u2019agenda della vita pubblica, la sinistra ne assorbe i comportamenti: la personalizzazione esasperata della leadership, la seduzione in luogo del messaggio politico e della discussione sui programmi, le promesse alluvionali invece di una nuova visione di societ\u00e0\u2026\" \/>\n<meta property=\"og:url\" content=\"https:\/\/www.guerini.it\/index.php\/prodotto\/sinistra-light\/\" \/>\n<meta property=\"og:site_name\" content=\"Guerini e Associati\" \/>\n<meta property=\"article:modified_time\" content=\"2024-06-12T12:42:43+00:00\" \/>\n<meta property=\"og:image\" content=\"https:\/\/www.guerini.it\/wp-content\/uploads\/2012\/05\/Sinistra-light.webp\" \/>\n\t<meta property=\"og:image:width\" content=\"812\" \/>\n\t<meta property=\"og:image:height\" content=\"1238\" \/>\n\t<meta property=\"og:image:type\" content=\"image\/webp\" \/>\n<meta name=\"twitter:card\" content=\"summary_large_image\" \/>\n<meta name=\"twitter:label1\" content=\"Tempo di lettura stimato\" \/>\n\t<meta name=\"twitter:data1\" content=\"2 minuti\" \/>\n<!-- \/ Yoast SEO plugin. -->","yoast_head_json":{"title":"F. Capelli, Sinistra light | Guerini Editore","robots":{"index":"index","follow":"follow","max-snippet":"max-snippet:-1","max-image-preview":"max-image-preview:large","max-video-preview":"max-video-preview:-1"},"canonical":"https:\/\/www.guerini.it\/index.php\/prodotto\/sinistra-light\/","og_locale":"it_IT","og_type":"article","og_title":"F. Capelli, Sinistra light | Guerini Editore","og_description":"Nello scenario del populismo mediatico di matrice berlusconiana, che da tempo fissa e scandisce l\u2019agenda della vita pubblica, la sinistra ne assorbe i comportamenti: la personalizzazione esasperata della leadership, la seduzione in luogo del messaggio politico e della discussione sui programmi, le promesse alluvionali invece di una nuova visione di societ\u00e0\u2026","og_url":"https:\/\/www.guerini.it\/index.php\/prodotto\/sinistra-light\/","og_site_name":"Guerini e Associati","article_modified_time":"2024-06-12T12:42:43+00:00","og_image":[{"width":812,"height":1238,"url":"https:\/\/www.guerini.it\/wp-content\/uploads\/2012\/05\/Sinistra-light.webp","type":"image\/webp"}],"twitter_card":"summary_large_image","twitter_misc":{"Tempo di lettura stimato":"2 minuti"},"schema":{"@context":"https:\/\/schema.org","@graph":[{"@type":"WebPage","@id":"https:\/\/www.guerini.it\/index.php\/prodotto\/sinistra-light\/","url":"https:\/\/www.guerini.it\/index.php\/prodotto\/sinistra-light\/","name":"F. Capelli, Sinistra light | Guerini Editore","isPartOf":{"@id":"https:\/\/www.guerini.it\/#website"},"primaryImageOfPage":{"@id":"https:\/\/www.guerini.it\/index.php\/prodotto\/sinistra-light\/#primaryimage"},"image":{"@id":"https:\/\/www.guerini.it\/index.php\/prodotto\/sinistra-light\/#primaryimage"},"thumbnailUrl":"https:\/\/www.guerini.it\/wp-content\/uploads\/2012\/05\/Sinistra-light.webp","datePublished":"2012-05-24T11:00:26+00:00","dateModified":"2024-06-12T12:42:43+00:00","breadcrumb":{"@id":"https:\/\/www.guerini.it\/index.php\/prodotto\/sinistra-light\/#breadcrumb"},"inLanguage":"it-IT","potentialAction":[{"@type":"ReadAction","target":["https:\/\/www.guerini.it\/index.php\/prodotto\/sinistra-light\/"]}]},{"@type":"ImageObject","inLanguage":"it-IT","@id":"https:\/\/www.guerini.it\/index.php\/prodotto\/sinistra-light\/#primaryimage","url":"https:\/\/www.guerini.it\/wp-content\/uploads\/2012\/05\/Sinistra-light.webp","contentUrl":"https:\/\/www.guerini.it\/wp-content\/uploads\/2012\/05\/Sinistra-light.webp","width":812,"height":1238,"caption":"Copertina del volume Sinistra Light, Guerini e Associati, 2008"},{"@type":"BreadcrumbList","@id":"https:\/\/www.guerini.it\/index.php\/prodotto\/sinistra-light\/#breadcrumb","itemListElement":[{"@type":"ListItem","position":1,"name":"Home","item":"https:\/\/www.guerini.it\/"},{"@type":"ListItem","position":2,"name":"Catalogo","item":"https:\/\/www.guerini.it\/index.php\/negozio\/"},{"@type":"ListItem","position":3,"name":"Sinistra light"}]},{"@type":"WebSite","@id":"https:\/\/www.guerini.it\/#website","url":"https:\/\/www.guerini.it\/","name":"Guerini e Associati","description":"30 anni di libri, idee e libert\u00e0","publisher":{"@id":"https:\/\/www.guerini.it\/#organization"},"potentialAction":[{"@type":"SearchAction","target":{"@type":"EntryPoint","urlTemplate":"https:\/\/www.guerini.it\/?s={search_term_string}"},"query-input":{"@type":"PropertyValueSpecification","valueRequired":true,"valueName":"search_term_string"}}],"inLanguage":"it-IT"},{"@type":"Organization","@id":"https:\/\/www.guerini.it\/#organization","name":"Guerini e Associati","url":"https:\/\/www.guerini.it\/","logo":{"@type":"ImageObject","inLanguage":"it-IT","@id":"https:\/\/www.guerini.it\/#\/schema\/logo\/image\/","url":"https:\/\/www.guerini.it\/wp-content\/uploads\/2021\/03\/Logo-Guerini-OK_-e1615831292285.png","contentUrl":"https:\/\/www.guerini.it\/wp-content\/uploads\/2021\/03\/Logo-Guerini-OK_-e1615831292285.png","width":2805,"height":1870,"caption":"Guerini e Associati"},"image":{"@id":"https:\/\/www.guerini.it\/#\/schema\/logo\/image\/"}}]}},"_links":{"self":[{"href":"https:\/\/www.guerini.it\/index.php\/wp-json\/wp\/v2\/product\/14131","targetHints":{"allow":["GET"]}}],"collection":[{"href":"https:\/\/www.guerini.it\/index.php\/wp-json\/wp\/v2\/product"}],"about":[{"href":"https:\/\/www.guerini.it\/index.php\/wp-json\/wp\/v2\/types\/product"}],"wp:featuredmedia":[{"embeddable":true,"href":"https:\/\/www.guerini.it\/index.php\/wp-json\/wp\/v2\/media\/23619"}],"wp:attachment":[{"href":"https:\/\/www.guerini.it\/index.php\/wp-json\/wp\/v2\/media?parent=14131"}],"wp:term":[{"taxonomy":"product_brand","embeddable":true,"href":"https:\/\/www.guerini.it\/index.php\/wp-json\/wp\/v2\/product_brand?post=14131"},{"taxonomy":"product_cat","embeddable":true,"href":"https:\/\/www.guerini.it\/index.php\/wp-json\/wp\/v2\/product_cat?post=14131"},{"taxonomy":"product_tag","embeddable":true,"href":"https:\/\/www.guerini.it\/index.php\/wp-json\/wp\/v2\/product_tag?post=14131"}],"curies":[{"name":"wp","href":"https:\/\/api.w.org\/{rel}","templated":true}]}}

<p style="text-align: justify;">La sinistra italiana appare smarrita, incerta ed evanescente. Privata delle sue radici storiche, senza una rappresentanza sociale definita, si configura giorno dopo giorno come una sinistra <em>light</em>, leggera e brillante, adatta a competere in un sistema dominato dai media. Nello scenario del populismo mediatico di matrice berlusconiana, che da tempo fissa e scandisce l’agenda della vita pubblica, la sinistra ne assorbe i comportamenti: la personalizzazione esasperata della leadership, la seduzione in luogo del messaggio politico e della discussione sui programmi, le promesse alluvionali invece di una nuova visione di società&#8230;<br />
Anche la vita culturale è fagocitata dal sistema mediatico: i luoghi di incontro sono disertati e la discussione spostata ormai nella piazza televisiva. Ne conseguono spettacolarizzazione, passività, povertà delle idee, superficialità, tendenza alla omologazione. Fenomeni riscontrabili in altri paesi del mondo, che nell’Italia di oggi si manifestano in forme particolarmente vistose.<br />
La convinzione maturata dall’autore, nella sua attività quotidiana di responsabile della Casa della Cultura di Milano, è che sia invece ancora molto profonda la domanda di riflessione pacata, di ricerca problematica, di discussione, e che sia diffuso nel paese il bisogno di riprodurre e rimettere in circolo il pensiero critico.</p>
<hr />
<p style="text-align: justify;"><strong>FERRUCCIO CAPELLI</strong> ha ricoperto vari incarichi di direzione politica a livello nazionale, regionale e milanese nel PCI, nel PDS e nei DS. Dal 2001 è direttore della Casa della Cultura di Milano. Ha curato la pubblicazione di <em>Per una geografia della morale. Dalla Cina all’Islam, dall’Europa all’America</em> (Milano 2006) e di <em>Politica e cultura. Per un rinnovato rapporto tra memoria, scelta politica e progetto</em> (Milano 2006), edito in occasione del Sessantesimo della Casa della Cultura.</p>

<p>Nello scenario del populismo mediatico di matrice berlusconiana, che da tempo fissa e scandisce l’agenda della vita pubblica, la sinistra ne assorbe i comportamenti: la personalizzazione esasperata della leadership, la seduzione in luogo del messaggio politico e della discussione sui programmi, le promesse alluvionali invece di una nuova visione di società…</p>

<!-- This site is optimized with the Yoast SEO plugin v25.4 - https://yoast.com/wordpress/plugins/seo/ -->
<title>F. Capelli, Sinistra light | Guerini Editore</title>
<meta name="robots" content="index, follow, max-snippet:-1, max-image-preview:large, max-video-preview:-1" />
<link rel="canonical" href="https://www.guerini.it/index.php/prodotto/sinistra-light/" />
<meta property="og:locale" content="it_IT" />
<meta property="og:type" content="article" />
<meta property="og:title" content="F. Capelli, Sinistra light | Guerini Editore" />
<meta property="og:description" content="Nello scenario del populismo mediatico di matrice berlusconiana, che da tempo fissa e scandisce l’agenda della vita pubblica, la sinistra ne assorbe i comportamenti: la personalizzazione esasperata della leadership, la seduzione in luogo del messaggio politico e della discussione sui programmi, le promesse alluvionali invece di una nuova visione di società…" />
<meta property="og:url" content="https://www.guerini.it/index.php/prodotto/sinistra-light/" />
<meta property="og:site_name" content="Guerini e Associati" />
<meta property="article:modified_time" content="2024-06-12T12:42:43+00:00" />
<meta property="og:image" content="https://www.guerini.it/wp-content/uploads/2012/05/Sinistra-light.webp" />
	<meta property="og:image:width" content="812" />
	<meta property="og:image:height" content="1238" />
	<meta property="og:image:type" content="image/webp" />
<meta name="twitter:card" content="summary_large_image" />
<meta name="twitter:label1" content="Tempo di lettura stimato" />
	<meta name="twitter:data1" content="2 minuti" />
<!-- / Yoast SEO plugin. -->

Nello scenario del populismo mediatico di matrice berlusconiana, che da tempo fissa e scandisce l’agenda della vita pubblica, la sinistra ne assorbe i comportamenti: la personalizzazione esasperata della leadership, la seduzione in luogo del messaggio politico e della discussione sui programmi, le promesse alluvionali invece di una nuova visione di società…

30 anni di libri, idee e libertà
