{"id":14173,"date":"2012-05-24T13:00:43","date_gmt":"2012-05-24T11:00:43","guid":{"rendered":"https:\/\/test.guerini.it\/?product=l-inquietudine-della-colomba"},"modified":"2024-06-12T14:36:48","modified_gmt":"2024-06-12T12:36:48","slug":"l-inquietudine-della-colomba","status":"publish","type":"product","link":"https:\/\/www.guerini.it\/index.php\/prodotto\/l-inquietudine-della-colomba\/","title":{"rendered":"L\u2019inquietudine della colomba"},"content":{"rendered":"<p style=\"text-align: center;\">&#8220;Posso vedere me stesso nell&#8217;inquietudine psicologica di una colomba, ma so che in questo paese gli uomini non toccano le colombe.<br \/>\nLe colombe conducono la loro vita fin nel cuore della citt\u00e0, tra le folle umane. S\u00ec, con un po&#8217; di paura, ma con quale libert\u00e0.&#8221;<\/p>\n<p style=\"text-align: justify;\">Sono le parole conclusive dell&#8217;ultimo articolo di Hrant Dink, pubblicato da Agos &#8211; il settimanale da lui fondato &#8211; dopo la sua morte, avvenuta per mano di un giovane fanatico turco il 19 gennaio 2007. Hrant Dink credeva nella possibilit\u00e0, anzi nel dovere, di convivere: armeni e turchi, cristiani e musulmani. Non per questo rinunciava a scrivere del genocidio degli armeni, ed era stato infatti condannato a sei mesi di carcere per &#8220;insulto all&#8217;identit\u00e0 turca&#8221;. I suoi articoli, che possiamo leggere qui raccolti, vivono di questa duplice sostanza: il timore della colomba e la fiducia nella possibilit\u00e0 di condividere emozioni, desideri, pensieri: in una parola l&#8217;umanit\u00e0. Etyen Mahgupyan, che ha raccolto l&#8217;eredit\u00e0 di Dink alla guida di Agos, scriveva due giorni dopo la morte dell&#8217;amico: &#8220;Ho perso il mio cuore&#8221;. S\u00ec, era il cuore, pi\u00f9 di ogni altra energia motrice, l&#8217;impulso vitale, la qualit\u00e0 dominante, il centro catalizzatore di Hrant: delle sue intuizioni taglienti, del suo linguaggio paradossale, del suo coraggio consapevole.<\/p>\n","protected":false},"excerpt":{"rendered":"<p>Hrant Dink credeva nella possibilit\u00e0, anzi nel dovere, di convivere: armeni e turchi, cristiani e musulmani. Non per questo rinunciava a scrivere del genocidio degli armeni, ed era stato infatti condannato a sei mesi di carcere per \u00abinsulto all\u2019identit\u00e0 turca\u00bb. I suoi articoli, che possiamo leggere qui raccolti, vivono di questa duplice sostanza: il timore della colomba e la fiducia nella possibilit\u00e0 di condividere emozioni, desideri, pensieri: in una parola l\u2019umanit\u00e0.<\/p>\n","protected":false},"featured_media":23212,"template":"","meta":{"_editorskit_title_hidden":false,"_editorskit_reading_time":0,"_editorskit_is_block_options_detached":false,"_editorskit_block_options_position":"{}","_monsterinsights_skip_tracking":false,"_monsterinsights_sitenote_active":false,"_monsterinsights_sitenote_note":"","_monsterinsights_sitenote_category":0},"product_brand":[],"product_cat":[6527,6641,6539],"product_tag":[8502,8077,7050],"class_list":{"0":"post-14173","1":"product","2":"type-product","3":"status-publish","4":"has-post-thumbnail","6":"product_cat-attualita","7":"product_cat-storia-e-cultura-armena","8":"product_cat-storia-e-geografia","9":"product_tag-armenia","10":"product_tag-genocidio-armeno","11":"product_tag-storia","12":"pa_guerini_amazon_link-https-www-amazon-it-linquietudine-colomba-essere-armeni-turchia-dp-8883359984","13":"pa_guerini_feltrinelli_link-https-www-lafeltrinelli-it-inquietudine-della-colomba-essere-armeni-libro-hrant-dink-e-9788883359989","14":"pa_guerini_ibs_link-https-www-ibs-it-inquietudine-della-colomba-essere-armeni-libro-hrant-dink-e-9788883359989","15":"pa_guerini_libruniver_link-https-www-libreriauniversitaria-it-inquietudine-colomba-essere-armeni-turchia-libro-9788883359989","16":"pa_guerini_link_amazon-b3-httpswwwamazonitlinquietud","17":"pa_guerini_link_apple_ibook-c8-httpsitunesapplecomitbookl","18":"pa_guerini_link_giunti_punto-15-httpswwwgiuntialpuntoitpro","19":"pa_guerini_link_google_play-27-httpsplaygooglecomstoreboo","20":"pa_guerini_link_ibs-https-www-ibs-it-inquietudine-della-colomba-essere-armeni-ebook-hrant-dink-e-9788881952861","21":"pa_guerini_link_kobo-c4-httpswwwkobocomititebookl_","22":"pa_guerini_link_lafeltrinelli-https-www-lafeltrinelli-it-inquietudine-della-colomba-essere-armeni-ebook-hrant-dink-e-9788881952861","23":"pa_guerini_link_mondadori-https-www-mondadoristore-it-linquietudine-colomba-essere-hrant-dink-eai978888195286","24":"pa_guerini_link_rizzoli-https-www-libreriarizzoli-it-inquietudine-colomba-essere-hrant-dink-eai978888195286","25":"pa_guerini_mondadori_link-https-www-mondadoristore-it-inquietudine-colomba-essere-hrant-dink-eai978888335998","27":"first","28":"instock","29":"sale","30":"shipping-taxable","31":"purchasable","32":"product-type-simple"},"yoast_head":"<!-- This site is optimized with the Yoast SEO plugin v25.4 - https:\/\/yoast.com\/wordpress\/plugins\/seo\/ -->\n<title>L\u2019inquietudine della colomba - Guerini e Associati<\/title>\n<meta name=\"robots\" content=\"index, follow, max-snippet:-1, max-image-preview:large, max-video-preview:-1\" \/>\n<link rel=\"canonical\" href=\"https:\/\/www.guerini.it\/index.php\/prodotto\/l-inquietudine-della-colomba\/\" \/>\n<meta property=\"og:locale\" content=\"it_IT\" \/>\n<meta property=\"og:type\" content=\"article\" \/>\n<meta property=\"og:title\" content=\"L\u2019inquietudine della colomba - Guerini e Associati\" \/>\n<meta property=\"og:description\" content=\"Hrant Dink credeva nella possibilit\u00e0, anzi nel dovere, di convivere: armeni e turchi, cristiani e musulmani. Non per questo rinunciava a scrivere del genocidio degli armeni, ed era stato infatti condannato a sei mesi di carcere per \u00abinsulto all\u2019identit\u00e0 turca\u00bb. I suoi articoli, che possiamo leggere qui raccolti, vivono di questa duplice sostanza: il timore della colomba e la fiducia nella possibilit\u00e0 di condividere emozioni, desideri, pensieri: in una parola l\u2019umanit\u00e0.\" \/>\n<meta property=\"og:url\" content=\"https:\/\/www.guerini.it\/index.php\/prodotto\/l-inquietudine-della-colomba\/\" \/>\n<meta property=\"og:site_name\" content=\"Guerini e Associati\" \/>\n<meta property=\"article:modified_time\" content=\"2024-06-12T12:36:48+00:00\" \/>\n<meta property=\"og:image\" content=\"https:\/\/www.guerini.it\/wp-content\/uploads\/2012\/05\/Cop.-Dink-alta-e1665564302239.jpg\" \/>\n\t<meta property=\"og:image:width\" content=\"232\" \/>\n\t<meta property=\"og:image:height\" content=\"350\" \/>\n\t<meta property=\"og:image:type\" content=\"image\/jpeg\" \/>\n<meta name=\"twitter:card\" content=\"summary_large_image\" \/>\n<meta name=\"twitter:label1\" content=\"Tempo di lettura stimato\" \/>\n\t<meta name=\"twitter:data1\" content=\"2 minuti\" \/>\n<!-- \/ Yoast SEO plugin. -->","yoast_head_json":{"title":"L\u2019inquietudine della colomba - Guerini e Associati","robots":{"index":"index","follow":"follow","max-snippet":"max-snippet:-1","max-image-preview":"max-image-preview:large","max-video-preview":"max-video-preview:-1"},"canonical":"https:\/\/www.guerini.it\/index.php\/prodotto\/l-inquietudine-della-colomba\/","og_locale":"it_IT","og_type":"article","og_title":"L\u2019inquietudine della colomba - Guerini e Associati","og_description":"Hrant Dink credeva nella possibilit\u00e0, anzi nel dovere, di convivere: armeni e turchi, cristiani e musulmani. Non per questo rinunciava a scrivere del genocidio degli armeni, ed era stato infatti condannato a sei mesi di carcere per \u00abinsulto all\u2019identit\u00e0 turca\u00bb. I suoi articoli, che possiamo leggere qui raccolti, vivono di questa duplice sostanza: il timore della colomba e la fiducia nella possibilit\u00e0 di condividere emozioni, desideri, pensieri: in una parola l\u2019umanit\u00e0.","og_url":"https:\/\/www.guerini.it\/index.php\/prodotto\/l-inquietudine-della-colomba\/","og_site_name":"Guerini e Associati","article_modified_time":"2024-06-12T12:36:48+00:00","og_image":[{"width":232,"height":350,"url":"https:\/\/www.guerini.it\/wp-content\/uploads\/2012\/05\/Cop.-Dink-alta-e1665564302239.jpg","type":"image\/jpeg"}],"twitter_card":"summary_large_image","twitter_misc":{"Tempo di lettura stimato":"2 minuti"},"schema":{"@context":"https:\/\/schema.org","@graph":[{"@type":"WebPage","@id":"https:\/\/www.guerini.it\/index.php\/prodotto\/l-inquietudine-della-colomba\/","url":"https:\/\/www.guerini.it\/index.php\/prodotto\/l-inquietudine-della-colomba\/","name":"L\u2019inquietudine della colomba - Guerini e Associati","isPartOf":{"@id":"https:\/\/www.guerini.it\/#website"},"primaryImageOfPage":{"@id":"https:\/\/www.guerini.it\/index.php\/prodotto\/l-inquietudine-della-colomba\/#primaryimage"},"image":{"@id":"https:\/\/www.guerini.it\/index.php\/prodotto\/l-inquietudine-della-colomba\/#primaryimage"},"thumbnailUrl":"https:\/\/www.guerini.it\/wp-content\/uploads\/2012\/05\/Cop.-Dink-alta-e1665564302239.jpg","datePublished":"2012-05-24T11:00:43+00:00","dateModified":"2024-06-12T12:36:48+00:00","breadcrumb":{"@id":"https:\/\/www.guerini.it\/index.php\/prodotto\/l-inquietudine-della-colomba\/#breadcrumb"},"inLanguage":"it-IT","potentialAction":[{"@type":"ReadAction","target":["https:\/\/www.guerini.it\/index.php\/prodotto\/l-inquietudine-della-colomba\/"]}]},{"@type":"ImageObject","inLanguage":"it-IT","@id":"https:\/\/www.guerini.it\/index.php\/prodotto\/l-inquietudine-della-colomba\/#primaryimage","url":"https:\/\/www.guerini.it\/wp-content\/uploads\/2012\/05\/Cop.-Dink-alta-e1665564302239.jpg","contentUrl":"https:\/\/www.guerini.it\/wp-content\/uploads\/2012\/05\/Cop.-Dink-alta-e1665564302239.jpg","width":232,"height":350,"caption":"Copertina del volume L'inquietudine della colomba"},{"@type":"BreadcrumbList","@id":"https:\/\/www.guerini.it\/index.php\/prodotto\/l-inquietudine-della-colomba\/#breadcrumb","itemListElement":[{"@type":"ListItem","position":1,"name":"Home","item":"https:\/\/www.guerini.it\/"},{"@type":"ListItem","position":2,"name":"Catalogo","item":"https:\/\/www.guerini.it\/index.php\/negozio\/"},{"@type":"ListItem","position":3,"name":"L\u2019inquietudine della colomba"}]},{"@type":"WebSite","@id":"https:\/\/www.guerini.it\/#website","url":"https:\/\/www.guerini.it\/","name":"Guerini e Associati","description":"30 anni di libri, idee e libert\u00e0","publisher":{"@id":"https:\/\/www.guerini.it\/#organization"},"potentialAction":[{"@type":"SearchAction","target":{"@type":"EntryPoint","urlTemplate":"https:\/\/www.guerini.it\/?s={search_term_string}"},"query-input":{"@type":"PropertyValueSpecification","valueRequired":true,"valueName":"search_term_string"}}],"inLanguage":"it-IT"},{"@type":"Organization","@id":"https:\/\/www.guerini.it\/#organization","name":"Guerini e Associati","url":"https:\/\/www.guerini.it\/","logo":{"@type":"ImageObject","inLanguage":"it-IT","@id":"https:\/\/www.guerini.it\/#\/schema\/logo\/image\/","url":"https:\/\/www.guerini.it\/wp-content\/uploads\/2021\/03\/Logo-Guerini-OK_-e1615831292285.png","contentUrl":"https:\/\/www.guerini.it\/wp-content\/uploads\/2021\/03\/Logo-Guerini-OK_-e1615831292285.png","width":2805,"height":1870,"caption":"Guerini e Associati"},"image":{"@id":"https:\/\/www.guerini.it\/#\/schema\/logo\/image\/"}}]}},"_links":{"self":[{"href":"https:\/\/www.guerini.it\/index.php\/wp-json\/wp\/v2\/product\/14173","targetHints":{"allow":["GET"]}}],"collection":[{"href":"https:\/\/www.guerini.it\/index.php\/wp-json\/wp\/v2\/product"}],"about":[{"href":"https:\/\/www.guerini.it\/index.php\/wp-json\/wp\/v2\/types\/product"}],"wp:featuredmedia":[{"embeddable":true,"href":"https:\/\/www.guerini.it\/index.php\/wp-json\/wp\/v2\/media\/23212"}],"wp:attachment":[{"href":"https:\/\/www.guerini.it\/index.php\/wp-json\/wp\/v2\/media?parent=14173"}],"wp:term":[{"taxonomy":"product_brand","embeddable":true,"href":"https:\/\/www.guerini.it\/index.php\/wp-json\/wp\/v2\/product_brand?post=14173"},{"taxonomy":"product_cat","embeddable":true,"href":"https:\/\/www.guerini.it\/index.php\/wp-json\/wp\/v2\/product_cat?post=14173"},{"taxonomy":"product_tag","embeddable":true,"href":"https:\/\/www.guerini.it\/index.php\/wp-json\/wp\/v2\/product_tag?post=14173"}],"curies":[{"name":"wp","href":"https:\/\/api.w.org\/{rel}","templated":true}]}}