{"id":14214,"date":"2012-05-24T13:00:44","date_gmt":"2012-05-24T11:00:44","guid":{"rendered":"https:\/\/test.guerini.it\/?product=europa-come-destino-e-come-compito"},"modified":"2024-06-12T14:42:42","modified_gmt":"2024-06-12T12:42:42","slug":"europa-come-destino-e-come-compito","status":"publish","type":"product","link":"https:\/\/www.guerini.it\/index.php\/prodotto\/europa-come-destino-e-come-compito\/","title":{"rendered":"Europa come destino e come compito"},"content":{"rendered":"<p>Heidegger e Gadamer si sono richiamati alla poesia e alla intelligenza poetica di Paul Celan. Oggi \u00e8 a nostra disposizione la corrispondenza di Celan con sua moglie; e in una lunga serie di mostre sono stati esposti i quadri di Gis\u00e8le Celan-Lestrange, i cui titoli si devono per lo pi\u00f9 a Paul Celan. Questi \u00e8 conosciuto come il poeta di Todesfuge, in cui i prigionieri dei campi di  sterminio parlano a noi. Eppure, dopo questo grande poema, Celan ha potuto scrivere ancora per venticinque anni. Come si pu\u00f2, con i terribili ricordi che egli albergava in s\u00e9, riuscire a vivere e cercare un nuovo futuro per l\u2019Europa? La via \u00e8 forse indicata dallo sforzo comune che Celan e sua moglie volgevano all\u2019arte figurativa e alla poesia?\u00bb.<\/p>\n","protected":false},"excerpt":{"rendered":"<p>Heidegger e Gadamer si sono richiamati alla poesia e alla intelligenza poetica di Paul Celan. Oggi \u00e8 a nostra disposizione la corrispondenza di Celan con sua moglie; e in una lunga serie di mostre sono stati esposti i quadri di Gis\u00e8le Celan-Lestrange, i cui titoli si devono per lo pi\u00f9 a Paul Celan. Questi \u00e8 conosciuto come il poeta di Todesfuge, in cui i prigionieri dei campi di  sterminio parlano a noi. Eppure, dopo questo grande poema, Celan ha potuto scrivere ancora per venticinque anni. Come si pu\u00f2, con i terribili ricordi che egli albergava in s\u00e9, riuscire a vivere e cercare un nuovo futuro per l\u2019Europa? La via \u00e8 forse indicata dallo sforzo comune che Celan e sua moglie volgevano all\u2019arte figurativa e alla poesia?\u00bb.<\/p>\n","protected":false},"featured_media":14213,"template":"","meta":{"_editorskit_title_hidden":false,"_editorskit_reading_time":0,"_editorskit_is_block_options_detached":false,"_editorskit_block_options_position":"{}","_monsterinsights_skip_tracking":false,"_monsterinsights_sitenote_active":false,"_monsterinsights_sitenote_note":"","_monsterinsights_sitenote_category":0},"product_brand":[],"product_cat":[6530,6619],"product_tag":[],"class_list":{"0":"post-14214","1":"product","2":"type-product","3":"status-publish","4":"has-post-thumbnail","6":"product_cat-filosofia","7":"product_cat-si","8":"pa_country_of_manufacture-it","10":"first","11":"instock","12":"sale","13":"shipping-taxable","14":"purchasable","15":"product-type-simple"},"yoast_head":"<!-- This site is optimized with the Yoast SEO plugin v25.4 - https:\/\/yoast.com\/wordpress\/plugins\/seo\/ -->\n<title>Europa come destino e come compito - Guerini e Associati<\/title>\n<meta name=\"robots\" content=\"index, follow, max-snippet:-1, max-image-preview:large, max-video-preview:-1\" \/>\n<link rel=\"canonical\" href=\"https:\/\/www.guerini.it\/index.php\/prodotto\/europa-come-destino-e-come-compito\/\" \/>\n<meta property=\"og:locale\" content=\"it_IT\" \/>\n<meta property=\"og:type\" content=\"article\" \/>\n<meta property=\"og:title\" content=\"Europa come destino e come compito - Guerini e Associati\" \/>\n<meta property=\"og:description\" content=\"Heidegger e Gadamer si sono richiamati alla poesia e alla intelligenza poetica di Paul Celan. Oggi \u00e8 a nostra disposizione la corrispondenza di Celan con sua moglie; e in una lunga serie di mostre sono stati esposti i quadri di Gis\u00e8le Celan-Lestrange, i cui titoli si devono per lo pi\u00f9 a Paul Celan. Questi \u00e8 conosciuto come il poeta di Todesfuge, in cui i prigionieri dei campi di sterminio parlano a noi. Eppure, dopo questo grande poema, Celan ha potuto scrivere ancora per venticinque anni. Come si pu\u00f2, con i terribili ricordi che egli albergava in s\u00e9, riuscire a vivere e cercare un nuovo futuro per l\u2019Europa? La via \u00e8 forse indicata dallo sforzo comune che Celan e sua moglie volgevano all\u2019arte figurativa e alla poesia?\u00bb.\" \/>\n<meta property=\"og:url\" content=\"https:\/\/www.guerini.it\/index.php\/prodotto\/europa-come-destino-e-come-compito\/\" \/>\n<meta property=\"og:site_name\" content=\"Guerini e Associati\" \/>\n<meta property=\"article:modified_time\" content=\"2024-06-12T12:42:42+00:00\" \/>\n<meta property=\"og:image\" content=\"https:\/\/www.guerini.it\/wp-content\/uploads\/2012\/05\/978-88-6250-006-7.jpg\" \/>\n\t<meta property=\"og:image:width\" content=\"198\" \/>\n\t<meta property=\"og:image:height\" content=\"298\" \/>\n\t<meta property=\"og:image:type\" content=\"image\/jpeg\" \/>\n<meta name=\"twitter:card\" content=\"summary_large_image\" \/>\n<meta name=\"twitter:label1\" content=\"Tempo di lettura stimato\" \/>\n\t<meta name=\"twitter:data1\" content=\"1 minuto\" \/>\n<!-- \/ Yoast SEO plugin. -->","yoast_head_json":{"title":"Europa come destino e come compito - Guerini e Associati","robots":{"index":"index","follow":"follow","max-snippet":"max-snippet:-1","max-image-preview":"max-image-preview:large","max-video-preview":"max-video-preview:-1"},"canonical":"https:\/\/www.guerini.it\/index.php\/prodotto\/europa-come-destino-e-come-compito\/","og_locale":"it_IT","og_type":"article","og_title":"Europa come destino e come compito - Guerini e Associati","og_description":"Heidegger e Gadamer si sono richiamati alla poesia e alla intelligenza poetica di Paul Celan. Oggi \u00e8 a nostra disposizione la corrispondenza di Celan con sua moglie; e in una lunga serie di mostre sono stati esposti i quadri di Gis\u00e8le Celan-Lestrange, i cui titoli si devono per lo pi\u00f9 a Paul Celan. Questi \u00e8 conosciuto come il poeta di Todesfuge, in cui i prigionieri dei campi di sterminio parlano a noi. Eppure, dopo questo grande poema, Celan ha potuto scrivere ancora per venticinque anni. Come si pu\u00f2, con i terribili ricordi che egli albergava in s\u00e9, riuscire a vivere e cercare un nuovo futuro per l\u2019Europa? La via \u00e8 forse indicata dallo sforzo comune che Celan e sua moglie volgevano all\u2019arte figurativa e alla poesia?\u00bb.","og_url":"https:\/\/www.guerini.it\/index.php\/prodotto\/europa-come-destino-e-come-compito\/","og_site_name":"Guerini e Associati","article_modified_time":"2024-06-12T12:42:42+00:00","og_image":[{"width":198,"height":298,"url":"https:\/\/www.guerini.it\/wp-content\/uploads\/2012\/05\/978-88-6250-006-7.jpg","type":"image\/jpeg"}],"twitter_card":"summary_large_image","twitter_misc":{"Tempo di lettura stimato":"1 minuto"},"schema":{"@context":"https:\/\/schema.org","@graph":[{"@type":"WebPage","@id":"https:\/\/www.guerini.it\/index.php\/prodotto\/europa-come-destino-e-come-compito\/","url":"https:\/\/www.guerini.it\/index.php\/prodotto\/europa-come-destino-e-come-compito\/","name":"Europa come destino e come compito - Guerini e Associati","isPartOf":{"@id":"https:\/\/www.guerini.it\/#website"},"primaryImageOfPage":{"@id":"https:\/\/www.guerini.it\/index.php\/prodotto\/europa-come-destino-e-come-compito\/#primaryimage"},"image":{"@id":"https:\/\/www.guerini.it\/index.php\/prodotto\/europa-come-destino-e-come-compito\/#primaryimage"},"thumbnailUrl":"https:\/\/www.guerini.it\/wp-content\/uploads\/2012\/05\/978-88-6250-006-7.jpg","datePublished":"2012-05-24T11:00:44+00:00","dateModified":"2024-06-12T12:42:42+00:00","breadcrumb":{"@id":"https:\/\/www.guerini.it\/index.php\/prodotto\/europa-come-destino-e-come-compito\/#breadcrumb"},"inLanguage":"it-IT","potentialAction":[{"@type":"ReadAction","target":["https:\/\/www.guerini.it\/index.php\/prodotto\/europa-come-destino-e-come-compito\/"]}]},{"@type":"ImageObject","inLanguage":"it-IT","@id":"https:\/\/www.guerini.it\/index.php\/prodotto\/europa-come-destino-e-come-compito\/#primaryimage","url":"https:\/\/www.guerini.it\/wp-content\/uploads\/2012\/05\/978-88-6250-006-7.jpg","contentUrl":"https:\/\/www.guerini.it\/wp-content\/uploads\/2012\/05\/978-88-6250-006-7.jpg","width":198,"height":298,"caption":"Europa come destino e come compito"},{"@type":"BreadcrumbList","@id":"https:\/\/www.guerini.it\/index.php\/prodotto\/europa-come-destino-e-come-compito\/#breadcrumb","itemListElement":[{"@type":"ListItem","position":1,"name":"Home","item":"https:\/\/www.guerini.it\/"},{"@type":"ListItem","position":2,"name":"Catalogo","item":"https:\/\/www.guerini.it\/index.php\/negozio\/"},{"@type":"ListItem","position":3,"name":"Europa come destino e come compito"}]},{"@type":"WebSite","@id":"https:\/\/www.guerini.it\/#website","url":"https:\/\/www.guerini.it\/","name":"Guerini e Associati","description":"30 anni di libri, idee e libert\u00e0","publisher":{"@id":"https:\/\/www.guerini.it\/#organization"},"potentialAction":[{"@type":"SearchAction","target":{"@type":"EntryPoint","urlTemplate":"https:\/\/www.guerini.it\/?s={search_term_string}"},"query-input":{"@type":"PropertyValueSpecification","valueRequired":true,"valueName":"search_term_string"}}],"inLanguage":"it-IT"},{"@type":"Organization","@id":"https:\/\/www.guerini.it\/#organization","name":"Guerini e Associati","url":"https:\/\/www.guerini.it\/","logo":{"@type":"ImageObject","inLanguage":"it-IT","@id":"https:\/\/www.guerini.it\/#\/schema\/logo\/image\/","url":"https:\/\/www.guerini.it\/wp-content\/uploads\/2021\/03\/Logo-Guerini-OK_-e1615831292285.png","contentUrl":"https:\/\/www.guerini.it\/wp-content\/uploads\/2021\/03\/Logo-Guerini-OK_-e1615831292285.png","width":2805,"height":1870,"caption":"Guerini e Associati"},"image":{"@id":"https:\/\/www.guerini.it\/#\/schema\/logo\/image\/"}}]}},"_links":{"self":[{"href":"https:\/\/www.guerini.it\/index.php\/wp-json\/wp\/v2\/product\/14214","targetHints":{"allow":["GET"]}}],"collection":[{"href":"https:\/\/www.guerini.it\/index.php\/wp-json\/wp\/v2\/product"}],"about":[{"href":"https:\/\/www.guerini.it\/index.php\/wp-json\/wp\/v2\/types\/product"}],"wp:featuredmedia":[{"embeddable":true,"href":"https:\/\/www.guerini.it\/index.php\/wp-json\/wp\/v2\/media\/14213"}],"wp:attachment":[{"href":"https:\/\/www.guerini.it\/index.php\/wp-json\/wp\/v2\/media?parent=14214"}],"wp:term":[{"taxonomy":"product_brand","embeddable":true,"href":"https:\/\/www.guerini.it\/index.php\/wp-json\/wp\/v2\/product_brand?post=14214"},{"taxonomy":"product_cat","embeddable":true,"href":"https:\/\/www.guerini.it\/index.php\/wp-json\/wp\/v2\/product_cat?post=14214"},{"taxonomy":"product_tag","embeddable":true,"href":"https:\/\/www.guerini.it\/index.php\/wp-json\/wp\/v2\/product_tag?post=14214"}],"curies":[{"name":"wp","href":"https:\/\/api.w.org\/{rel}","templated":true}]}}

<p>Heidegger e Gadamer si sono richiamati alla poesia e alla intelligenza poetica di Paul Celan. Oggi è a nostra disposizione la corrispondenza di Celan con sua moglie; e in una lunga serie di mostre sono stati esposti i quadri di Gisèle Celan-Lestrange, i cui titoli si devono per lo più a Paul Celan. Questi è conosciuto come il poeta di Todesfuge, in cui i prigionieri dei campi di  sterminio parlano a noi. Eppure, dopo questo grande poema, Celan ha potuto scrivere ancora per venticinque anni. Come si può, con i terribili ricordi che egli albergava in sé, riuscire a vivere e cercare un nuovo futuro per l’Europa? La via è forse indicata dallo sforzo comune che Celan e sua moglie volgevano all’arte figurativa e alla poesia?».</p>

<!-- This site is optimized with the Yoast SEO plugin v25.4 - https://yoast.com/wordpress/plugins/seo/ -->
<title>Europa come destino e come compito - Guerini e Associati</title>
<meta name="robots" content="index, follow, max-snippet:-1, max-image-preview:large, max-video-preview:-1" />
<link rel="canonical" href="https://www.guerini.it/index.php/prodotto/europa-come-destino-e-come-compito/" />
<meta property="og:locale" content="it_IT" />
<meta property="og:type" content="article" />
<meta property="og:title" content="Europa come destino e come compito - Guerini e Associati" />
<meta property="og:description" content="Heidegger e Gadamer si sono richiamati alla poesia e alla intelligenza poetica di Paul Celan. Oggi è a nostra disposizione la corrispondenza di Celan con sua moglie; e in una lunga serie di mostre sono stati esposti i quadri di Gisèle Celan-Lestrange, i cui titoli si devono per lo più a Paul Celan. Questi è conosciuto come il poeta di Todesfuge, in cui i prigionieri dei campi di sterminio parlano a noi. Eppure, dopo questo grande poema, Celan ha potuto scrivere ancora per venticinque anni. Come si può, con i terribili ricordi che egli albergava in sé, riuscire a vivere e cercare un nuovo futuro per l’Europa? La via è forse indicata dallo sforzo comune che Celan e sua moglie volgevano all’arte figurativa e alla poesia?»." />
<meta property="og:url" content="https://www.guerini.it/index.php/prodotto/europa-come-destino-e-come-compito/" />
<meta property="og:site_name" content="Guerini e Associati" />
<meta property="article:modified_time" content="2024-06-12T12:42:42+00:00" />
<meta property="og:image" content="https://www.guerini.it/wp-content/uploads/2012/05/978-88-6250-006-7.jpg" />
	<meta property="og:image:width" content="198" />
	<meta property="og:image:height" content="298" />
	<meta property="og:image:type" content="image/jpeg" />
<meta name="twitter:card" content="summary_large_image" />
<meta name="twitter:label1" content="Tempo di lettura stimato" />
	<meta name="twitter:data1" content="1 minuto" />
<!-- / Yoast SEO plugin. -->

Heidegger e Gadamer si sono richiamati alla poesia e alla intelligenza poetica di Paul Celan. Oggi è a nostra disposizione la corrispondenza di Celan con sua moglie; e in una lunga serie di mostre sono stati esposti i quadri di Gisèle Celan-Lestrange, i cui titoli si devono per lo più a Paul Celan. Questi è conosciuto come il poeta di Todesfuge, in cui i prigionieri dei campi di sterminio parlano a noi. Eppure, dopo questo grande poema, Celan ha potuto scrivere ancora per venticinque anni. Come si può, con i terribili ricordi che egli albergava in sé, riuscire a vivere e cercare un nuovo futuro per l’Europa? La via è forse indicata dallo sforzo comune che Celan e sua moglie volgevano all’arte figurativa e alla poesia?».

30 anni di libri, idee e libertà
