{"id":14217,"date":"2012-05-24T13:00:44","date_gmt":"2012-05-24T11:00:44","guid":{"rendered":"https:\/\/test.guerini.it\/?product=che-capo-vuoi"},"modified":"2024-06-12T14:34:45","modified_gmt":"2024-06-12T12:34:45","slug":"che-capo-vuoi","status":"publish","type":"product","link":"https:\/\/www.guerini.it\/index.php\/prodotto\/che-capo-vuoi\/","title":{"rendered":"Che capo vuoi?"},"content":{"rendered":"<p>La \u00absindrome del capo\u00bb: difficolt\u00e0 del ruolo, paura della responsabilit\u00e0, dipendenza come tranquillit\u00e0, corsa alla carriera e delusione. Questi alcuni dei sintomi per chi ha a che fare col \u00abfascino discreto del potere\u00bb. Ma da dove viene il potere dei capi? Le difficolt\u00e0 nei meccanismi di selezione della leadership, il peso dei leader del passato, la comune sensazione dell\u2019inadeguatezza di una figura sociale invitano a ripensare questa professione. Emerge un variegato affresco che, al di l\u00e0 di luci e ombre, lascia trasparire precise direttrici di marcia per il futuro.<\/p>\n","protected":false},"excerpt":{"rendered":"<p>La \u00absindrome del capo\u00bb: difficolt\u00e0 del ruolo, paura della responsabilit\u00e0, dipendenza come tranquillit\u00e0, corsa alla carriera e delusione. Questi alcuni dei sintomi per chi ha a che fare col \u00abfascino discreto del potere\u00bb. Ma da dove viene il potere dei capi? Le difficolt\u00e0 nei meccanismi di selezione della leadership, il peso dei leader del passato, la comune sensazione dell\u2019inadeguatezza di una figura sociale invitano a ripensare questa professione. Emerge un variegato affresco che, al di l\u00e0 di luci e ombre, lascia trasparire precise direttrici di marcia per il futuro.<\/p>\n","protected":false},"featured_media":14215,"template":"","meta":{"_editorskit_title_hidden":false,"_editorskit_reading_time":0,"_editorskit_is_block_options_detached":false,"_editorskit_block_options_position":"{}","_monsterinsights_skip_tracking":false,"_monsterinsights_sitenote_active":false,"_monsterinsights_sitenote_note":"","_monsterinsights_sitenote_category":0},"product_brand":[],"product_cat":[6529,6622],"product_tag":[],"class_list":{"0":"post-14217","1":"product","2":"type-product","3":"status-publish","4":"has-post-thumbnail","6":"product_cat-economia-e-management","7":"product_cat-bp","8":"pa_country_of_manufacture-it","10":"first","11":"instock","12":"sale","13":"shipping-taxable","14":"purchasable","15":"product-type-simple"},"yoast_head":"<!-- This site is optimized with the Yoast SEO plugin v25.4 - https:\/\/yoast.com\/wordpress\/plugins\/seo\/ -->\n<title>Che capo vuoi? - Guerini e Associati<\/title>\n<meta name=\"robots\" content=\"index, follow, max-snippet:-1, max-image-preview:large, max-video-preview:-1\" \/>\n<link rel=\"canonical\" href=\"https:\/\/www.guerini.it\/index.php\/prodotto\/che-capo-vuoi\/\" \/>\n<meta property=\"og:locale\" content=\"it_IT\" \/>\n<meta property=\"og:type\" content=\"article\" \/>\n<meta property=\"og:title\" content=\"Che capo vuoi? - Guerini e Associati\" \/>\n<meta property=\"og:description\" content=\"La \u00absindrome del capo\u00bb: difficolt\u00e0 del ruolo, paura della responsabilit\u00e0, dipendenza come tranquillit\u00e0, corsa alla carriera e delusione. Questi alcuni dei sintomi per chi ha a che fare col \u00abfascino discreto del potere\u00bb. Ma da dove viene il potere dei capi? Le difficolt\u00e0 nei meccanismi di selezione della leadership, il peso dei leader del passato, la comune sensazione dell\u2019inadeguatezza di una figura sociale invitano a ripensare questa professione. Emerge un variegato affresco che, al di l\u00e0 di luci e ombre, lascia trasparire precise direttrici di marcia per il futuro.\" \/>\n<meta property=\"og:url\" content=\"https:\/\/www.guerini.it\/index.php\/prodotto\/che-capo-vuoi\/\" \/>\n<meta property=\"og:site_name\" content=\"Guerini e Associati\" \/>\n<meta property=\"article:modified_time\" content=\"2024-06-12T12:34:45+00:00\" \/>\n<meta property=\"og:image\" content=\"https:\/\/www.guerini.it\/wp-content\/uploads\/2012\/05\/che_capo_vuoi_alta_265x411.jpg\" \/>\n\t<meta property=\"og:image:width\" content=\"265\" \/>\n\t<meta property=\"og:image:height\" content=\"411\" \/>\n\t<meta property=\"og:image:type\" content=\"image\/jpeg\" \/>\n<meta name=\"twitter:card\" content=\"summary_large_image\" \/>\n<!-- \/ Yoast SEO plugin. -->","yoast_head_json":{"title":"Che capo vuoi? - Guerini e Associati","robots":{"index":"index","follow":"follow","max-snippet":"max-snippet:-1","max-image-preview":"max-image-preview:large","max-video-preview":"max-video-preview:-1"},"canonical":"https:\/\/www.guerini.it\/index.php\/prodotto\/che-capo-vuoi\/","og_locale":"it_IT","og_type":"article","og_title":"Che capo vuoi? - Guerini e Associati","og_description":"La \u00absindrome del capo\u00bb: difficolt\u00e0 del ruolo, paura della responsabilit\u00e0, dipendenza come tranquillit\u00e0, corsa alla carriera e delusione. Questi alcuni dei sintomi per chi ha a che fare col \u00abfascino discreto del potere\u00bb. Ma da dove viene il potere dei capi? Le difficolt\u00e0 nei meccanismi di selezione della leadership, il peso dei leader del passato, la comune sensazione dell\u2019inadeguatezza di una figura sociale invitano a ripensare questa professione. Emerge un variegato affresco che, al di l\u00e0 di luci e ombre, lascia trasparire precise direttrici di marcia per il futuro.","og_url":"https:\/\/www.guerini.it\/index.php\/prodotto\/che-capo-vuoi\/","og_site_name":"Guerini e Associati","article_modified_time":"2024-06-12T12:34:45+00:00","og_image":[{"width":265,"height":411,"url":"https:\/\/www.guerini.it\/wp-content\/uploads\/2012\/05\/che_capo_vuoi_alta_265x411.jpg","type":"image\/jpeg"}],"twitter_card":"summary_large_image","schema":{"@context":"https:\/\/schema.org","@graph":[{"@type":"WebPage","@id":"https:\/\/www.guerini.it\/index.php\/prodotto\/che-capo-vuoi\/","url":"https:\/\/www.guerini.it\/index.php\/prodotto\/che-capo-vuoi\/","name":"Che capo vuoi? - Guerini e Associati","isPartOf":{"@id":"https:\/\/www.guerini.it\/#website"},"primaryImageOfPage":{"@id":"https:\/\/www.guerini.it\/index.php\/prodotto\/che-capo-vuoi\/#primaryimage"},"image":{"@id":"https:\/\/www.guerini.it\/index.php\/prodotto\/che-capo-vuoi\/#primaryimage"},"thumbnailUrl":"https:\/\/www.guerini.it\/wp-content\/uploads\/2012\/05\/che_capo_vuoi_alta_265x411.jpg","datePublished":"2012-05-24T11:00:44+00:00","dateModified":"2024-06-12T12:34:45+00:00","breadcrumb":{"@id":"https:\/\/www.guerini.it\/index.php\/prodotto\/che-capo-vuoi\/#breadcrumb"},"inLanguage":"it-IT","potentialAction":[{"@type":"ReadAction","target":["https:\/\/www.guerini.it\/index.php\/prodotto\/che-capo-vuoi\/"]}]},{"@type":"ImageObject","inLanguage":"it-IT","@id":"https:\/\/www.guerini.it\/index.php\/prodotto\/che-capo-vuoi\/#primaryimage","url":"https:\/\/www.guerini.it\/wp-content\/uploads\/2012\/05\/che_capo_vuoi_alta_265x411.jpg","contentUrl":"https:\/\/www.guerini.it\/wp-content\/uploads\/2012\/05\/che_capo_vuoi_alta_265x411.jpg","width":265,"height":411,"caption":"Che capo vuoi?-0"},{"@type":"BreadcrumbList","@id":"https:\/\/www.guerini.it\/index.php\/prodotto\/che-capo-vuoi\/#breadcrumb","itemListElement":[{"@type":"ListItem","position":1,"name":"Home","item":"https:\/\/www.guerini.it\/"},{"@type":"ListItem","position":2,"name":"Catalogo","item":"https:\/\/www.guerini.it\/index.php\/negozio\/"},{"@type":"ListItem","position":3,"name":"Che capo vuoi?"}]},{"@type":"WebSite","@id":"https:\/\/www.guerini.it\/#website","url":"https:\/\/www.guerini.it\/","name":"Guerini e Associati","description":"30 anni di libri, idee e libert\u00e0","publisher":{"@id":"https:\/\/www.guerini.it\/#organization"},"potentialAction":[{"@type":"SearchAction","target":{"@type":"EntryPoint","urlTemplate":"https:\/\/www.guerini.it\/?s={search_term_string}"},"query-input":{"@type":"PropertyValueSpecification","valueRequired":true,"valueName":"search_term_string"}}],"inLanguage":"it-IT"},{"@type":"Organization","@id":"https:\/\/www.guerini.it\/#organization","name":"Guerini e Associati","url":"https:\/\/www.guerini.it\/","logo":{"@type":"ImageObject","inLanguage":"it-IT","@id":"https:\/\/www.guerini.it\/#\/schema\/logo\/image\/","url":"https:\/\/www.guerini.it\/wp-content\/uploads\/2021\/03\/Logo-Guerini-OK_-e1615831292285.png","contentUrl":"https:\/\/www.guerini.it\/wp-content\/uploads\/2021\/03\/Logo-Guerini-OK_-e1615831292285.png","width":2805,"height":1870,"caption":"Guerini e Associati"},"image":{"@id":"https:\/\/www.guerini.it\/#\/schema\/logo\/image\/"}}]}},"_links":{"self":[{"href":"https:\/\/www.guerini.it\/index.php\/wp-json\/wp\/v2\/product\/14217","targetHints":{"allow":["GET"]}}],"collection":[{"href":"https:\/\/www.guerini.it\/index.php\/wp-json\/wp\/v2\/product"}],"about":[{"href":"https:\/\/www.guerini.it\/index.php\/wp-json\/wp\/v2\/types\/product"}],"wp:featuredmedia":[{"embeddable":true,"href":"https:\/\/www.guerini.it\/index.php\/wp-json\/wp\/v2\/media\/14215"}],"wp:attachment":[{"href":"https:\/\/www.guerini.it\/index.php\/wp-json\/wp\/v2\/media?parent=14217"}],"wp:term":[{"taxonomy":"product_brand","embeddable":true,"href":"https:\/\/www.guerini.it\/index.php\/wp-json\/wp\/v2\/product_brand?post=14217"},{"taxonomy":"product_cat","embeddable":true,"href":"https:\/\/www.guerini.it\/index.php\/wp-json\/wp\/v2\/product_cat?post=14217"},{"taxonomy":"product_tag","embeddable":true,"href":"https:\/\/www.guerini.it\/index.php\/wp-json\/wp\/v2\/product_tag?post=14217"}],"curies":[{"name":"wp","href":"https:\/\/api.w.org\/{rel}","templated":true}]}}

<p>La «sindrome del capo»: difficoltà del ruolo, paura della responsabilità, dipendenza come tranquillità, corsa alla carriera e delusione. Questi alcuni dei sintomi per chi ha a che fare col «fascino discreto del potere». Ma da dove viene il potere dei capi? Le difficoltà nei meccanismi di selezione della leadership, il peso dei leader del passato, la comune sensazione dell’inadeguatezza di una figura sociale invitano a ripensare questa professione. Emerge un variegato affresco che, al di là di luci e ombre, lascia trasparire precise direttrici di marcia per il futuro.</p>

<!-- This site is optimized with the Yoast SEO plugin v25.4 - https://yoast.com/wordpress/plugins/seo/ -->
<title>Che capo vuoi? - Guerini e Associati</title>
<meta name="robots" content="index, follow, max-snippet:-1, max-image-preview:large, max-video-preview:-1" />
<link rel="canonical" href="https://www.guerini.it/index.php/prodotto/che-capo-vuoi/" />
<meta property="og:locale" content="it_IT" />
<meta property="og:type" content="article" />
<meta property="og:title" content="Che capo vuoi? - Guerini e Associati" />
<meta property="og:description" content="La «sindrome del capo»: difficoltà del ruolo, paura della responsabilità, dipendenza come tranquillità, corsa alla carriera e delusione. Questi alcuni dei sintomi per chi ha a che fare col «fascino discreto del potere». Ma da dove viene il potere dei capi? Le difficoltà nei meccanismi di selezione della leadership, il peso dei leader del passato, la comune sensazione dell’inadeguatezza di una figura sociale invitano a ripensare questa professione. Emerge un variegato affresco che, al di là di luci e ombre, lascia trasparire precise direttrici di marcia per il futuro." />
<meta property="og:url" content="https://www.guerini.it/index.php/prodotto/che-capo-vuoi/" />
<meta property="og:site_name" content="Guerini e Associati" />
<meta property="article:modified_time" content="2024-06-12T12:34:45+00:00" />
<meta property="og:image" content="https://www.guerini.it/wp-content/uploads/2012/05/che_capo_vuoi_alta_265x411.jpg" />
	<meta property="og:image:width" content="265" />
	<meta property="og:image:height" content="411" />
	<meta property="og:image:type" content="image/jpeg" />
<meta name="twitter:card" content="summary_large_image" />
<!-- / Yoast SEO plugin. -->

La «sindrome del capo»: difficoltà del ruolo, paura della responsabilità, dipendenza come tranquillità, corsa alla carriera e delusione. Questi alcuni dei sintomi per chi ha a che fare col «fascino discreto del potere». Ma da dove viene il potere dei capi? Le difficoltà nei meccanismi di selezione della leadership, il peso dei leader del passato, la comune sensazione dell’inadeguatezza di una figura sociale invitano a ripensare questa professione. Emerge un variegato affresco che, al di là di luci e ombre, lascia trasparire precise direttrici di marcia per il futuro.

30 anni di libri, idee e libertà
