{"id":14240,"date":"2012-05-24T13:00:44","date_gmt":"2012-05-24T11:00:44","guid":{"rendered":"https:\/\/test.guerini.it\/?product=all-origine-della-diversita"},"modified":"2024-06-12T14:42:38","modified_gmt":"2024-06-12T12:42:38","slug":"all-origine-della-diversita","status":"publish","type":"product","link":"https:\/\/www.guerini.it\/index.php\/prodotto\/all-origine-della-diversita\/","title":{"rendered":"All\u2019origine della diversit\u00e0"},"content":{"rendered":"<p>L\u2019Occidente si trova davanti a un fatto, quello cio\u00e8 dell\u2019incontro-scontro fra uomini di cultura e religione diverse, che senz\u2019altro ha dimensioni globali, ma che incide in modo particolare sulla realt\u00e0 europea. \u00c8 pi\u00f9 che mai necessaria una adeguata interpretazione \u2013 giuridica, filosofica e teologica \u2013 di questo fatto per favorire una convivenza pacifica.<\/p>\n","protected":false},"excerpt":{"rendered":"<p>L\u2019Occidente si trova davanti a un fatto, quello cio\u00e8 dell\u2019incontro-scontro fra uomini di cultura e religione diverse, che senz\u2019altro ha dimensioni globali, ma che incide in modo particolare sulla realt\u00e0 europea. \u00c8 pi\u00f9 che mai necessaria una adeguata interpretazione \u2013 giuridica, filosofica e teologica \u2013 di questo fatto per favorire una convivenza pacifica.<\/p>\n","protected":false},"featured_media":14239,"template":"","meta":{"_editorskit_title_hidden":false,"_editorskit_reading_time":0,"_editorskit_is_block_options_detached":false,"_editorskit_block_options_position":"{}","_monsterinsights_skip_tracking":false,"_monsterinsights_sitenote_active":false,"_monsterinsights_sitenote_note":"","_monsterinsights_sitenote_category":0},"product_brand":[],"product_cat":[6563,6527],"product_tag":[],"class_list":{"0":"post-14240","1":"product","2":"type-product","3":"status-publish","4":"has-post-thumbnail","6":"product_cat-pf","7":"product_cat-attualita","8":"pa_country_of_manufacture-it","9":"pa_guerini_strillo-08-serveidentificareciocheees","11":"first","12":"instock","13":"sale","14":"shipping-taxable","15":"purchasable","16":"product-type-simple"},"yoast_head":"<!-- This site is optimized with the Yoast SEO plugin v25.4 - https:\/\/yoast.com\/wordpress\/plugins\/seo\/ -->\n<title>All\u2019origine della diversit\u00e0 - Guerini e Associati<\/title>\n<meta name=\"robots\" content=\"index, follow, max-snippet:-1, max-image-preview:large, max-video-preview:-1\" \/>\n<link rel=\"canonical\" href=\"https:\/\/www.guerini.it\/index.php\/prodotto\/all-origine-della-diversita\/\" \/>\n<meta property=\"og:locale\" content=\"it_IT\" \/>\n<meta property=\"og:type\" content=\"article\" \/>\n<meta property=\"og:title\" content=\"All\u2019origine della diversit\u00e0 - Guerini e Associati\" \/>\n<meta property=\"og:description\" content=\"L\u2019Occidente si trova davanti a un fatto, quello cio\u00e8 dell\u2019incontro-scontro fra uomini di cultura e religione diverse, che senz\u2019altro ha dimensioni globali, ma che incide in modo particolare sulla realt\u00e0 europea. \u00c8 pi\u00f9 che mai necessaria una adeguata interpretazione \u2013 giuridica, filosofica e teologica \u2013 di questo fatto per favorire una convivenza pacifica.\" \/>\n<meta property=\"og:url\" content=\"https:\/\/www.guerini.it\/index.php\/prodotto\/all-origine-della-diversita\/\" \/>\n<meta property=\"og:site_name\" content=\"Guerini e Associati\" \/>\n<meta property=\"article:modified_time\" content=\"2024-06-12T12:42:38+00:00\" \/>\n<meta property=\"og:image\" content=\"https:\/\/www.guerini.it\/wp-content\/uploads\/2012\/05\/978-88-6250-083-8.jpg\" \/>\n\t<meta property=\"og:image:width\" content=\"295\" \/>\n\t<meta property=\"og:image:height\" content=\"448\" \/>\n\t<meta property=\"og:image:type\" content=\"image\/jpeg\" \/>\n<meta name=\"twitter:card\" content=\"summary_large_image\" \/>\n<!-- \/ Yoast SEO plugin. -->","yoast_head_json":{"title":"All\u2019origine della diversit\u00e0 - Guerini e Associati","robots":{"index":"index","follow":"follow","max-snippet":"max-snippet:-1","max-image-preview":"max-image-preview:large","max-video-preview":"max-video-preview:-1"},"canonical":"https:\/\/www.guerini.it\/index.php\/prodotto\/all-origine-della-diversita\/","og_locale":"it_IT","og_type":"article","og_title":"All\u2019origine della diversit\u00e0 - Guerini e Associati","og_description":"L\u2019Occidente si trova davanti a un fatto, quello cio\u00e8 dell\u2019incontro-scontro fra uomini di cultura e religione diverse, che senz\u2019altro ha dimensioni globali, ma che incide in modo particolare sulla realt\u00e0 europea. \u00c8 pi\u00f9 che mai necessaria una adeguata interpretazione \u2013 giuridica, filosofica e teologica \u2013 di questo fatto per favorire una convivenza pacifica.","og_url":"https:\/\/www.guerini.it\/index.php\/prodotto\/all-origine-della-diversita\/","og_site_name":"Guerini e Associati","article_modified_time":"2024-06-12T12:42:38+00:00","og_image":[{"width":295,"height":448,"url":"https:\/\/www.guerini.it\/wp-content\/uploads\/2012\/05\/978-88-6250-083-8.jpg","type":"image\/jpeg"}],"twitter_card":"summary_large_image","schema":{"@context":"https:\/\/schema.org","@graph":[{"@type":"WebPage","@id":"https:\/\/www.guerini.it\/index.php\/prodotto\/all-origine-della-diversita\/","url":"https:\/\/www.guerini.it\/index.php\/prodotto\/all-origine-della-diversita\/","name":"All\u2019origine della diversit\u00e0 - Guerini e Associati","isPartOf":{"@id":"https:\/\/www.guerini.it\/#website"},"primaryImageOfPage":{"@id":"https:\/\/www.guerini.it\/index.php\/prodotto\/all-origine-della-diversita\/#primaryimage"},"image":{"@id":"https:\/\/www.guerini.it\/index.php\/prodotto\/all-origine-della-diversita\/#primaryimage"},"thumbnailUrl":"https:\/\/www.guerini.it\/wp-content\/uploads\/2012\/05\/978-88-6250-083-8.jpg","datePublished":"2012-05-24T11:00:44+00:00","dateModified":"2024-06-12T12:42:38+00:00","breadcrumb":{"@id":"https:\/\/www.guerini.it\/index.php\/prodotto\/all-origine-della-diversita\/#breadcrumb"},"inLanguage":"it-IT","potentialAction":[{"@type":"ReadAction","target":["https:\/\/www.guerini.it\/index.php\/prodotto\/all-origine-della-diversita\/"]}]},{"@type":"ImageObject","inLanguage":"it-IT","@id":"https:\/\/www.guerini.it\/index.php\/prodotto\/all-origine-della-diversita\/#primaryimage","url":"https:\/\/www.guerini.it\/wp-content\/uploads\/2012\/05\/978-88-6250-083-8.jpg","contentUrl":"https:\/\/www.guerini.it\/wp-content\/uploads\/2012\/05\/978-88-6250-083-8.jpg","width":295,"height":448,"caption":"All\u2019origine della diversit\u00e0"},{"@type":"BreadcrumbList","@id":"https:\/\/www.guerini.it\/index.php\/prodotto\/all-origine-della-diversita\/#breadcrumb","itemListElement":[{"@type":"ListItem","position":1,"name":"Home","item":"https:\/\/www.guerini.it\/"},{"@type":"ListItem","position":2,"name":"Catalogo","item":"https:\/\/www.guerini.it\/index.php\/negozio\/"},{"@type":"ListItem","position":3,"name":"All\u2019origine della diversit\u00e0"}]},{"@type":"WebSite","@id":"https:\/\/www.guerini.it\/#website","url":"https:\/\/www.guerini.it\/","name":"Guerini e Associati","description":"30 anni di libri, idee e libert\u00e0","publisher":{"@id":"https:\/\/www.guerini.it\/#organization"},"potentialAction":[{"@type":"SearchAction","target":{"@type":"EntryPoint","urlTemplate":"https:\/\/www.guerini.it\/?s={search_term_string}"},"query-input":{"@type":"PropertyValueSpecification","valueRequired":true,"valueName":"search_term_string"}}],"inLanguage":"it-IT"},{"@type":"Organization","@id":"https:\/\/www.guerini.it\/#organization","name":"Guerini e Associati","url":"https:\/\/www.guerini.it\/","logo":{"@type":"ImageObject","inLanguage":"it-IT","@id":"https:\/\/www.guerini.it\/#\/schema\/logo\/image\/","url":"https:\/\/www.guerini.it\/wp-content\/uploads\/2021\/03\/Logo-Guerini-OK_-e1615831292285.png","contentUrl":"https:\/\/www.guerini.it\/wp-content\/uploads\/2021\/03\/Logo-Guerini-OK_-e1615831292285.png","width":2805,"height":1870,"caption":"Guerini e Associati"},"image":{"@id":"https:\/\/www.guerini.it\/#\/schema\/logo\/image\/"}}]}},"_links":{"self":[{"href":"https:\/\/www.guerini.it\/index.php\/wp-json\/wp\/v2\/product\/14240","targetHints":{"allow":["GET"]}}],"collection":[{"href":"https:\/\/www.guerini.it\/index.php\/wp-json\/wp\/v2\/product"}],"about":[{"href":"https:\/\/www.guerini.it\/index.php\/wp-json\/wp\/v2\/types\/product"}],"wp:featuredmedia":[{"embeddable":true,"href":"https:\/\/www.guerini.it\/index.php\/wp-json\/wp\/v2\/media\/14239"}],"wp:attachment":[{"href":"https:\/\/www.guerini.it\/index.php\/wp-json\/wp\/v2\/media?parent=14240"}],"wp:term":[{"taxonomy":"product_brand","embeddable":true,"href":"https:\/\/www.guerini.it\/index.php\/wp-json\/wp\/v2\/product_brand?post=14240"},{"taxonomy":"product_cat","embeddable":true,"href":"https:\/\/www.guerini.it\/index.php\/wp-json\/wp\/v2\/product_cat?post=14240"},{"taxonomy":"product_tag","embeddable":true,"href":"https:\/\/www.guerini.it\/index.php\/wp-json\/wp\/v2\/product_tag?post=14240"}],"curies":[{"name":"wp","href":"https:\/\/api.w.org\/{rel}","templated":true}]}}

All’origine della diversità

<p>L’Occidente si trova davanti a un fatto, quello cioè dell’incontro-scontro fra uomini di cultura e religione diverse, che senz’altro ha dimensioni globali, ma che incide in modo particolare sulla realtà europea. È più che mai necessaria una adeguata interpretazione – giuridica, filosofica e teologica – di questo fatto per favorire una convivenza pacifica.</p>

<!-- This site is optimized with the Yoast SEO plugin v25.4 - https://yoast.com/wordpress/plugins/seo/ -->
<title>All’origine della diversità - Guerini e Associati</title>
<meta name="robots" content="index, follow, max-snippet:-1, max-image-preview:large, max-video-preview:-1" />
<link rel="canonical" href="https://www.guerini.it/index.php/prodotto/all-origine-della-diversita/" />
<meta property="og:locale" content="it_IT" />
<meta property="og:type" content="article" />
<meta property="og:title" content="All’origine della diversità - Guerini e Associati" />
<meta property="og:description" content="L’Occidente si trova davanti a un fatto, quello cioè dell’incontro-scontro fra uomini di cultura e religione diverse, che senz’altro ha dimensioni globali, ma che incide in modo particolare sulla realtà europea. È più che mai necessaria una adeguata interpretazione – giuridica, filosofica e teologica – di questo fatto per favorire una convivenza pacifica." />
<meta property="og:url" content="https://www.guerini.it/index.php/prodotto/all-origine-della-diversita/" />
<meta property="og:site_name" content="Guerini e Associati" />
<meta property="article:modified_time" content="2024-06-12T12:42:38+00:00" />
<meta property="og:image" content="https://www.guerini.it/wp-content/uploads/2012/05/978-88-6250-083-8.jpg" />
	<meta property="og:image:width" content="295" />
	<meta property="og:image:height" content="448" />
	<meta property="og:image:type" content="image/jpeg" />
<meta name="twitter:card" content="summary_large_image" />
<!-- / Yoast SEO plugin. -->

All’origine della diversità - Guerini e Associati

L’Occidente si trova davanti a un fatto, quello cioè dell’incontro-scontro fra uomini di cultura e religione diverse, che senz’altro ha dimensioni globali, ma che incide in modo particolare sulla realtà europea. È più che mai necessaria una adeguata interpretazione – giuridica, filosofica e teologica – di questo fatto per favorire una convivenza pacifica.

30 anni di libri, idee e libertà
