{"id":14291,"date":"2012-05-24T13:00:45","date_gmt":"2012-05-24T11:00:45","guid":{"rendered":"https:\/\/test.guerini.it\/?product=scuole-in-azione-tra-equita-e-qualita"},"modified":"2024-06-12T14:36:15","modified_gmt":"2024-06-12T12:36:15","slug":"scuole-in-azione-tra-equita-e-qualita","status":"publish","type":"product","link":"https:\/\/www.guerini.it\/index.php\/prodotto\/scuole-in-azione-tra-equita-e-qualita\/","title":{"rendered":"Scuole in azione tra equit\u00e0 e qualit\u00e0"},"content":{"rendered":"<p>Quanto le riforme fanno migliori gli studenti e i docenti? Quanto i cambiamenti istituzionali migliorano la qualit\u00e0 dei processi educativi? Tali processi sono anche espressione di equit\u00e0? Nella scuola gli studenti apprendono efficacemente? Questo libro, alla luce di un confronto con le pi\u00f9 recenti indagini internazionali e di un&#8217;ampia e articolata ricerca in molte scuole italiane, vuole porre tali domande e proporre alcune risposte.<\/p>\n","protected":false},"excerpt":{"rendered":"<p>Quanto le riforme fanno migliori gli studenti e i docenti? Quanto i cambiamenti istituzionali migliorano la qualit\u00e0 dei processi educativi? Tali processi sono anche espressione di equit\u00e0? Nella scuola gli studenti apprendono efficacemente? Questo libro, alla luce di un confronto con le pi\u00f9 recenti indagini internazionali e di un&#8217;ampia e articolata ricerca in molte scuole italiane, vuole porre tali domande e proporre alcune risposte.<\/p>\n","protected":false},"featured_media":14290,"template":"","meta":{"_editorskit_title_hidden":false,"_editorskit_reading_time":0,"_editorskit_is_block_options_detached":false,"_editorskit_block_options_position":"{}","_monsterinsights_skip_tracking":false,"_monsterinsights_sitenote_active":false,"_monsterinsights_sitenote_note":"","_monsterinsights_sitenote_category":0},"product_brand":[],"product_cat":[6538],"product_tag":[],"class_list":{"0":"post-14291","1":"product","2":"type-product","3":"status-publish","4":"has-post-thumbnail","6":"product_cat-sociologia-e-comunicazione","7":"pa_country_of_manufacture-it","9":"first","10":"instock","11":"sale","12":"shipping-taxable","13":"purchasable","14":"product-type-simple"},"yoast_head":"<!-- This site is optimized with the Yoast SEO plugin v25.4 - https:\/\/yoast.com\/wordpress\/plugins\/seo\/ -->\n<title>Scuole in azione tra equit\u00e0 e qualit\u00e0 - Guerini e Associati<\/title>\n<meta name=\"robots\" content=\"index, follow, max-snippet:-1, max-image-preview:large, max-video-preview:-1\" \/>\n<link rel=\"canonical\" href=\"https:\/\/www.guerini.it\/index.php\/prodotto\/scuole-in-azione-tra-equita-e-qualita\/\" \/>\n<meta property=\"og:locale\" content=\"it_IT\" \/>\n<meta property=\"og:type\" content=\"article\" \/>\n<meta property=\"og:title\" content=\"Scuole in azione tra equit\u00e0 e qualit\u00e0 - Guerini e Associati\" \/>\n<meta property=\"og:description\" content=\"Quanto le riforme fanno migliori gli studenti e i docenti? Quanto i cambiamenti istituzionali migliorano la qualit\u00e0 dei processi educativi? Tali processi sono anche espressione di equit\u00e0? Nella scuola gli studenti apprendono efficacemente? Questo libro, alla luce di un confronto con le pi\u00f9 recenti indagini internazionali e di un&#039;ampia e articolata ricerca in molte scuole italiane, vuole porre tali domande e proporre alcune risposte.\" \/>\n<meta property=\"og:url\" content=\"https:\/\/www.guerini.it\/index.php\/prodotto\/scuole-in-azione-tra-equita-e-qualita\/\" \/>\n<meta property=\"og:site_name\" content=\"Guerini e Associati\" \/>\n<meta property=\"article:modified_time\" content=\"2024-06-12T12:36:15+00:00\" \/>\n<meta property=\"og:image\" content=\"https:\/\/www.guerini.it\/wp-content\/uploads\/2012\/05\/978-88-8107-258-3.jpg\" \/>\n\t<meta property=\"og:image:width\" content=\"198\" \/>\n\t<meta property=\"og:image:height\" content=\"276\" \/>\n\t<meta property=\"og:image:type\" content=\"image\/jpeg\" \/>\n<meta name=\"twitter:card\" content=\"summary_large_image\" \/>\n<!-- \/ Yoast SEO plugin. -->","yoast_head_json":{"title":"Scuole in azione tra equit\u00e0 e qualit\u00e0 - Guerini e Associati","robots":{"index":"index","follow":"follow","max-snippet":"max-snippet:-1","max-image-preview":"max-image-preview:large","max-video-preview":"max-video-preview:-1"},"canonical":"https:\/\/www.guerini.it\/index.php\/prodotto\/scuole-in-azione-tra-equita-e-qualita\/","og_locale":"it_IT","og_type":"article","og_title":"Scuole in azione tra equit\u00e0 e qualit\u00e0 - Guerini e Associati","og_description":"Quanto le riforme fanno migliori gli studenti e i docenti? Quanto i cambiamenti istituzionali migliorano la qualit\u00e0 dei processi educativi? Tali processi sono anche espressione di equit\u00e0? Nella scuola gli studenti apprendono efficacemente? Questo libro, alla luce di un confronto con le pi\u00f9 recenti indagini internazionali e di un'ampia e articolata ricerca in molte scuole italiane, vuole porre tali domande e proporre alcune risposte.","og_url":"https:\/\/www.guerini.it\/index.php\/prodotto\/scuole-in-azione-tra-equita-e-qualita\/","og_site_name":"Guerini e Associati","article_modified_time":"2024-06-12T12:36:15+00:00","og_image":[{"width":198,"height":276,"url":"https:\/\/www.guerini.it\/wp-content\/uploads\/2012\/05\/978-88-8107-258-3.jpg","type":"image\/jpeg"}],"twitter_card":"summary_large_image","schema":{"@context":"https:\/\/schema.org","@graph":[{"@type":"WebPage","@id":"https:\/\/www.guerini.it\/index.php\/prodotto\/scuole-in-azione-tra-equita-e-qualita\/","url":"https:\/\/www.guerini.it\/index.php\/prodotto\/scuole-in-azione-tra-equita-e-qualita\/","name":"Scuole in azione tra equit\u00e0 e qualit\u00e0 - Guerini e Associati","isPartOf":{"@id":"https:\/\/www.guerini.it\/#website"},"primaryImageOfPage":{"@id":"https:\/\/www.guerini.it\/index.php\/prodotto\/scuole-in-azione-tra-equita-e-qualita\/#primaryimage"},"image":{"@id":"https:\/\/www.guerini.it\/index.php\/prodotto\/scuole-in-azione-tra-equita-e-qualita\/#primaryimage"},"thumbnailUrl":"https:\/\/www.guerini.it\/wp-content\/uploads\/2012\/05\/978-88-8107-258-3.jpg","datePublished":"2012-05-24T11:00:45+00:00","dateModified":"2024-06-12T12:36:15+00:00","breadcrumb":{"@id":"https:\/\/www.guerini.it\/index.php\/prodotto\/scuole-in-azione-tra-equita-e-qualita\/#breadcrumb"},"inLanguage":"it-IT","potentialAction":[{"@type":"ReadAction","target":["https:\/\/www.guerini.it\/index.php\/prodotto\/scuole-in-azione-tra-equita-e-qualita\/"]}]},{"@type":"ImageObject","inLanguage":"it-IT","@id":"https:\/\/www.guerini.it\/index.php\/prodotto\/scuole-in-azione-tra-equita-e-qualita\/#primaryimage","url":"https:\/\/www.guerini.it\/wp-content\/uploads\/2012\/05\/978-88-8107-258-3.jpg","contentUrl":"https:\/\/www.guerini.it\/wp-content\/uploads\/2012\/05\/978-88-8107-258-3.jpg","width":198,"height":276,"caption":"Scuole in azione tra equit\u00e0 e qualit\u00e0-0"},{"@type":"BreadcrumbList","@id":"https:\/\/www.guerini.it\/index.php\/prodotto\/scuole-in-azione-tra-equita-e-qualita\/#breadcrumb","itemListElement":[{"@type":"ListItem","position":1,"name":"Home","item":"https:\/\/www.guerini.it\/"},{"@type":"ListItem","position":2,"name":"Catalogo","item":"https:\/\/www.guerini.it\/index.php\/negozio\/"},{"@type":"ListItem","position":3,"name":"Scuole in azione tra equit\u00e0 e qualit\u00e0"}]},{"@type":"WebSite","@id":"https:\/\/www.guerini.it\/#website","url":"https:\/\/www.guerini.it\/","name":"Guerini e Associati","description":"30 anni di libri, idee e libert\u00e0","publisher":{"@id":"https:\/\/www.guerini.it\/#organization"},"potentialAction":[{"@type":"SearchAction","target":{"@type":"EntryPoint","urlTemplate":"https:\/\/www.guerini.it\/?s={search_term_string}"},"query-input":{"@type":"PropertyValueSpecification","valueRequired":true,"valueName":"search_term_string"}}],"inLanguage":"it-IT"},{"@type":"Organization","@id":"https:\/\/www.guerini.it\/#organization","name":"Guerini e Associati","url":"https:\/\/www.guerini.it\/","logo":{"@type":"ImageObject","inLanguage":"it-IT","@id":"https:\/\/www.guerini.it\/#\/schema\/logo\/image\/","url":"https:\/\/www.guerini.it\/wp-content\/uploads\/2021\/03\/Logo-Guerini-OK_-e1615831292285.png","contentUrl":"https:\/\/www.guerini.it\/wp-content\/uploads\/2021\/03\/Logo-Guerini-OK_-e1615831292285.png","width":2805,"height":1870,"caption":"Guerini e Associati"},"image":{"@id":"https:\/\/www.guerini.it\/#\/schema\/logo\/image\/"}}]}},"_links":{"self":[{"href":"https:\/\/www.guerini.it\/index.php\/wp-json\/wp\/v2\/product\/14291","targetHints":{"allow":["GET"]}}],"collection":[{"href":"https:\/\/www.guerini.it\/index.php\/wp-json\/wp\/v2\/product"}],"about":[{"href":"https:\/\/www.guerini.it\/index.php\/wp-json\/wp\/v2\/types\/product"}],"wp:featuredmedia":[{"embeddable":true,"href":"https:\/\/www.guerini.it\/index.php\/wp-json\/wp\/v2\/media\/14290"}],"wp:attachment":[{"href":"https:\/\/www.guerini.it\/index.php\/wp-json\/wp\/v2\/media?parent=14291"}],"wp:term":[{"taxonomy":"product_brand","embeddable":true,"href":"https:\/\/www.guerini.it\/index.php\/wp-json\/wp\/v2\/product_brand?post=14291"},{"taxonomy":"product_cat","embeddable":true,"href":"https:\/\/www.guerini.it\/index.php\/wp-json\/wp\/v2\/product_cat?post=14291"},{"taxonomy":"product_tag","embeddable":true,"href":"https:\/\/www.guerini.it\/index.php\/wp-json\/wp\/v2\/product_tag?post=14291"}],"curies":[{"name":"wp","href":"https:\/\/api.w.org\/{rel}","templated":true}]}}