{"id":14309,"date":"2012-05-24T13:00:45","date_gmt":"2012-05-24T11:00:45","guid":{"rendered":"https:\/\/test.guerini.it\/?product=il-podesta-giusto-d-israele"},"modified":"2024-06-20T12:36:42","modified_gmt":"2024-06-20T10:36:42","slug":"il-podesta-giusto-d-israele","status":"publish","type":"product","link":"https:\/\/www.guerini.it\/index.php\/prodotto\/il-podesta-giusto-d-israele\/","title":{"rendered":"Il podest\u00e0 &#8220;Giusto d&#8217;Israele&#8221;"},"content":{"rendered":"<p style=\"text-align: justify;\">Il 16 giugno 1997 lo Yad Vashem ha conferito il titolo di Giusto tra le Nazioni a un italiano poco noto: Vittorio Tredici. Nonostante il suo nome sia sconosciuto a molti, Vittorio Tredici ha lasciato vari segni del suo passaggio nei luoghi in cui \u00e8 vissuto, attraversando e prendendo parte ai grandi eventi della prima met\u00e0 del secolo scorso. Risulta pi\u00f9 interessante di quanto si creda a prima vista ripercorrere la parabola biografica di uno degli italiani che di fronte al male radicale della Shoah ha saputo fare una scelta in favore degli ebrei, mettendo a repentaglio la sicurezza propria e dei familiari. Quella di Tredici \u00e8 la storia di un sardista, di un fascista, di un cattolico; ma \u00e8 soprattutto la storia di un uomo complesso, irriducibile alle schematizzazioni politiche e alle semplificazioni di parte.<\/p>\n","protected":false},"excerpt":{"rendered":"<p>Il 16 giugno 1997 lo Yad Vashem ha conferito il titolo di Giusto tra le Nazioni a un italiano poco noto: Vittorio Tredici. Nonostante il suo nome sia sconosciuto a molti, Vittorio Tredici ha lasciato vari segni del suo passaggio nei luoghi in cui \u00e8 vissuto, attraversando e prendendo parte ai grandi eventi della prima met\u00e0 del secolo scorso. Risulta pi\u00f9 interessante di quanto si creda a prima vista ripercorrere la parabola biografica di uno degli italiani che di fronte al male radicale della Shoah ha saputo fare una scelta in favore degli ebrei, mettendo a repentaglio la sicurezza propria e dei familiari. Quella di Tredici \u00e8 la storia di un sardista, di un fascista, di un cattolico; ma \u00e8 soprattutto la storia di un uomo complesso, irriducibile alle schematizzazioni politiche e alle semplificazioni di parte.<\/p>\n","protected":false},"featured_media":14308,"template":"","meta":{"_editorskit_title_hidden":false,"_editorskit_reading_time":0,"_editorskit_is_block_options_detached":false,"_editorskit_block_options_position":"{}","_monsterinsights_skip_tracking":false,"_monsterinsights_sitenote_active":false,"_monsterinsights_sitenote_note":"","_monsterinsights_sitenote_category":0},"product_brand":[],"product_cat":[6543,6539],"product_tag":[],"class_list":{"0":"post-14309","1":"product","2":"type-product","3":"status-publish","4":"has-post-thumbnail","6":"product_cat-co","7":"product_cat-storia-e-geografia","8":"pa_country_of_manufacture-it","10":"first","11":"outofstock","12":"sale","13":"shipping-taxable","14":"purchasable","15":"product-type-simple"},"yoast_head":"<!-- This site is optimized with the Yoast SEO plugin v25.4 - https:\/\/yoast.com\/wordpress\/plugins\/seo\/ -->\n<title>Il podest\u00e0 &quot;Giusto d&#039;Israele&quot; - Guerini e Associati<\/title>\n<meta name=\"robots\" content=\"index, follow, max-snippet:-1, max-image-preview:large, max-video-preview:-1\" \/>\n<link rel=\"canonical\" href=\"https:\/\/www.guerini.it\/index.php\/prodotto\/il-podesta-giusto-d-israele\/\" \/>\n<meta property=\"og:locale\" content=\"it_IT\" \/>\n<meta property=\"og:type\" content=\"article\" \/>\n<meta property=\"og:title\" content=\"Il podest\u00e0 &quot;Giusto d&#039;Israele&quot; - Guerini e Associati\" \/>\n<meta property=\"og:description\" content=\"Il 16 giugno 1997 lo Yad Vashem ha conferito il titolo di Giusto tra le Nazioni a un italiano poco noto: Vittorio Tredici. Nonostante il suo nome sia sconosciuto a molti, Vittorio Tredici ha lasciato vari segni del suo passaggio nei luoghi in cui \u00e8 vissuto, attraversando e prendendo parte ai grandi eventi della prima met\u00e0 del secolo scorso. Risulta pi\u00f9 interessante di quanto si creda a prima vista ripercorrere la parabola biografica di uno degli italiani che di fronte al male radicale della Shoah ha saputo fare una scelta in favore degli ebrei, mettendo a repentaglio la sicurezza propria e dei familiari. Quella di Tredici \u00e8 la storia di un sardista, di un fascista, di un cattolico; ma \u00e8 soprattutto la storia di un uomo complesso, irriducibile alle schematizzazioni politiche e alle semplificazioni di parte.\" \/>\n<meta property=\"og:url\" content=\"https:\/\/www.guerini.it\/index.php\/prodotto\/il-podesta-giusto-d-israele\/\" \/>\n<meta property=\"og:site_name\" content=\"Guerini e Associati\" \/>\n<meta property=\"article:modified_time\" content=\"2024-06-20T10:36:42+00:00\" \/>\n<meta property=\"og:image\" content=\"https:\/\/www.guerini.it\/wp-content\/uploads\/2012\/05\/978-88-6250-076-0.jpg\" \/>\n\t<meta property=\"og:image:width\" content=\"198\" \/>\n\t<meta property=\"og:image:height\" content=\"309\" \/>\n\t<meta property=\"og:image:type\" content=\"image\/jpeg\" \/>\n<meta name=\"twitter:card\" content=\"summary_large_image\" \/>\n<meta name=\"twitter:label1\" content=\"Tempo di lettura stimato\" \/>\n\t<meta name=\"twitter:data1\" content=\"1 minuto\" \/>\n<!-- \/ Yoast SEO plugin. -->","yoast_head_json":{"title":"Il podest\u00e0 \"Giusto d'Israele\" - Guerini e Associati","robots":{"index":"index","follow":"follow","max-snippet":"max-snippet:-1","max-image-preview":"max-image-preview:large","max-video-preview":"max-video-preview:-1"},"canonical":"https:\/\/www.guerini.it\/index.php\/prodotto\/il-podesta-giusto-d-israele\/","og_locale":"it_IT","og_type":"article","og_title":"Il podest\u00e0 \"Giusto d'Israele\" - Guerini e Associati","og_description":"Il 16 giugno 1997 lo Yad Vashem ha conferito il titolo di Giusto tra le Nazioni a un italiano poco noto: Vittorio Tredici. Nonostante il suo nome sia sconosciuto a molti, Vittorio Tredici ha lasciato vari segni del suo passaggio nei luoghi in cui \u00e8 vissuto, attraversando e prendendo parte ai grandi eventi della prima met\u00e0 del secolo scorso. Risulta pi\u00f9 interessante di quanto si creda a prima vista ripercorrere la parabola biografica di uno degli italiani che di fronte al male radicale della Shoah ha saputo fare una scelta in favore degli ebrei, mettendo a repentaglio la sicurezza propria e dei familiari. Quella di Tredici \u00e8 la storia di un sardista, di un fascista, di un cattolico; ma \u00e8 soprattutto la storia di un uomo complesso, irriducibile alle schematizzazioni politiche e alle semplificazioni di parte.","og_url":"https:\/\/www.guerini.it\/index.php\/prodotto\/il-podesta-giusto-d-israele\/","og_site_name":"Guerini e Associati","article_modified_time":"2024-06-20T10:36:42+00:00","og_image":[{"width":198,"height":309,"url":"https:\/\/www.guerini.it\/wp-content\/uploads\/2012\/05\/978-88-6250-076-0.jpg","type":"image\/jpeg"}],"twitter_card":"summary_large_image","twitter_misc":{"Tempo di lettura stimato":"1 minuto"},"schema":{"@context":"https:\/\/schema.org","@graph":[{"@type":"WebPage","@id":"https:\/\/www.guerini.it\/index.php\/prodotto\/il-podesta-giusto-d-israele\/","url":"https:\/\/www.guerini.it\/index.php\/prodotto\/il-podesta-giusto-d-israele\/","name":"Il podest\u00e0 \"Giusto d'Israele\" - Guerini e Associati","isPartOf":{"@id":"https:\/\/www.guerini.it\/#website"},"primaryImageOfPage":{"@id":"https:\/\/www.guerini.it\/index.php\/prodotto\/il-podesta-giusto-d-israele\/#primaryimage"},"image":{"@id":"https:\/\/www.guerini.it\/index.php\/prodotto\/il-podesta-giusto-d-israele\/#primaryimage"},"thumbnailUrl":"https:\/\/www.guerini.it\/wp-content\/uploads\/2012\/05\/978-88-6250-076-0.jpg","datePublished":"2012-05-24T11:00:45+00:00","dateModified":"2024-06-20T10:36:42+00:00","breadcrumb":{"@id":"https:\/\/www.guerini.it\/index.php\/prodotto\/il-podesta-giusto-d-israele\/#breadcrumb"},"inLanguage":"it-IT","potentialAction":[{"@type":"ReadAction","target":["https:\/\/www.guerini.it\/index.php\/prodotto\/il-podesta-giusto-d-israele\/"]}]},{"@type":"ImageObject","inLanguage":"it-IT","@id":"https:\/\/www.guerini.it\/index.php\/prodotto\/il-podesta-giusto-d-israele\/#primaryimage","url":"https:\/\/www.guerini.it\/wp-content\/uploads\/2012\/05\/978-88-6250-076-0.jpg","contentUrl":"https:\/\/www.guerini.it\/wp-content\/uploads\/2012\/05\/978-88-6250-076-0.jpg","width":198,"height":309,"caption":"Il podest\u00e0 \"Giusto d'Israele\""},{"@type":"BreadcrumbList","@id":"https:\/\/www.guerini.it\/index.php\/prodotto\/il-podesta-giusto-d-israele\/#breadcrumb","itemListElement":[{"@type":"ListItem","position":1,"name":"Home","item":"https:\/\/www.guerini.it\/"},{"@type":"ListItem","position":2,"name":"Catalogo","item":"https:\/\/www.guerini.it\/index.php\/negozio\/"},{"@type":"ListItem","position":3,"name":"Il podest\u00e0 &#8220;Giusto d&#8217;Israele&#8221;"}]},{"@type":"WebSite","@id":"https:\/\/www.guerini.it\/#website","url":"https:\/\/www.guerini.it\/","name":"Guerini e Associati","description":"30 anni di libri, idee e libert\u00e0","publisher":{"@id":"https:\/\/www.guerini.it\/#organization"},"potentialAction":[{"@type":"SearchAction","target":{"@type":"EntryPoint","urlTemplate":"https:\/\/www.guerini.it\/?s={search_term_string}"},"query-input":{"@type":"PropertyValueSpecification","valueRequired":true,"valueName":"search_term_string"}}],"inLanguage":"it-IT"},{"@type":"Organization","@id":"https:\/\/www.guerini.it\/#organization","name":"Guerini e Associati","url":"https:\/\/www.guerini.it\/","logo":{"@type":"ImageObject","inLanguage":"it-IT","@id":"https:\/\/www.guerini.it\/#\/schema\/logo\/image\/","url":"https:\/\/www.guerini.it\/wp-content\/uploads\/2021\/03\/Logo-Guerini-OK_-e1615831292285.png","contentUrl":"https:\/\/www.guerini.it\/wp-content\/uploads\/2021\/03\/Logo-Guerini-OK_-e1615831292285.png","width":2805,"height":1870,"caption":"Guerini e Associati"},"image":{"@id":"https:\/\/www.guerini.it\/#\/schema\/logo\/image\/"}}]}},"_links":{"self":[{"href":"https:\/\/www.guerini.it\/index.php\/wp-json\/wp\/v2\/product\/14309","targetHints":{"allow":["GET"]}}],"collection":[{"href":"https:\/\/www.guerini.it\/index.php\/wp-json\/wp\/v2\/product"}],"about":[{"href":"https:\/\/www.guerini.it\/index.php\/wp-json\/wp\/v2\/types\/product"}],"wp:featuredmedia":[{"embeddable":true,"href":"https:\/\/www.guerini.it\/index.php\/wp-json\/wp\/v2\/media\/14308"}],"wp:attachment":[{"href":"https:\/\/www.guerini.it\/index.php\/wp-json\/wp\/v2\/media?parent=14309"}],"wp:term":[{"taxonomy":"product_brand","embeddable":true,"href":"https:\/\/www.guerini.it\/index.php\/wp-json\/wp\/v2\/product_brand?post=14309"},{"taxonomy":"product_cat","embeddable":true,"href":"https:\/\/www.guerini.it\/index.php\/wp-json\/wp\/v2\/product_cat?post=14309"},{"taxonomy":"product_tag","embeddable":true,"href":"https:\/\/www.guerini.it\/index.php\/wp-json\/wp\/v2\/product_tag?post=14309"}],"curies":[{"name":"wp","href":"https:\/\/api.w.org\/{rel}","templated":true}]}}

Il podestà &#8220;Giusto d&#8217;Israele&#8221;

<p style="text-align: justify;">Il 16 giugno 1997 lo Yad Vashem ha conferito il titolo di Giusto tra le Nazioni a un italiano poco noto: Vittorio Tredici. Nonostante il suo nome sia sconosciuto a molti, Vittorio Tredici ha lasciato vari segni del suo passaggio nei luoghi in cui è vissuto, attraversando e prendendo parte ai grandi eventi della prima metà del secolo scorso. Risulta più interessante di quanto si creda a prima vista ripercorrere la parabola biografica di uno degli italiani che di fronte al male radicale della Shoah ha saputo fare una scelta in favore degli ebrei, mettendo a repentaglio la sicurezza propria e dei familiari. Quella di Tredici è la storia di un sardista, di un fascista, di un cattolico; ma è soprattutto la storia di un uomo complesso, irriducibile alle schematizzazioni politiche e alle semplificazioni di parte.</p>

<p>Il 16 giugno 1997 lo Yad Vashem ha conferito il titolo di Giusto tra le Nazioni a un italiano poco noto: Vittorio Tredici. Nonostante il suo nome sia sconosciuto a molti, Vittorio Tredici ha lasciato vari segni del suo passaggio nei luoghi in cui è vissuto, attraversando e prendendo parte ai grandi eventi della prima metà del secolo scorso. Risulta più interessante di quanto si creda a prima vista ripercorrere la parabola biografica di uno degli italiani che di fronte al male radicale della Shoah ha saputo fare una scelta in favore degli ebrei, mettendo a repentaglio la sicurezza propria e dei familiari. Quella di Tredici è la storia di un sardista, di un fascista, di un cattolico; ma è soprattutto la storia di un uomo complesso, irriducibile alle schematizzazioni politiche e alle semplificazioni di parte.</p>

<!-- This site is optimized with the Yoast SEO plugin v25.4 - https://yoast.com/wordpress/plugins/seo/ -->
<title>Il podestà &quot;Giusto d&#039;Israele&quot; - Guerini e Associati</title>
<meta name="robots" content="index, follow, max-snippet:-1, max-image-preview:large, max-video-preview:-1" />
<link rel="canonical" href="https://www.guerini.it/index.php/prodotto/il-podesta-giusto-d-israele/" />
<meta property="og:locale" content="it_IT" />
<meta property="og:type" content="article" />
<meta property="og:title" content="Il podestà &quot;Giusto d&#039;Israele&quot; - Guerini e Associati" />
<meta property="og:description" content="Il 16 giugno 1997 lo Yad Vashem ha conferito il titolo di Giusto tra le Nazioni a un italiano poco noto: Vittorio Tredici. Nonostante il suo nome sia sconosciuto a molti, Vittorio Tredici ha lasciato vari segni del suo passaggio nei luoghi in cui è vissuto, attraversando e prendendo parte ai grandi eventi della prima metà del secolo scorso. Risulta più interessante di quanto si creda a prima vista ripercorrere la parabola biografica di uno degli italiani che di fronte al male radicale della Shoah ha saputo fare una scelta in favore degli ebrei, mettendo a repentaglio la sicurezza propria e dei familiari. Quella di Tredici è la storia di un sardista, di un fascista, di un cattolico; ma è soprattutto la storia di un uomo complesso, irriducibile alle schematizzazioni politiche e alle semplificazioni di parte." />
<meta property="og:url" content="https://www.guerini.it/index.php/prodotto/il-podesta-giusto-d-israele/" />
<meta property="og:site_name" content="Guerini e Associati" />
<meta property="article:modified_time" content="2024-06-20T10:36:42+00:00" />
<meta property="og:image" content="https://www.guerini.it/wp-content/uploads/2012/05/978-88-6250-076-0.jpg" />
	<meta property="og:image:width" content="198" />
	<meta property="og:image:height" content="309" />
	<meta property="og:image:type" content="image/jpeg" />
<meta name="twitter:card" content="summary_large_image" />
<meta name="twitter:label1" content="Tempo di lettura stimato" />
	<meta name="twitter:data1" content="1 minuto" />
<!-- / Yoast SEO plugin. -->

Il podestà "Giusto d'Israele" - Guerini e Associati

Il 16 giugno 1997 lo Yad Vashem ha conferito il titolo di Giusto tra le Nazioni a un italiano poco noto: Vittorio Tredici. Nonostante il suo nome sia sconosciuto a molti, Vittorio Tredici ha lasciato vari segni del suo passaggio nei luoghi in cui è vissuto, attraversando e prendendo parte ai grandi eventi della prima metà del secolo scorso. Risulta più interessante di quanto si creda a prima vista ripercorrere la parabola biografica di uno degli italiani che di fronte al male radicale della Shoah ha saputo fare una scelta in favore degli ebrei, mettendo a repentaglio la sicurezza propria e dei familiari. Quella di Tredici è la storia di un sardista, di un fascista, di un cattolico; ma è soprattutto la storia di un uomo complesso, irriducibile alle schematizzazioni politiche e alle semplificazioni di parte.

Il podestà "Giusto d'Israele"

30 anni di libri, idee e libertà
