{"id":14333,"date":"2012-05-24T13:00:46","date_gmt":"2012-05-24T11:00:46","guid":{"rendered":"https:\/\/test.guerini.it\/?product=caro-papa-di-vittorio"},"modified":"2024-06-12T14:42:35","modified_gmt":"2024-06-12T12:42:35","slug":"caro-papa-di-vittorio","status":"publish","type":"product","link":"https:\/\/www.guerini.it\/index.php\/prodotto\/caro-papa-di-vittorio\/","title":{"rendered":"&#8220;Caro pap\u00e0 Di Vittorio&#8230;&#8221;"},"content":{"rendered":"<p>Squarci originali e inediti della vita italiana tra la fine della guerra e il 1957 ci sono offerti dalle lettere a Giuseppe Di Vittorio raccolte e commentate da Myriam Bergamaschi, testimonianza straordinaria del fascino e del carisma dell\u2019uomo, illuminante anche per la concezione che egli ebbe del sindacato; ed \u00e8 infine uno spaccato della societ\u00e0 italiana e delle mentalit\u00e0 collettive negli anni della Ricostruzione.<\/p>\n","protected":false},"excerpt":{"rendered":"<p>Squarci originali e inediti della vita italiana tra la fine della guerra e il 1957 ci sono offerti dalle lettere a Giuseppe Di Vittorio raccolte e commentate da Myriam Bergamaschi, testimonianza straordinaria del fascino e del carisma dell\u2019uomo, illuminante anche per la concezione che egli ebbe del sindacato; ed \u00e8 infine uno spaccato della societ\u00e0 italiana e delle mentalit\u00e0 collettive negli anni della Ricostruzione.<\/p>\n","protected":false},"featured_media":14332,"template":"","meta":{"_editorskit_title_hidden":false,"_editorskit_reading_time":0,"_editorskit_is_block_options_detached":false,"_editorskit_block_options_position":"{}","_monsterinsights_skip_tracking":false,"_monsterinsights_sitenote_active":false,"_monsterinsights_sitenote_note":"","_monsterinsights_sitenote_category":0},"product_brand":[],"product_cat":[6576,6539],"product_tag":[],"class_list":{"0":"post-14333","1":"product","2":"type-product","3":"status-publish","4":"has-post-thumbnail","6":"product_cat-rn","7":"product_cat-storia-e-geografia","8":"pa_country_of_manufacture-it","9":"pa_guerini_strillo-0a-unatestimonianzastraordina","11":"first","12":"instock","13":"sale","14":"shipping-taxable","15":"purchasable","16":"product-type-simple"},"yoast_head":"<!-- This site is optimized with the Yoast SEO plugin v25.4 - https:\/\/yoast.com\/wordpress\/plugins\/seo\/ -->\n<title>&quot;Caro pap\u00e0 Di Vittorio...&quot; - Guerini e Associati<\/title>\n<meta name=\"robots\" content=\"index, follow, max-snippet:-1, max-image-preview:large, max-video-preview:-1\" \/>\n<link rel=\"canonical\" href=\"https:\/\/www.guerini.it\/index.php\/prodotto\/caro-papa-di-vittorio\/\" \/>\n<meta property=\"og:locale\" content=\"it_IT\" \/>\n<meta property=\"og:type\" content=\"article\" \/>\n<meta property=\"og:title\" content=\"&quot;Caro pap\u00e0 Di Vittorio...&quot; - Guerini e Associati\" \/>\n<meta property=\"og:description\" content=\"Squarci originali e inediti della vita italiana tra la fine della guerra e il 1957 ci sono offerti dalle lettere a Giuseppe Di Vittorio raccolte e commentate da Myriam Bergamaschi, testimonianza straordinaria del fascino e del carisma dell\u2019uomo, illuminante anche per la concezione che egli ebbe del sindacato; ed \u00e8 infine uno spaccato della societ\u00e0 italiana e delle mentalit\u00e0 collettive negli anni della Ricostruzione.\" \/>\n<meta property=\"og:url\" content=\"https:\/\/www.guerini.it\/index.php\/prodotto\/caro-papa-di-vittorio\/\" \/>\n<meta property=\"og:site_name\" content=\"Guerini e Associati\" \/>\n<meta property=\"article:modified_time\" content=\"2024-06-12T12:42:35+00:00\" \/>\n<meta property=\"og:image\" content=\"https:\/\/www.guerini.it\/wp-content\/uploads\/2012\/05\/cop.bergamaschi_265x409.jpg\" \/>\n\t<meta property=\"og:image:width\" content=\"265\" \/>\n\t<meta property=\"og:image:height\" content=\"409\" \/>\n\t<meta property=\"og:image:type\" content=\"image\/jpeg\" \/>\n<meta name=\"twitter:card\" content=\"summary_large_image\" \/>\n<!-- \/ Yoast SEO plugin. -->","yoast_head_json":{"title":"\"Caro pap\u00e0 Di Vittorio...\" - Guerini e Associati","robots":{"index":"index","follow":"follow","max-snippet":"max-snippet:-1","max-image-preview":"max-image-preview:large","max-video-preview":"max-video-preview:-1"},"canonical":"https:\/\/www.guerini.it\/index.php\/prodotto\/caro-papa-di-vittorio\/","og_locale":"it_IT","og_type":"article","og_title":"\"Caro pap\u00e0 Di Vittorio...\" - Guerini e Associati","og_description":"Squarci originali e inediti della vita italiana tra la fine della guerra e il 1957 ci sono offerti dalle lettere a Giuseppe Di Vittorio raccolte e commentate da Myriam Bergamaschi, testimonianza straordinaria del fascino e del carisma dell\u2019uomo, illuminante anche per la concezione che egli ebbe del sindacato; ed \u00e8 infine uno spaccato della societ\u00e0 italiana e delle mentalit\u00e0 collettive negli anni della Ricostruzione.","og_url":"https:\/\/www.guerini.it\/index.php\/prodotto\/caro-papa-di-vittorio\/","og_site_name":"Guerini e Associati","article_modified_time":"2024-06-12T12:42:35+00:00","og_image":[{"width":265,"height":409,"url":"https:\/\/www.guerini.it\/wp-content\/uploads\/2012\/05\/cop.bergamaschi_265x409.jpg","type":"image\/jpeg"}],"twitter_card":"summary_large_image","schema":{"@context":"https:\/\/schema.org","@graph":[{"@type":"WebPage","@id":"https:\/\/www.guerini.it\/index.php\/prodotto\/caro-papa-di-vittorio\/","url":"https:\/\/www.guerini.it\/index.php\/prodotto\/caro-papa-di-vittorio\/","name":"\"Caro pap\u00e0 Di Vittorio...\" - Guerini e Associati","isPartOf":{"@id":"https:\/\/www.guerini.it\/#website"},"primaryImageOfPage":{"@id":"https:\/\/www.guerini.it\/index.php\/prodotto\/caro-papa-di-vittorio\/#primaryimage"},"image":{"@id":"https:\/\/www.guerini.it\/index.php\/prodotto\/caro-papa-di-vittorio\/#primaryimage"},"thumbnailUrl":"https:\/\/www.guerini.it\/wp-content\/uploads\/2012\/05\/cop.bergamaschi_265x409.jpg","datePublished":"2012-05-24T11:00:46+00:00","dateModified":"2024-06-12T12:42:35+00:00","breadcrumb":{"@id":"https:\/\/www.guerini.it\/index.php\/prodotto\/caro-papa-di-vittorio\/#breadcrumb"},"inLanguage":"it-IT","potentialAction":[{"@type":"ReadAction","target":["https:\/\/www.guerini.it\/index.php\/prodotto\/caro-papa-di-vittorio\/"]}]},{"@type":"ImageObject","inLanguage":"it-IT","@id":"https:\/\/www.guerini.it\/index.php\/prodotto\/caro-papa-di-vittorio\/#primaryimage","url":"https:\/\/www.guerini.it\/wp-content\/uploads\/2012\/05\/cop.bergamaschi_265x409.jpg","contentUrl":"https:\/\/www.guerini.it\/wp-content\/uploads\/2012\/05\/cop.bergamaschi_265x409.jpg","width":265,"height":409,"caption":"\"Caro pap\u00e0 Di Vittorio\u2026\""},{"@type":"BreadcrumbList","@id":"https:\/\/www.guerini.it\/index.php\/prodotto\/caro-papa-di-vittorio\/#breadcrumb","itemListElement":[{"@type":"ListItem","position":1,"name":"Home","item":"https:\/\/www.guerini.it\/"},{"@type":"ListItem","position":2,"name":"Catalogo","item":"https:\/\/www.guerini.it\/index.php\/negozio\/"},{"@type":"ListItem","position":3,"name":"&#8220;Caro pap\u00e0 Di Vittorio&#8230;&#8221;"}]},{"@type":"WebSite","@id":"https:\/\/www.guerini.it\/#website","url":"https:\/\/www.guerini.it\/","name":"Guerini e Associati","description":"30 anni di libri, idee e libert\u00e0","publisher":{"@id":"https:\/\/www.guerini.it\/#organization"},"potentialAction":[{"@type":"SearchAction","target":{"@type":"EntryPoint","urlTemplate":"https:\/\/www.guerini.it\/?s={search_term_string}"},"query-input":{"@type":"PropertyValueSpecification","valueRequired":true,"valueName":"search_term_string"}}],"inLanguage":"it-IT"},{"@type":"Organization","@id":"https:\/\/www.guerini.it\/#organization","name":"Guerini e Associati","url":"https:\/\/www.guerini.it\/","logo":{"@type":"ImageObject","inLanguage":"it-IT","@id":"https:\/\/www.guerini.it\/#\/schema\/logo\/image\/","url":"https:\/\/www.guerini.it\/wp-content\/uploads\/2021\/03\/Logo-Guerini-OK_-e1615831292285.png","contentUrl":"https:\/\/www.guerini.it\/wp-content\/uploads\/2021\/03\/Logo-Guerini-OK_-e1615831292285.png","width":2805,"height":1870,"caption":"Guerini e Associati"},"image":{"@id":"https:\/\/www.guerini.it\/#\/schema\/logo\/image\/"}}]}},"_links":{"self":[{"href":"https:\/\/www.guerini.it\/index.php\/wp-json\/wp\/v2\/product\/14333","targetHints":{"allow":["GET"]}}],"collection":[{"href":"https:\/\/www.guerini.it\/index.php\/wp-json\/wp\/v2\/product"}],"about":[{"href":"https:\/\/www.guerini.it\/index.php\/wp-json\/wp\/v2\/types\/product"}],"wp:featuredmedia":[{"embeddable":true,"href":"https:\/\/www.guerini.it\/index.php\/wp-json\/wp\/v2\/media\/14332"}],"wp:attachment":[{"href":"https:\/\/www.guerini.it\/index.php\/wp-json\/wp\/v2\/media?parent=14333"}],"wp:term":[{"taxonomy":"product_brand","embeddable":true,"href":"https:\/\/www.guerini.it\/index.php\/wp-json\/wp\/v2\/product_brand?post=14333"},{"taxonomy":"product_cat","embeddable":true,"href":"https:\/\/www.guerini.it\/index.php\/wp-json\/wp\/v2\/product_cat?post=14333"},{"taxonomy":"product_tag","embeddable":true,"href":"https:\/\/www.guerini.it\/index.php\/wp-json\/wp\/v2\/product_tag?post=14333"}],"curies":[{"name":"wp","href":"https:\/\/api.w.org\/{rel}","templated":true}]}}

&#8220;Caro papà Di Vittorio&#8230;&#8221;

<p>Squarci originali e inediti della vita italiana tra la fine della guerra e il 1957 ci sono offerti dalle lettere a Giuseppe Di Vittorio raccolte e commentate da Myriam Bergamaschi, testimonianza straordinaria del fascino e del carisma dell’uomo, illuminante anche per la concezione che egli ebbe del sindacato; ed è infine uno spaccato della società italiana e delle mentalità collettive negli anni della Ricostruzione.</p>

<!-- This site is optimized with the Yoast SEO plugin v25.4 - https://yoast.com/wordpress/plugins/seo/ -->
<title>&quot;Caro papà Di Vittorio...&quot; - Guerini e Associati</title>
<meta name="robots" content="index, follow, max-snippet:-1, max-image-preview:large, max-video-preview:-1" />
<link rel="canonical" href="https://www.guerini.it/index.php/prodotto/caro-papa-di-vittorio/" />
<meta property="og:locale" content="it_IT" />
<meta property="og:type" content="article" />
<meta property="og:title" content="&quot;Caro papà Di Vittorio...&quot; - Guerini e Associati" />
<meta property="og:description" content="Squarci originali e inediti della vita italiana tra la fine della guerra e il 1957 ci sono offerti dalle lettere a Giuseppe Di Vittorio raccolte e commentate da Myriam Bergamaschi, testimonianza straordinaria del fascino e del carisma dell’uomo, illuminante anche per la concezione che egli ebbe del sindacato; ed è infine uno spaccato della società italiana e delle mentalità collettive negli anni della Ricostruzione." />
<meta property="og:url" content="https://www.guerini.it/index.php/prodotto/caro-papa-di-vittorio/" />
<meta property="og:site_name" content="Guerini e Associati" />
<meta property="article:modified_time" content="2024-06-12T12:42:35+00:00" />
<meta property="og:image" content="https://www.guerini.it/wp-content/uploads/2012/05/cop.bergamaschi_265x409.jpg" />
	<meta property="og:image:width" content="265" />
	<meta property="og:image:height" content="409" />
	<meta property="og:image:type" content="image/jpeg" />
<meta name="twitter:card" content="summary_large_image" />
<!-- / Yoast SEO plugin. -->

"Caro papà Di Vittorio..." - Guerini e Associati

Squarci originali e inediti della vita italiana tra la fine della guerra e il 1957 ci sono offerti dalle lettere a Giuseppe Di Vittorio raccolte e commentate da Myriam Bergamaschi, testimonianza straordinaria del fascino e del carisma dell’uomo, illuminante anche per la concezione che egli ebbe del sindacato; ed è infine uno spaccato della società italiana e delle mentalità collettive negli anni della Ricostruzione.

"Caro papà Di Vittorio…"

30 anni di libri, idee e libertà
