{"id":14365,"date":"2012-05-24T13:00:47","date_gmt":"2012-05-24T11:00:47","guid":{"rendered":"https:\/\/test.guerini.it\/?product=un-mondo-quasi-a-parte"},"modified":"2024-06-12T14:42:41","modified_gmt":"2024-06-12T12:42:41","slug":"un-mondo-quasi-a-parte","status":"publish","type":"product","link":"https:\/\/www.guerini.it\/index.php\/prodotto\/un-mondo-quasi-a-parte\/","title":{"rendered":"Un mondo (quasi) a parte"},"content":{"rendered":"<p>\u00c8 possibile \u00abpensare la politica sociologicamente\u00bb? Concentrarsi sulla quotidianit\u00e0 dei politici di professione, sui loro comportamenti, abitudini, relazioni, emozioni, sentimenti e modi di fare, piuttosto che analizzare, ad esempio, le dinamiche interne ai partiti di appartenenza oppure l\u2019azione politica in senso tecnico? \u00c8 quello che ha provato a fare Massimo Cerulo nella sua particolare ricerca etnografica. Quello che emerge \u00e8 un quadro delle attivit\u00e0 quotidiane di chi fa politica che difficilmente questi presenterebbe spontaneamente, ma in cui ha modo di riconoscersi e, forse, di trarre spunti per qualche riflessione autocritica. In fondo, riflettere sulla vita quotidiana del politico di professione pu\u00f2 forse aiutare a scorgere quel senso del far politica cos\u00ec caro agli studiosi della societ\u00e0 e, d\u2019altro canto, cos\u00ec rilevante per la stessa societ\u00e0 nel suo insieme.<\/p>\n","protected":false},"excerpt":{"rendered":"<p>\u00c8 possibile \u00abpensare la politica sociologicamente\u00bb? Concentrarsi sulla quotidianit\u00e0 dei politici di professione, sui loro comportamenti, abitudini, relazioni, emozioni, sentimenti e modi di fare, piuttosto che analizzare, ad esempio, le dinamiche interne ai partiti di appartenenza oppure l\u2019azione politica in senso tecnico? \u00c8 quello che ha provato a fare Massimo Cerulo nella sua particolare ricerca etnografica. Quello che emerge \u00e8 un quadro delle attivit\u00e0 quotidiane di chi fa politica che difficilmente questi presenterebbe spontaneamente, ma in cui ha modo di riconoscersi e, forse, di trarre spunti per qualche riflessione autocritica. In fondo, riflettere sulla vita quotidiana del politico di professione pu\u00f2 forse aiutare a scorgere quel senso del far politica cos\u00ec caro agli studiosi della societ\u00e0 e, d\u2019altro canto, cos\u00ec rilevante per la stessa societ\u00e0 nel suo insieme.<\/p>\n","protected":false},"featured_media":14364,"template":"","meta":{"_editorskit_title_hidden":false,"_editorskit_reading_time":0,"_editorskit_is_block_options_detached":false,"_editorskit_block_options_position":"{}","_monsterinsights_skip_tracking":false,"_monsterinsights_sitenote_active":false,"_monsterinsights_sitenote_note":"","_monsterinsights_sitenote_category":0},"product_brand":[],"product_cat":[6647,6537],"product_tag":[],"class_list":{"0":"post-14365","1":"product","2":"type-product","3":"status-publish","4":"has-post-thumbnail","6":"product_cat-svq","7":"product_cat-scienze-politiche-sociali","8":"pa_country_of_manufacture-it","10":"first","11":"instock","12":"sale","13":"shipping-taxable","14":"purchasable","15":"product-type-simple"},"yoast_head":"<!-- This site is optimized with the Yoast SEO plugin v25.4 - https:\/\/yoast.com\/wordpress\/plugins\/seo\/ -->\n<title>Un mondo (quasi) a parte - Guerini e Associati<\/title>\n<meta name=\"robots\" content=\"index, follow, max-snippet:-1, max-image-preview:large, max-video-preview:-1\" \/>\n<link rel=\"canonical\" href=\"https:\/\/www.guerini.it\/index.php\/prodotto\/un-mondo-quasi-a-parte\/\" \/>\n<meta property=\"og:locale\" content=\"it_IT\" \/>\n<meta property=\"og:type\" content=\"article\" \/>\n<meta property=\"og:title\" content=\"Un mondo (quasi) a parte - Guerini e Associati\" \/>\n<meta property=\"og:description\" content=\"\u00c8 possibile \u00abpensare la politica sociologicamente\u00bb? Concentrarsi sulla quotidianit\u00e0 dei politici di professione, sui loro comportamenti, abitudini, relazioni, emozioni, sentimenti e modi di fare, piuttosto che analizzare, ad esempio, le dinamiche interne ai partiti di appartenenza oppure l\u2019azione politica in senso tecnico? \u00c8 quello che ha provato a fare Massimo Cerulo nella sua particolare ricerca etnografica. Quello che emerge \u00e8 un quadro delle attivit\u00e0 quotidiane di chi fa politica che difficilmente questi presenterebbe spontaneamente, ma in cui ha modo di riconoscersi e, forse, di trarre spunti per qualche riflessione autocritica. In fondo, riflettere sulla vita quotidiana del politico di professione pu\u00f2 forse aiutare a scorgere quel senso del far politica cos\u00ec caro agli studiosi della societ\u00e0 e, d\u2019altro canto, cos\u00ec rilevante per la stessa societ\u00e0 nel suo insieme.\" \/>\n<meta property=\"og:url\" content=\"https:\/\/www.guerini.it\/index.php\/prodotto\/un-mondo-quasi-a-parte\/\" \/>\n<meta property=\"og:site_name\" content=\"Guerini e Associati\" \/>\n<meta property=\"article:modified_time\" content=\"2024-06-12T12:42:41+00:00\" \/>\n<meta property=\"og:image\" content=\"https:\/\/www.guerini.it\/wp-content\/uploads\/2012\/05\/978-88-6250-034-0.jpg\" \/>\n\t<meta property=\"og:image:width\" content=\"122\" \/>\n\t<meta property=\"og:image:height\" content=\"187\" \/>\n\t<meta property=\"og:image:type\" content=\"image\/jpeg\" \/>\n<meta name=\"twitter:card\" content=\"summary_large_image\" \/>\n<meta name=\"twitter:label1\" content=\"Tempo di lettura stimato\" \/>\n\t<meta name=\"twitter:data1\" content=\"1 minuto\" \/>\n<!-- \/ Yoast SEO plugin. -->","yoast_head_json":{"title":"Un mondo (quasi) a parte - Guerini e Associati","robots":{"index":"index","follow":"follow","max-snippet":"max-snippet:-1","max-image-preview":"max-image-preview:large","max-video-preview":"max-video-preview:-1"},"canonical":"https:\/\/www.guerini.it\/index.php\/prodotto\/un-mondo-quasi-a-parte\/","og_locale":"it_IT","og_type":"article","og_title":"Un mondo (quasi) a parte - Guerini e Associati","og_description":"\u00c8 possibile \u00abpensare la politica sociologicamente\u00bb? Concentrarsi sulla quotidianit\u00e0 dei politici di professione, sui loro comportamenti, abitudini, relazioni, emozioni, sentimenti e modi di fare, piuttosto che analizzare, ad esempio, le dinamiche interne ai partiti di appartenenza oppure l\u2019azione politica in senso tecnico? \u00c8 quello che ha provato a fare Massimo Cerulo nella sua particolare ricerca etnografica. Quello che emerge \u00e8 un quadro delle attivit\u00e0 quotidiane di chi fa politica che difficilmente questi presenterebbe spontaneamente, ma in cui ha modo di riconoscersi e, forse, di trarre spunti per qualche riflessione autocritica. In fondo, riflettere sulla vita quotidiana del politico di professione pu\u00f2 forse aiutare a scorgere quel senso del far politica cos\u00ec caro agli studiosi della societ\u00e0 e, d\u2019altro canto, cos\u00ec rilevante per la stessa societ\u00e0 nel suo insieme.","og_url":"https:\/\/www.guerini.it\/index.php\/prodotto\/un-mondo-quasi-a-parte\/","og_site_name":"Guerini e Associati","article_modified_time":"2024-06-12T12:42:41+00:00","og_image":[{"width":122,"height":187,"url":"https:\/\/www.guerini.it\/wp-content\/uploads\/2012\/05\/978-88-6250-034-0.jpg","type":"image\/jpeg"}],"twitter_card":"summary_large_image","twitter_misc":{"Tempo di lettura stimato":"1 minuto"},"schema":{"@context":"https:\/\/schema.org","@graph":[{"@type":"WebPage","@id":"https:\/\/www.guerini.it\/index.php\/prodotto\/un-mondo-quasi-a-parte\/","url":"https:\/\/www.guerini.it\/index.php\/prodotto\/un-mondo-quasi-a-parte\/","name":"Un mondo (quasi) a parte - Guerini e Associati","isPartOf":{"@id":"https:\/\/www.guerini.it\/#website"},"primaryImageOfPage":{"@id":"https:\/\/www.guerini.it\/index.php\/prodotto\/un-mondo-quasi-a-parte\/#primaryimage"},"image":{"@id":"https:\/\/www.guerini.it\/index.php\/prodotto\/un-mondo-quasi-a-parte\/#primaryimage"},"thumbnailUrl":"https:\/\/www.guerini.it\/wp-content\/uploads\/2012\/05\/978-88-6250-034-0.jpg","datePublished":"2012-05-24T11:00:47+00:00","dateModified":"2024-06-12T12:42:41+00:00","breadcrumb":{"@id":"https:\/\/www.guerini.it\/index.php\/prodotto\/un-mondo-quasi-a-parte\/#breadcrumb"},"inLanguage":"it-IT","potentialAction":[{"@type":"ReadAction","target":["https:\/\/www.guerini.it\/index.php\/prodotto\/un-mondo-quasi-a-parte\/"]}]},{"@type":"ImageObject","inLanguage":"it-IT","@id":"https:\/\/www.guerini.it\/index.php\/prodotto\/un-mondo-quasi-a-parte\/#primaryimage","url":"https:\/\/www.guerini.it\/wp-content\/uploads\/2012\/05\/978-88-6250-034-0.jpg","contentUrl":"https:\/\/www.guerini.it\/wp-content\/uploads\/2012\/05\/978-88-6250-034-0.jpg","width":122,"height":187,"caption":"Un mondo (quasi) a parte"},{"@type":"BreadcrumbList","@id":"https:\/\/www.guerini.it\/index.php\/prodotto\/un-mondo-quasi-a-parte\/#breadcrumb","itemListElement":[{"@type":"ListItem","position":1,"name":"Home","item":"https:\/\/www.guerini.it\/"},{"@type":"ListItem","position":2,"name":"Catalogo","item":"https:\/\/www.guerini.it\/index.php\/negozio\/"},{"@type":"ListItem","position":3,"name":"Un mondo (quasi) a parte"}]},{"@type":"WebSite","@id":"https:\/\/www.guerini.it\/#website","url":"https:\/\/www.guerini.it\/","name":"Guerini e Associati","description":"30 anni di libri, idee e libert\u00e0","publisher":{"@id":"https:\/\/www.guerini.it\/#organization"},"potentialAction":[{"@type":"SearchAction","target":{"@type":"EntryPoint","urlTemplate":"https:\/\/www.guerini.it\/?s={search_term_string}"},"query-input":{"@type":"PropertyValueSpecification","valueRequired":true,"valueName":"search_term_string"}}],"inLanguage":"it-IT"},{"@type":"Organization","@id":"https:\/\/www.guerini.it\/#organization","name":"Guerini e Associati","url":"https:\/\/www.guerini.it\/","logo":{"@type":"ImageObject","inLanguage":"it-IT","@id":"https:\/\/www.guerini.it\/#\/schema\/logo\/image\/","url":"https:\/\/www.guerini.it\/wp-content\/uploads\/2021\/03\/Logo-Guerini-OK_-e1615831292285.png","contentUrl":"https:\/\/www.guerini.it\/wp-content\/uploads\/2021\/03\/Logo-Guerini-OK_-e1615831292285.png","width":2805,"height":1870,"caption":"Guerini e Associati"},"image":{"@id":"https:\/\/www.guerini.it\/#\/schema\/logo\/image\/"}}]}},"_links":{"self":[{"href":"https:\/\/www.guerini.it\/index.php\/wp-json\/wp\/v2\/product\/14365","targetHints":{"allow":["GET"]}}],"collection":[{"href":"https:\/\/www.guerini.it\/index.php\/wp-json\/wp\/v2\/product"}],"about":[{"href":"https:\/\/www.guerini.it\/index.php\/wp-json\/wp\/v2\/types\/product"}],"wp:featuredmedia":[{"embeddable":true,"href":"https:\/\/www.guerini.it\/index.php\/wp-json\/wp\/v2\/media\/14364"}],"wp:attachment":[{"href":"https:\/\/www.guerini.it\/index.php\/wp-json\/wp\/v2\/media?parent=14365"}],"wp:term":[{"taxonomy":"product_brand","embeddable":true,"href":"https:\/\/www.guerini.it\/index.php\/wp-json\/wp\/v2\/product_brand?post=14365"},{"taxonomy":"product_cat","embeddable":true,"href":"https:\/\/www.guerini.it\/index.php\/wp-json\/wp\/v2\/product_cat?post=14365"},{"taxonomy":"product_tag","embeddable":true,"href":"https:\/\/www.guerini.it\/index.php\/wp-json\/wp\/v2\/product_tag?post=14365"}],"curies":[{"name":"wp","href":"https:\/\/api.w.org\/{rel}","templated":true}]}}