{"id":14397,"date":"2012-05-24T13:00:48","date_gmt":"2012-05-24T11:00:48","guid":{"rendered":"https:\/\/test.guerini.it\/?product=ritorno-della-religione-tra-ragione-fede-e-societa"},"modified":"2024-06-12T14:42:41","modified_gmt":"2024-06-12T12:42:41","slug":"ritorno-della-religione-tra-ragione-fede-e-societa","status":"publish","type":"product","link":"https:\/\/www.guerini.it\/index.php\/prodotto\/ritorno-della-religione-tra-ragione-fede-e-societa\/","title":{"rendered":"Ritorno della religione? Tra ragione, fede e societ\u00e0"},"content":{"rendered":"<p>Di fronte alla presenza del fondamentalismo religioso, \u00e8 ancora legittimo parlare di verit\u00e0 della religione? \u00c8 difendibile il teismo dinanzi al dominante naturalismo?<br \/>Robert N. Bellah, Enrico Berti, Adriano Fabris, Virgilio Melchiorre, Mario Micheletti, Emmanuel Gabellieri, Roberto Gatti, Massimo Borghesi, Charles Taylor.<\/p>\n","protected":false},"excerpt":{"rendered":"<p>Di fronte alla presenza del fondamentalismo religioso, \u00e8 ancora legittimo parlare di verit\u00e0 della religione? \u00c8 difendibile il teismo dinanzi al dominante naturalismo?<br \/>Robert N. Bellah, Enrico Berti, Adriano Fabris, Virgilio Melchiorre, Mario Micheletti, Emmanuel Gabellieri, Roberto Gatti, Massimo Borghesi, Charles Taylor.<\/p>\n","protected":false},"featured_media":14396,"template":"","meta":{"_editorskit_title_hidden":false,"_editorskit_reading_time":0,"_editorskit_is_block_options_detached":false,"_editorskit_block_options_position":"{}","_monsterinsights_skip_tracking":false,"_monsterinsights_sitenote_active":false,"_monsterinsights_sitenote_note":"","_monsterinsights_sitenote_category":0},"product_brand":[],"product_cat":[6530,6624],"product_tag":[],"class_list":{"0":"post-14397","1":"product","2":"type-product","3":"status-publish","4":"has-post-thumbnail","6":"product_cat-filosofia","7":"product_cat-ann","8":"pa_country_of_manufacture-it","10":"first","11":"instock","12":"sale","13":"shipping-taxable","14":"purchasable","15":"product-type-simple"},"yoast_head":"<!-- This site is optimized with the Yoast SEO plugin v25.4 - https:\/\/yoast.com\/wordpress\/plugins\/seo\/ -->\n<title>Ritorno della religione? Tra ragione, fede e societ\u00e0 - Guerini e Associati<\/title>\n<meta name=\"robots\" content=\"index, follow, max-snippet:-1, max-image-preview:large, max-video-preview:-1\" \/>\n<link rel=\"canonical\" href=\"https:\/\/www.guerini.it\/index.php\/prodotto\/ritorno-della-religione-tra-ragione-fede-e-societa\/\" \/>\n<meta property=\"og:locale\" content=\"it_IT\" \/>\n<meta property=\"og:type\" content=\"article\" \/>\n<meta property=\"og:title\" content=\"Ritorno della religione? Tra ragione, fede e societ\u00e0 - Guerini e Associati\" \/>\n<meta property=\"og:description\" content=\"Di fronte alla presenza del fondamentalismo religioso, \u00e8 ancora legittimo parlare di verit\u00e0 della religione? \u00c8 difendibile il teismo dinanzi al dominante naturalismo?Robert N. Bellah, Enrico Berti, Adriano Fabris, Virgilio Melchiorre, Mario Micheletti, Emmanuel Gabellieri, Roberto Gatti, Massimo Borghesi, Charles Taylor.\" \/>\n<meta property=\"og:url\" content=\"https:\/\/www.guerini.it\/index.php\/prodotto\/ritorno-della-religione-tra-ragione-fede-e-societa\/\" \/>\n<meta property=\"og:site_name\" content=\"Guerini e Associati\" \/>\n<meta property=\"article:modified_time\" content=\"2024-06-12T12:42:41+00:00\" \/>\n<meta property=\"og:image\" content=\"https:\/\/www.guerini.it\/wp-content\/uploads\/2012\/05\/978-88-6250-037-1.jpg\" \/>\n\t<meta property=\"og:image:width\" content=\"119\" \/>\n\t<meta property=\"og:image:height\" content=\"186\" \/>\n\t<meta property=\"og:image:type\" content=\"image\/jpeg\" \/>\n<meta name=\"twitter:card\" content=\"summary_large_image\" \/>\n<!-- \/ Yoast SEO plugin. -->","yoast_head_json":{"title":"Ritorno della religione? Tra ragione, fede e societ\u00e0 - Guerini e Associati","robots":{"index":"index","follow":"follow","max-snippet":"max-snippet:-1","max-image-preview":"max-image-preview:large","max-video-preview":"max-video-preview:-1"},"canonical":"https:\/\/www.guerini.it\/index.php\/prodotto\/ritorno-della-religione-tra-ragione-fede-e-societa\/","og_locale":"it_IT","og_type":"article","og_title":"Ritorno della religione? Tra ragione, fede e societ\u00e0 - Guerini e Associati","og_description":"Di fronte alla presenza del fondamentalismo religioso, \u00e8 ancora legittimo parlare di verit\u00e0 della religione? \u00c8 difendibile il teismo dinanzi al dominante naturalismo?Robert N. Bellah, Enrico Berti, Adriano Fabris, Virgilio Melchiorre, Mario Micheletti, Emmanuel Gabellieri, Roberto Gatti, Massimo Borghesi, Charles Taylor.","og_url":"https:\/\/www.guerini.it\/index.php\/prodotto\/ritorno-della-religione-tra-ragione-fede-e-societa\/","og_site_name":"Guerini e Associati","article_modified_time":"2024-06-12T12:42:41+00:00","og_image":[{"width":119,"height":186,"url":"https:\/\/www.guerini.it\/wp-content\/uploads\/2012\/05\/978-88-6250-037-1.jpg","type":"image\/jpeg"}],"twitter_card":"summary_large_image","schema":{"@context":"https:\/\/schema.org","@graph":[{"@type":"WebPage","@id":"https:\/\/www.guerini.it\/index.php\/prodotto\/ritorno-della-religione-tra-ragione-fede-e-societa\/","url":"https:\/\/www.guerini.it\/index.php\/prodotto\/ritorno-della-religione-tra-ragione-fede-e-societa\/","name":"Ritorno della religione? Tra ragione, fede e societ\u00e0 - Guerini e Associati","isPartOf":{"@id":"https:\/\/www.guerini.it\/#website"},"primaryImageOfPage":{"@id":"https:\/\/www.guerini.it\/index.php\/prodotto\/ritorno-della-religione-tra-ragione-fede-e-societa\/#primaryimage"},"image":{"@id":"https:\/\/www.guerini.it\/index.php\/prodotto\/ritorno-della-religione-tra-ragione-fede-e-societa\/#primaryimage"},"thumbnailUrl":"https:\/\/www.guerini.it\/wp-content\/uploads\/2012\/05\/978-88-6250-037-1.jpg","datePublished":"2012-05-24T11:00:48+00:00","dateModified":"2024-06-12T12:42:41+00:00","breadcrumb":{"@id":"https:\/\/www.guerini.it\/index.php\/prodotto\/ritorno-della-religione-tra-ragione-fede-e-societa\/#breadcrumb"},"inLanguage":"it-IT","potentialAction":[{"@type":"ReadAction","target":["https:\/\/www.guerini.it\/index.php\/prodotto\/ritorno-della-religione-tra-ragione-fede-e-societa\/"]}]},{"@type":"ImageObject","inLanguage":"it-IT","@id":"https:\/\/www.guerini.it\/index.php\/prodotto\/ritorno-della-religione-tra-ragione-fede-e-societa\/#primaryimage","url":"https:\/\/www.guerini.it\/wp-content\/uploads\/2012\/05\/978-88-6250-037-1.jpg","contentUrl":"https:\/\/www.guerini.it\/wp-content\/uploads\/2012\/05\/978-88-6250-037-1.jpg","width":119,"height":186,"caption":"Ritorno della religione? Tra ragione, fede e societ\u00e0"},{"@type":"BreadcrumbList","@id":"https:\/\/www.guerini.it\/index.php\/prodotto\/ritorno-della-religione-tra-ragione-fede-e-societa\/#breadcrumb","itemListElement":[{"@type":"ListItem","position":1,"name":"Home","item":"https:\/\/www.guerini.it\/"},{"@type":"ListItem","position":2,"name":"Catalogo","item":"https:\/\/www.guerini.it\/index.php\/negozio\/"},{"@type":"ListItem","position":3,"name":"Ritorno della religione? Tra ragione, fede e societ\u00e0"}]},{"@type":"WebSite","@id":"https:\/\/www.guerini.it\/#website","url":"https:\/\/www.guerini.it\/","name":"Guerini e Associati","description":"30 anni di libri, idee e libert\u00e0","publisher":{"@id":"https:\/\/www.guerini.it\/#organization"},"potentialAction":[{"@type":"SearchAction","target":{"@type":"EntryPoint","urlTemplate":"https:\/\/www.guerini.it\/?s={search_term_string}"},"query-input":{"@type":"PropertyValueSpecification","valueRequired":true,"valueName":"search_term_string"}}],"inLanguage":"it-IT"},{"@type":"Organization","@id":"https:\/\/www.guerini.it\/#organization","name":"Guerini e Associati","url":"https:\/\/www.guerini.it\/","logo":{"@type":"ImageObject","inLanguage":"it-IT","@id":"https:\/\/www.guerini.it\/#\/schema\/logo\/image\/","url":"https:\/\/www.guerini.it\/wp-content\/uploads\/2021\/03\/Logo-Guerini-OK_-e1615831292285.png","contentUrl":"https:\/\/www.guerini.it\/wp-content\/uploads\/2021\/03\/Logo-Guerini-OK_-e1615831292285.png","width":2805,"height":1870,"caption":"Guerini e Associati"},"image":{"@id":"https:\/\/www.guerini.it\/#\/schema\/logo\/image\/"}}]}},"_links":{"self":[{"href":"https:\/\/www.guerini.it\/index.php\/wp-json\/wp\/v2\/product\/14397","targetHints":{"allow":["GET"]}}],"collection":[{"href":"https:\/\/www.guerini.it\/index.php\/wp-json\/wp\/v2\/product"}],"about":[{"href":"https:\/\/www.guerini.it\/index.php\/wp-json\/wp\/v2\/types\/product"}],"wp:featuredmedia":[{"embeddable":true,"href":"https:\/\/www.guerini.it\/index.php\/wp-json\/wp\/v2\/media\/14396"}],"wp:attachment":[{"href":"https:\/\/www.guerini.it\/index.php\/wp-json\/wp\/v2\/media?parent=14397"}],"wp:term":[{"taxonomy":"product_brand","embeddable":true,"href":"https:\/\/www.guerini.it\/index.php\/wp-json\/wp\/v2\/product_brand?post=14397"},{"taxonomy":"product_cat","embeddable":true,"href":"https:\/\/www.guerini.it\/index.php\/wp-json\/wp\/v2\/product_cat?post=14397"},{"taxonomy":"product_tag","embeddable":true,"href":"https:\/\/www.guerini.it\/index.php\/wp-json\/wp\/v2\/product_tag?post=14397"}],"curies":[{"name":"wp","href":"https:\/\/api.w.org\/{rel}","templated":true}]}}

Ritorno della religione? Tra ragione, fede e società

<p>Di fronte alla presenza del fondamentalismo religioso, è ancora legittimo parlare di verità della religione? È difendibile il teismo dinanzi al dominante naturalismo?<br />Robert N. Bellah, Enrico Berti, Adriano Fabris, Virgilio Melchiorre, Mario Micheletti, Emmanuel Gabellieri, Roberto Gatti, Massimo Borghesi, Charles Taylor.</p>

<!-- This site is optimized with the Yoast SEO plugin v25.4 - https://yoast.com/wordpress/plugins/seo/ -->
<title>Ritorno della religione? Tra ragione, fede e società - Guerini e Associati</title>
<meta name="robots" content="index, follow, max-snippet:-1, max-image-preview:large, max-video-preview:-1" />
<link rel="canonical" href="https://www.guerini.it/index.php/prodotto/ritorno-della-religione-tra-ragione-fede-e-societa/" />
<meta property="og:locale" content="it_IT" />
<meta property="og:type" content="article" />
<meta property="og:title" content="Ritorno della religione? Tra ragione, fede e società - Guerini e Associati" />
<meta property="og:description" content="Di fronte alla presenza del fondamentalismo religioso, è ancora legittimo parlare di verità della religione? È difendibile il teismo dinanzi al dominante naturalismo?Robert N. Bellah, Enrico Berti, Adriano Fabris, Virgilio Melchiorre, Mario Micheletti, Emmanuel Gabellieri, Roberto Gatti, Massimo Borghesi, Charles Taylor." />
<meta property="og:url" content="https://www.guerini.it/index.php/prodotto/ritorno-della-religione-tra-ragione-fede-e-societa/" />
<meta property="og:site_name" content="Guerini e Associati" />
<meta property="article:modified_time" content="2024-06-12T12:42:41+00:00" />
<meta property="og:image" content="https://www.guerini.it/wp-content/uploads/2012/05/978-88-6250-037-1.jpg" />
	<meta property="og:image:width" content="119" />
	<meta property="og:image:height" content="186" />
	<meta property="og:image:type" content="image/jpeg" />
<meta name="twitter:card" content="summary_large_image" />
<!-- / Yoast SEO plugin. -->

Ritorno della religione? Tra ragione, fede e società - Guerini e Associati

Di fronte alla presenza del fondamentalismo religioso, è ancora legittimo parlare di verità della religione? È difendibile il teismo dinanzi al dominante naturalismo?Robert N. Bellah, Enrico Berti, Adriano Fabris, Virgilio Melchiorre, Mario Micheletti, Emmanuel Gabellieri, Roberto Gatti, Massimo Borghesi, Charles Taylor.

30 anni di libri, idee e libertà
