{"id":14420,"date":"2012-05-24T13:00:49","date_gmt":"2012-05-24T11:00:49","guid":{"rendered":"https:\/\/test.guerini.it\/?product=la-filosofia-come-relazione"},"modified":"2025-01-14T15:04:49","modified_gmt":"2025-01-14T14:04:49","slug":"la-filosofia-come-relazione","status":"publish","type":"product","link":"https:\/\/www.guerini.it\/index.php\/prodotto\/la-filosofia-come-relazione\/","title":{"rendered":"La filosofia come relazione"},"content":{"rendered":"<p>\u00abLa resistenza alla legge del tempo, l\u2019isolamento dalla relazione o l\u2019inserimento in questa in modo da renderla ulteriormente impossibile sono le forme diverse di presentazione del male, la cui possibilit\u00e0 \u00e8 interamente racchiusa nell\u2019ambito della relazione esistenziale. In fondo, quello che si dice male \u00e8 l\u2019errore sotto il profilo etico e l\u2019errore, sia etico che gnoseologico ed estetico, \u00e8 sopraffazione della relazione da parte di un termine della relazione stessa, \u00e8 la superaffermazione solitaria di un termine della relazione che annulla la relazione. Errare \u00e8 deviare, uscire dall\u2019ordine e dalla coerenza relazionale\u00bb.<\/p>\n","protected":false},"excerpt":{"rendered":"<p>\u00abLa resistenza alla legge del tempo, l\u2019isolamento dalla relazione o l\u2019inserimento in questa in modo da renderla ulteriormente impossibile sono le forme diverse di presentazione del male, la cui possibilit\u00e0 \u00e8 interamente racchiusa nell\u2019ambito della relazione esistenziale. In fondo, quello che si dice male \u00e8 l\u2019errore sotto il profilo etico e l\u2019errore, sia etico che gnoseologico ed estetico, \u00e8 sopraffazione della relazione da parte di un termine della relazione stessa, \u00e8 la superaffermazione solitaria di un termine della relazione che annulla la relazione. Errare \u00e8 deviare, uscire dall\u2019ordine e dalla coerenza relazionale\u00bb.<\/p>\n","protected":false},"featured_media":14419,"template":"","meta":{"_editorskit_title_hidden":false,"_editorskit_reading_time":0,"_editorskit_is_block_options_detached":false,"_editorskit_block_options_position":"{}","_monsterinsights_skip_tracking":false,"_monsterinsights_sitenote_active":false,"_monsterinsights_sitenote_note":"","_monsterinsights_sitenote_category":0},"product_brand":[],"product_cat":[6594,6530],"product_tag":[],"class_list":{"0":"post-14420","1":"product","2":"type-product","3":"status-publish","4":"has-post-thumbnail","6":"product_cat-ogs","7":"product_cat-filosofia","8":"pa_country_of_manufacture-it","10":"first","11":"instock","12":"sale","13":"shipping-taxable","14":"purchasable","15":"product-type-simple"},"yoast_head":"<!-- This site is optimized with the Yoast SEO plugin v25.4 - https:\/\/yoast.com\/wordpress\/plugins\/seo\/ -->\n<title>La filosofia come relazione - Guerini e Associati<\/title>\n<meta name=\"robots\" content=\"index, follow, max-snippet:-1, max-image-preview:large, max-video-preview:-1\" \/>\n<link rel=\"canonical\" href=\"https:\/\/www.guerini.it\/index.php\/prodotto\/la-filosofia-come-relazione\/\" \/>\n<meta property=\"og:locale\" content=\"it_IT\" \/>\n<meta property=\"og:type\" content=\"article\" \/>\n<meta property=\"og:title\" content=\"La filosofia come relazione - Guerini e Associati\" \/>\n<meta property=\"og:description\" content=\"\u00abLa resistenza alla legge del tempo, l\u2019isolamento dalla relazione o l\u2019inserimento in questa in modo da renderla ulteriormente impossibile sono le forme diverse di presentazione del male, la cui possibilit\u00e0 \u00e8 interamente racchiusa nell\u2019ambito della relazione esistenziale. In fondo, quello che si dice male \u00e8 l\u2019errore sotto il profilo etico e l\u2019errore, sia etico che gnoseologico ed estetico, \u00e8 sopraffazione della relazione da parte di un termine della relazione stessa, \u00e8 la superaffermazione solitaria di un termine della relazione che annulla la relazione. Errare \u00e8 deviare, uscire dall\u2019ordine e dalla coerenza relazionale\u00bb.\" \/>\n<meta property=\"og:url\" content=\"https:\/\/www.guerini.it\/index.php\/prodotto\/la-filosofia-come-relazione\/\" \/>\n<meta property=\"og:site_name\" content=\"Guerini e Associati\" \/>\n<meta property=\"article:modified_time\" content=\"2025-01-14T14:04:49+00:00\" \/>\n<meta property=\"og:image\" content=\"https:\/\/www.guerini.it\/wp-content\/uploads\/2012\/05\/978-88-6250-032-6.jpg\" \/>\n\t<meta property=\"og:image:width\" content=\"121\" \/>\n\t<meta property=\"og:image:height\" content=\"187\" \/>\n\t<meta property=\"og:image:type\" content=\"image\/jpeg\" \/>\n<meta name=\"twitter:card\" content=\"summary_large_image\" \/>\n<!-- \/ Yoast SEO plugin. -->","yoast_head_json":{"title":"La filosofia come relazione - Guerini e Associati","robots":{"index":"index","follow":"follow","max-snippet":"max-snippet:-1","max-image-preview":"max-image-preview:large","max-video-preview":"max-video-preview:-1"},"canonical":"https:\/\/www.guerini.it\/index.php\/prodotto\/la-filosofia-come-relazione\/","og_locale":"it_IT","og_type":"article","og_title":"La filosofia come relazione - Guerini e Associati","og_description":"\u00abLa resistenza alla legge del tempo, l\u2019isolamento dalla relazione o l\u2019inserimento in questa in modo da renderla ulteriormente impossibile sono le forme diverse di presentazione del male, la cui possibilit\u00e0 \u00e8 interamente racchiusa nell\u2019ambito della relazione esistenziale. In fondo, quello che si dice male \u00e8 l\u2019errore sotto il profilo etico e l\u2019errore, sia etico che gnoseologico ed estetico, \u00e8 sopraffazione della relazione da parte di un termine della relazione stessa, \u00e8 la superaffermazione solitaria di un termine della relazione che annulla la relazione. Errare \u00e8 deviare, uscire dall\u2019ordine e dalla coerenza relazionale\u00bb.","og_url":"https:\/\/www.guerini.it\/index.php\/prodotto\/la-filosofia-come-relazione\/","og_site_name":"Guerini e Associati","article_modified_time":"2025-01-14T14:04:49+00:00","og_image":[{"width":121,"height":187,"url":"https:\/\/www.guerini.it\/wp-content\/uploads\/2012\/05\/978-88-6250-032-6.jpg","type":"image\/jpeg"}],"twitter_card":"summary_large_image","schema":{"@context":"https:\/\/schema.org","@graph":[{"@type":"WebPage","@id":"https:\/\/www.guerini.it\/index.php\/prodotto\/la-filosofia-come-relazione\/","url":"https:\/\/www.guerini.it\/index.php\/prodotto\/la-filosofia-come-relazione\/","name":"La filosofia come relazione - Guerini e Associati","isPartOf":{"@id":"https:\/\/www.guerini.it\/#website"},"primaryImageOfPage":{"@id":"https:\/\/www.guerini.it\/index.php\/prodotto\/la-filosofia-come-relazione\/#primaryimage"},"image":{"@id":"https:\/\/www.guerini.it\/index.php\/prodotto\/la-filosofia-come-relazione\/#primaryimage"},"thumbnailUrl":"https:\/\/www.guerini.it\/wp-content\/uploads\/2012\/05\/978-88-6250-032-6.jpg","datePublished":"2012-05-24T11:00:49+00:00","dateModified":"2025-01-14T14:04:49+00:00","breadcrumb":{"@id":"https:\/\/www.guerini.it\/index.php\/prodotto\/la-filosofia-come-relazione\/#breadcrumb"},"inLanguage":"it-IT","potentialAction":[{"@type":"ReadAction","target":["https:\/\/www.guerini.it\/index.php\/prodotto\/la-filosofia-come-relazione\/"]}]},{"@type":"ImageObject","inLanguage":"it-IT","@id":"https:\/\/www.guerini.it\/index.php\/prodotto\/la-filosofia-come-relazione\/#primaryimage","url":"https:\/\/www.guerini.it\/wp-content\/uploads\/2012\/05\/978-88-6250-032-6.jpg","contentUrl":"https:\/\/www.guerini.it\/wp-content\/uploads\/2012\/05\/978-88-6250-032-6.jpg","width":121,"height":187,"caption":"La filosofia come relazione"},{"@type":"BreadcrumbList","@id":"https:\/\/www.guerini.it\/index.php\/prodotto\/la-filosofia-come-relazione\/#breadcrumb","itemListElement":[{"@type":"ListItem","position":1,"name":"Home","item":"https:\/\/www.guerini.it\/"},{"@type":"ListItem","position":2,"name":"Catalogo","item":"https:\/\/www.guerini.it\/index.php\/negozio\/"},{"@type":"ListItem","position":3,"name":"La filosofia come relazione"}]},{"@type":"WebSite","@id":"https:\/\/www.guerini.it\/#website","url":"https:\/\/www.guerini.it\/","name":"Guerini e Associati","description":"30 anni di libri, idee e libert\u00e0","publisher":{"@id":"https:\/\/www.guerini.it\/#organization"},"potentialAction":[{"@type":"SearchAction","target":{"@type":"EntryPoint","urlTemplate":"https:\/\/www.guerini.it\/?s={search_term_string}"},"query-input":{"@type":"PropertyValueSpecification","valueRequired":true,"valueName":"search_term_string"}}],"inLanguage":"it-IT"},{"@type":"Organization","@id":"https:\/\/www.guerini.it\/#organization","name":"Guerini e Associati","url":"https:\/\/www.guerini.it\/","logo":{"@type":"ImageObject","inLanguage":"it-IT","@id":"https:\/\/www.guerini.it\/#\/schema\/logo\/image\/","url":"https:\/\/www.guerini.it\/wp-content\/uploads\/2021\/03\/Logo-Guerini-OK_-e1615831292285.png","contentUrl":"https:\/\/www.guerini.it\/wp-content\/uploads\/2021\/03\/Logo-Guerini-OK_-e1615831292285.png","width":2805,"height":1870,"caption":"Guerini e Associati"},"image":{"@id":"https:\/\/www.guerini.it\/#\/schema\/logo\/image\/"}}]}},"_links":{"self":[{"href":"https:\/\/www.guerini.it\/index.php\/wp-json\/wp\/v2\/product\/14420","targetHints":{"allow":["GET"]}}],"collection":[{"href":"https:\/\/www.guerini.it\/index.php\/wp-json\/wp\/v2\/product"}],"about":[{"href":"https:\/\/www.guerini.it\/index.php\/wp-json\/wp\/v2\/types\/product"}],"wp:featuredmedia":[{"embeddable":true,"href":"https:\/\/www.guerini.it\/index.php\/wp-json\/wp\/v2\/media\/14419"}],"wp:attachment":[{"href":"https:\/\/www.guerini.it\/index.php\/wp-json\/wp\/v2\/media?parent=14420"}],"wp:term":[{"taxonomy":"product_brand","embeddable":true,"href":"https:\/\/www.guerini.it\/index.php\/wp-json\/wp\/v2\/product_brand?post=14420"},{"taxonomy":"product_cat","embeddable":true,"href":"https:\/\/www.guerini.it\/index.php\/wp-json\/wp\/v2\/product_cat?post=14420"},{"taxonomy":"product_tag","embeddable":true,"href":"https:\/\/www.guerini.it\/index.php\/wp-json\/wp\/v2\/product_tag?post=14420"}],"curies":[{"name":"wp","href":"https:\/\/api.w.org\/{rel}","templated":true}]}}

<p>«La resistenza alla legge del tempo, l’isolamento dalla relazione o l’inserimento in questa in modo da renderla ulteriormente impossibile sono le forme diverse di presentazione del male, la cui possibilità è interamente racchiusa nell’ambito della relazione esistenziale. In fondo, quello che si dice male è l’errore sotto il profilo etico e l’errore, sia etico che gnoseologico ed estetico, è sopraffazione della relazione da parte di un termine della relazione stessa, è la superaffermazione solitaria di un termine della relazione che annulla la relazione. Errare è deviare, uscire dall’ordine e dalla coerenza relazionale».</p>

<!-- This site is optimized with the Yoast SEO plugin v25.4 - https://yoast.com/wordpress/plugins/seo/ -->
<title>La filosofia come relazione - Guerini e Associati</title>
<meta name="robots" content="index, follow, max-snippet:-1, max-image-preview:large, max-video-preview:-1" />
<link rel="canonical" href="https://www.guerini.it/index.php/prodotto/la-filosofia-come-relazione/" />
<meta property="og:locale" content="it_IT" />
<meta property="og:type" content="article" />
<meta property="og:title" content="La filosofia come relazione - Guerini e Associati" />
<meta property="og:description" content="«La resistenza alla legge del tempo, l’isolamento dalla relazione o l’inserimento in questa in modo da renderla ulteriormente impossibile sono le forme diverse di presentazione del male, la cui possibilità è interamente racchiusa nell’ambito della relazione esistenziale. In fondo, quello che si dice male è l’errore sotto il profilo etico e l’errore, sia etico che gnoseologico ed estetico, è sopraffazione della relazione da parte di un termine della relazione stessa, è la superaffermazione solitaria di un termine della relazione che annulla la relazione. Errare è deviare, uscire dall’ordine e dalla coerenza relazionale»." />
<meta property="og:url" content="https://www.guerini.it/index.php/prodotto/la-filosofia-come-relazione/" />
<meta property="og:site_name" content="Guerini e Associati" />
<meta property="article:modified_time" content="2025-01-14T14:04:49+00:00" />
<meta property="og:image" content="https://www.guerini.it/wp-content/uploads/2012/05/978-88-6250-032-6.jpg" />
	<meta property="og:image:width" content="121" />
	<meta property="og:image:height" content="187" />
	<meta property="og:image:type" content="image/jpeg" />
<meta name="twitter:card" content="summary_large_image" />
<!-- / Yoast SEO plugin. -->

«La resistenza alla legge del tempo, l’isolamento dalla relazione o l’inserimento in questa in modo da renderla ulteriormente impossibile sono le forme diverse di presentazione del male, la cui possibilità è interamente racchiusa nell’ambito della relazione esistenziale. In fondo, quello che si dice male è l’errore sotto il profilo etico e l’errore, sia etico che gnoseologico ed estetico, è sopraffazione della relazione da parte di un termine della relazione stessa, è la superaffermazione solitaria di un termine della relazione che annulla la relazione. Errare è deviare, uscire dall’ordine e dalla coerenza relazionale».

30 anni di libri, idee e libertà
