{"id":14442,"date":"2012-05-24T13:00:49","date_gmt":"2012-05-24T11:00:49","guid":{"rendered":"https:\/\/test.guerini.it\/?product=etica"},"modified":"2024-06-12T14:40:14","modified_gmt":"2024-06-12T12:40:14","slug":"etica","status":"publish","type":"product","link":"https:\/\/www.guerini.it\/index.php\/prodotto\/etica\/","title":{"rendered":"Etica"},"content":{"rendered":"<p>La sistematica rimozione del riferimento alla Persona e alla relazione con l\u2019Altro nel lavoro del manager \u00e8 una questione poco esplorata dalla Business Ethics. Come rimanere fedeli a se stessi e alla propria professionalit\u00e0? Come non cadere nella scissione della propria coscienza e nel nulla della frammentazione? La phronesis \u00e8 una via, una facolt\u00e0 da coltivare, un\u2019educazione del singolo alla libert\u00e0 e all\u2019indipendenza che, attraverso la pratica del dialogo filosofico, si inscrive nella tradizione educativa umanistica, comune radice culturale dell\u2019Europa.<\/p>\n","protected":false},"excerpt":{"rendered":"<p>La sistematica rimozione del riferimento alla Persona e alla relazione con l\u2019Altro nel lavoro del manager \u00e8 una questione poco esplorata dalla Business Ethics. Come rimanere fedeli a se stessi e alla propria professionalit\u00e0? Come non cadere nella scissione della propria coscienza e nel nulla della frammentazione? La phronesis \u00e8 una via, una facolt\u00e0 da coltivare, un\u2019educazione del singolo alla libert\u00e0 e all\u2019indipendenza che, attraverso la pratica del dialogo filosofico, si inscrive nella tradizione educativa umanistica, comune radice culturale dell\u2019Europa.<\/p>\n","protected":false},"featured_media":14441,"template":"","meta":{"_editorskit_title_hidden":false,"_editorskit_reading_time":0,"_editorskit_is_block_options_detached":false,"_editorskit_block_options_position":"{}","_monsterinsights_skip_tracking":false,"_monsterinsights_sitenote_active":false,"_monsterinsights_sitenote_note":"","_monsterinsights_sitenote_category":0},"product_brand":[],"product_cat":[6529],"product_tag":[],"class_list":{"0":"post-14442","1":"product","2":"type-product","3":"status-publish","4":"has-post-thumbnail","6":"product_cat-economia-e-management","7":"pa_country_of_manufacture-it","9":"first","10":"instock","11":"sale","12":"shipping-taxable","13":"purchasable","14":"product-type-simple"},"yoast_head":"<!-- This site is optimized with the Yoast SEO plugin v25.4 - https:\/\/yoast.com\/wordpress\/plugins\/seo\/ -->\n<title>Etica - Guerini e Associati<\/title>\n<meta name=\"robots\" content=\"index, follow, max-snippet:-1, max-image-preview:large, max-video-preview:-1\" \/>\n<link rel=\"canonical\" href=\"https:\/\/www.guerini.it\/index.php\/prodotto\/etica\/\" \/>\n<meta property=\"og:locale\" content=\"it_IT\" \/>\n<meta property=\"og:type\" content=\"article\" \/>\n<meta property=\"og:title\" content=\"Etica - Guerini e Associati\" \/>\n<meta property=\"og:description\" content=\"La sistematica rimozione del riferimento alla Persona e alla relazione con l\u2019Altro nel lavoro del manager \u00e8 una questione poco esplorata dalla Business Ethics. Come rimanere fedeli a se stessi e alla propria professionalit\u00e0? Come non cadere nella scissione della propria coscienza e nel nulla della frammentazione? La phronesis \u00e8 una via, una facolt\u00e0 da coltivare, un\u2019educazione del singolo alla libert\u00e0 e all\u2019indipendenza che, attraverso la pratica del dialogo filosofico, si inscrive nella tradizione educativa umanistica, comune radice culturale dell\u2019Europa.\" \/>\n<meta property=\"og:url\" content=\"https:\/\/www.guerini.it\/index.php\/prodotto\/etica\/\" \/>\n<meta property=\"og:site_name\" content=\"Guerini e Associati\" \/>\n<meta property=\"article:modified_time\" content=\"2024-06-12T12:40:14+00:00\" \/>\n<meta property=\"og:image\" content=\"https:\/\/www.guerini.it\/wp-content\/uploads\/2012\/05\/978-88-6250-156-9.jpg\" \/>\n\t<meta property=\"og:image:width\" content=\"120\" \/>\n\t<meta property=\"og:image:height\" content=\"187\" \/>\n\t<meta property=\"og:image:type\" content=\"image\/jpeg\" \/>\n<meta name=\"twitter:card\" content=\"summary_large_image\" \/>\n<!-- \/ Yoast SEO plugin. -->","yoast_head_json":{"title":"Etica - Guerini e Associati","robots":{"index":"index","follow":"follow","max-snippet":"max-snippet:-1","max-image-preview":"max-image-preview:large","max-video-preview":"max-video-preview:-1"},"canonical":"https:\/\/www.guerini.it\/index.php\/prodotto\/etica\/","og_locale":"it_IT","og_type":"article","og_title":"Etica - Guerini e Associati","og_description":"La sistematica rimozione del riferimento alla Persona e alla relazione con l\u2019Altro nel lavoro del manager \u00e8 una questione poco esplorata dalla Business Ethics. Come rimanere fedeli a se stessi e alla propria professionalit\u00e0? Come non cadere nella scissione della propria coscienza e nel nulla della frammentazione? La phronesis \u00e8 una via, una facolt\u00e0 da coltivare, un\u2019educazione del singolo alla libert\u00e0 e all\u2019indipendenza che, attraverso la pratica del dialogo filosofico, si inscrive nella tradizione educativa umanistica, comune radice culturale dell\u2019Europa.","og_url":"https:\/\/www.guerini.it\/index.php\/prodotto\/etica\/","og_site_name":"Guerini e Associati","article_modified_time":"2024-06-12T12:40:14+00:00","og_image":[{"width":120,"height":187,"url":"https:\/\/www.guerini.it\/wp-content\/uploads\/2012\/05\/978-88-6250-156-9.jpg","type":"image\/jpeg"}],"twitter_card":"summary_large_image","schema":{"@context":"https:\/\/schema.org","@graph":[{"@type":"WebPage","@id":"https:\/\/www.guerini.it\/index.php\/prodotto\/etica\/","url":"https:\/\/www.guerini.it\/index.php\/prodotto\/etica\/","name":"Etica - Guerini e Associati","isPartOf":{"@id":"https:\/\/www.guerini.it\/#website"},"primaryImageOfPage":{"@id":"https:\/\/www.guerini.it\/index.php\/prodotto\/etica\/#primaryimage"},"image":{"@id":"https:\/\/www.guerini.it\/index.php\/prodotto\/etica\/#primaryimage"},"thumbnailUrl":"https:\/\/www.guerini.it\/wp-content\/uploads\/2012\/05\/978-88-6250-156-9.jpg","datePublished":"2012-05-24T11:00:49+00:00","dateModified":"2024-06-12T12:40:14+00:00","breadcrumb":{"@id":"https:\/\/www.guerini.it\/index.php\/prodotto\/etica\/#breadcrumb"},"inLanguage":"it-IT","potentialAction":[{"@type":"ReadAction","target":["https:\/\/www.guerini.it\/index.php\/prodotto\/etica\/"]}]},{"@type":"ImageObject","inLanguage":"it-IT","@id":"https:\/\/www.guerini.it\/index.php\/prodotto\/etica\/#primaryimage","url":"https:\/\/www.guerini.it\/wp-content\/uploads\/2012\/05\/978-88-6250-156-9.jpg","contentUrl":"https:\/\/www.guerini.it\/wp-content\/uploads\/2012\/05\/978-88-6250-156-9.jpg","width":120,"height":187,"caption":"Etica"},{"@type":"BreadcrumbList","@id":"https:\/\/www.guerini.it\/index.php\/prodotto\/etica\/#breadcrumb","itemListElement":[{"@type":"ListItem","position":1,"name":"Home","item":"https:\/\/www.guerini.it\/"},{"@type":"ListItem","position":2,"name":"Catalogo","item":"https:\/\/www.guerini.it\/index.php\/negozio\/"},{"@type":"ListItem","position":3,"name":"Etica"}]},{"@type":"WebSite","@id":"https:\/\/www.guerini.it\/#website","url":"https:\/\/www.guerini.it\/","name":"Guerini e Associati","description":"30 anni di libri, idee e libert\u00e0","publisher":{"@id":"https:\/\/www.guerini.it\/#organization"},"potentialAction":[{"@type":"SearchAction","target":{"@type":"EntryPoint","urlTemplate":"https:\/\/www.guerini.it\/?s={search_term_string}"},"query-input":{"@type":"PropertyValueSpecification","valueRequired":true,"valueName":"search_term_string"}}],"inLanguage":"it-IT"},{"@type":"Organization","@id":"https:\/\/www.guerini.it\/#organization","name":"Guerini e Associati","url":"https:\/\/www.guerini.it\/","logo":{"@type":"ImageObject","inLanguage":"it-IT","@id":"https:\/\/www.guerini.it\/#\/schema\/logo\/image\/","url":"https:\/\/www.guerini.it\/wp-content\/uploads\/2021\/03\/Logo-Guerini-OK_-e1615831292285.png","contentUrl":"https:\/\/www.guerini.it\/wp-content\/uploads\/2021\/03\/Logo-Guerini-OK_-e1615831292285.png","width":2805,"height":1870,"caption":"Guerini e Associati"},"image":{"@id":"https:\/\/www.guerini.it\/#\/schema\/logo\/image\/"}}]}},"_links":{"self":[{"href":"https:\/\/www.guerini.it\/index.php\/wp-json\/wp\/v2\/product\/14442","targetHints":{"allow":["GET"]}}],"collection":[{"href":"https:\/\/www.guerini.it\/index.php\/wp-json\/wp\/v2\/product"}],"about":[{"href":"https:\/\/www.guerini.it\/index.php\/wp-json\/wp\/v2\/types\/product"}],"wp:featuredmedia":[{"embeddable":true,"href":"https:\/\/www.guerini.it\/index.php\/wp-json\/wp\/v2\/media\/14441"}],"wp:attachment":[{"href":"https:\/\/www.guerini.it\/index.php\/wp-json\/wp\/v2\/media?parent=14442"}],"wp:term":[{"taxonomy":"product_brand","embeddable":true,"href":"https:\/\/www.guerini.it\/index.php\/wp-json\/wp\/v2\/product_brand?post=14442"},{"taxonomy":"product_cat","embeddable":true,"href":"https:\/\/www.guerini.it\/index.php\/wp-json\/wp\/v2\/product_cat?post=14442"},{"taxonomy":"product_tag","embeddable":true,"href":"https:\/\/www.guerini.it\/index.php\/wp-json\/wp\/v2\/product_tag?post=14442"}],"curies":[{"name":"wp","href":"https:\/\/api.w.org\/{rel}","templated":true}]}}

<p>La sistematica rimozione del riferimento alla Persona e alla relazione con l’Altro nel lavoro del manager è una questione poco esplorata dalla Business Ethics. Come rimanere fedeli a se stessi e alla propria professionalità? Come non cadere nella scissione della propria coscienza e nel nulla della frammentazione? La phronesis è una via, una facoltà da coltivare, un’educazione del singolo alla libertà e all’indipendenza che, attraverso la pratica del dialogo filosofico, si inscrive nella tradizione educativa umanistica, comune radice culturale dell’Europa.</p>

<!-- This site is optimized with the Yoast SEO plugin v25.4 - https://yoast.com/wordpress/plugins/seo/ -->
<title>Etica - Guerini e Associati</title>
<meta name="robots" content="index, follow, max-snippet:-1, max-image-preview:large, max-video-preview:-1" />
<link rel="canonical" href="https://www.guerini.it/index.php/prodotto/etica/" />
<meta property="og:locale" content="it_IT" />
<meta property="og:type" content="article" />
<meta property="og:title" content="Etica - Guerini e Associati" />
<meta property="og:description" content="La sistematica rimozione del riferimento alla Persona e alla relazione con l’Altro nel lavoro del manager è una questione poco esplorata dalla Business Ethics. Come rimanere fedeli a se stessi e alla propria professionalità? Come non cadere nella scissione della propria coscienza e nel nulla della frammentazione? La phronesis è una via, una facoltà da coltivare, un’educazione del singolo alla libertà e all’indipendenza che, attraverso la pratica del dialogo filosofico, si inscrive nella tradizione educativa umanistica, comune radice culturale dell’Europa." />
<meta property="og:url" content="https://www.guerini.it/index.php/prodotto/etica/" />
<meta property="og:site_name" content="Guerini e Associati" />
<meta property="article:modified_time" content="2024-06-12T12:40:14+00:00" />
<meta property="og:image" content="https://www.guerini.it/wp-content/uploads/2012/05/978-88-6250-156-9.jpg" />
	<meta property="og:image:width" content="120" />
	<meta property="og:image:height" content="187" />
	<meta property="og:image:type" content="image/jpeg" />
<meta name="twitter:card" content="summary_large_image" />
<!-- / Yoast SEO plugin. -->

La sistematica rimozione del riferimento alla Persona e alla relazione con l’Altro nel lavoro del manager è una questione poco esplorata dalla Business Ethics. Come rimanere fedeli a se stessi e alla propria professionalità? Come non cadere nella scissione della propria coscienza e nel nulla della frammentazione? La phronesis è una via, una facoltà da coltivare, un’educazione del singolo alla libertà e all’indipendenza che, attraverso la pratica del dialogo filosofico, si inscrive nella tradizione educativa umanistica, comune radice culturale dell’Europa.

30 anni di libri, idee e libertà
