{"id":14448,"date":"2012-05-24T13:00:49","date_gmt":"2012-05-24T11:00:49","guid":{"rendered":"https:\/\/test.guerini.it\/?product=pedagogia-dell-adolescenza"},"modified":"2024-06-12T14:36:14","modified_gmt":"2024-06-12T12:36:14","slug":"pedagogia-dell-adolescenza","status":"publish","type":"product","link":"https:\/\/www.guerini.it\/index.php\/prodotto\/pedagogia-dell-adolescenza\/","title":{"rendered":"Pedagogia dell\u2019adolescenza"},"content":{"rendered":"<p>Adolescenza come et\u00e0 della sregolatezza, della turbolenza, della pericolosit\u00e0 oppure come et\u00e0 dell\u2019oro, di una fase di vita dalle straordinarie potenzialit\u00e0 non ancora espresse, di un periodo decisivo per la definizione di una progettualit\u00e0 esistenziale? Questo manuale si rivolge a tutti i soggetti adulti che sono interessati ad approfondire le questioni educative emergenti, rispetto alla realt\u00e0 adolescenziale contemporanea.<\/p>\n","protected":false},"excerpt":{"rendered":"<p>Adolescenza come et\u00e0 della sregolatezza, della turbolenza, della pericolosit\u00e0 oppure come et\u00e0 dell\u2019oro, di una fase di vita dalle straordinarie potenzialit\u00e0 non ancora espresse, di un periodo decisivo per la definizione di una progettualit\u00e0 esistenziale? Questo manuale si rivolge a tutti i soggetti adulti che sono interessati ad approfondire le questioni educative emergenti, rispetto alla realt\u00e0 adolescenziale contemporanea.<\/p>\n<p>&nbsp;<\/p>\n<p>&nbsp;<\/p>\n","protected":false},"featured_media":21848,"template":"","meta":{"_editorskit_title_hidden":false,"_editorskit_reading_time":0,"_editorskit_is_block_options_detached":false,"_editorskit_block_options_position":"{}","_monsterinsights_skip_tracking":false,"_monsterinsights_sitenote_active":false,"_monsterinsights_sitenote_note":"","_monsterinsights_sitenote_category":0},"product_brand":[],"product_cat":[6628,6536],"product_tag":[],"class_list":{"0":"post-14448","1":"product","2":"type-product","3":"status-publish","4":"has-post-thumbnail","6":"product_cat-pfs-sm","7":"product_cat-psicologia-pedagogia","8":"pa_country_of_manufacture-it","9":"pa_guerini_amazon_link-https-www-amazon-it-pedagogia-delladolescenza-pierangelo-barone-dp-8881072742","10":"pa_guerini_feltrinelli_link-https-tidd-ly-3uf1mmn","11":"pa_guerini_ibs_link-https-tidd-ly-3tuk0bv","12":"pa_guerini_libruniver_link-https-www-libreriauniversitaria-it-pedagogia-adolescenza-barone-pierangelo-guerini-libro-9788881072743","13":"pa_guerini_mondadori_link-https-www-mondadoristore-it-pedagogia-dell-adolescenza-pierangelo-barone-eai978888107274-sessiontokenjtbddooxnzsbxqf5picybbxs4anapcvk","15":"first","16":"instock","17":"sale","18":"shipping-taxable","19":"purchasable","20":"product-type-simple"},"yoast_head":"<!-- This site is optimized with the Yoast SEO plugin v25.4 - https:\/\/yoast.com\/wordpress\/plugins\/seo\/ -->\n<title>Pedagogia dell\u2019adolescenza - Guerini e Associati<\/title>\n<meta name=\"robots\" content=\"index, follow, max-snippet:-1, max-image-preview:large, max-video-preview:-1\" \/>\n<link rel=\"canonical\" href=\"https:\/\/www.guerini.it\/index.php\/prodotto\/pedagogia-dell-adolescenza\/\" \/>\n<meta property=\"og:locale\" content=\"it_IT\" \/>\n<meta property=\"og:type\" content=\"article\" \/>\n<meta property=\"og:title\" content=\"Pedagogia dell\u2019adolescenza - Guerini e Associati\" \/>\n<meta property=\"og:description\" content=\"Adolescenza come et\u00e0 della sregolatezza, della turbolenza, della pericolosit\u00e0 oppure come et\u00e0 dell\u2019oro, di una fase di vita dalle straordinarie potenzialit\u00e0 non ancora espresse, di un periodo decisivo per la definizione di una progettualit\u00e0 esistenziale? Questo manuale si rivolge a tutti i soggetti adulti che sono interessati ad approfondire le questioni educative emergenti, rispetto alla realt\u00e0 adolescenziale contemporanea.  &nbsp;  &nbsp;\" \/>\n<meta property=\"og:url\" content=\"https:\/\/www.guerini.it\/index.php\/prodotto\/pedagogia-dell-adolescenza\/\" \/>\n<meta property=\"og:site_name\" content=\"Guerini e Associati\" \/>\n<meta property=\"article:modified_time\" content=\"2024-06-12T12:36:14+00:00\" \/>\n<meta property=\"og:image\" content=\"https:\/\/www.guerini.it\/wp-content\/uploads\/2012\/05\/Cop.-Pedagogia-Alta-e1617258383593.jpg\" \/>\n\t<meta property=\"og:image:width\" content=\"228\" \/>\n\t<meta property=\"og:image:height\" content=\"350\" \/>\n\t<meta property=\"og:image:type\" content=\"image\/jpeg\" \/>\n<meta name=\"twitter:card\" content=\"summary_large_image\" \/>\n<meta name=\"twitter:label1\" content=\"Tempo di lettura stimato\" \/>\n\t<meta name=\"twitter:data1\" content=\"1 minuto\" \/>\n<!-- \/ Yoast SEO plugin. -->","yoast_head_json":{"title":"Pedagogia dell\u2019adolescenza - Guerini e Associati","robots":{"index":"index","follow":"follow","max-snippet":"max-snippet:-1","max-image-preview":"max-image-preview:large","max-video-preview":"max-video-preview:-1"},"canonical":"https:\/\/www.guerini.it\/index.php\/prodotto\/pedagogia-dell-adolescenza\/","og_locale":"it_IT","og_type":"article","og_title":"Pedagogia dell\u2019adolescenza - Guerini e Associati","og_description":"Adolescenza come et\u00e0 della sregolatezza, della turbolenza, della pericolosit\u00e0 oppure come et\u00e0 dell\u2019oro, di una fase di vita dalle straordinarie potenzialit\u00e0 non ancora espresse, di un periodo decisivo per la definizione di una progettualit\u00e0 esistenziale? Questo manuale si rivolge a tutti i soggetti adulti che sono interessati ad approfondire le questioni educative emergenti, rispetto alla realt\u00e0 adolescenziale contemporanea.  &nbsp;  &nbsp;","og_url":"https:\/\/www.guerini.it\/index.php\/prodotto\/pedagogia-dell-adolescenza\/","og_site_name":"Guerini e Associati","article_modified_time":"2024-06-12T12:36:14+00:00","og_image":[{"width":228,"height":350,"url":"https:\/\/www.guerini.it\/wp-content\/uploads\/2012\/05\/Cop.-Pedagogia-Alta-e1617258383593.jpg","type":"image\/jpeg"}],"twitter_card":"summary_large_image","twitter_misc":{"Tempo di lettura stimato":"1 minuto"},"schema":{"@context":"https:\/\/schema.org","@graph":[{"@type":"WebPage","@id":"https:\/\/www.guerini.it\/index.php\/prodotto\/pedagogia-dell-adolescenza\/","url":"https:\/\/www.guerini.it\/index.php\/prodotto\/pedagogia-dell-adolescenza\/","name":"Pedagogia dell\u2019adolescenza - Guerini e Associati","isPartOf":{"@id":"https:\/\/www.guerini.it\/#website"},"primaryImageOfPage":{"@id":"https:\/\/www.guerini.it\/index.php\/prodotto\/pedagogia-dell-adolescenza\/#primaryimage"},"image":{"@id":"https:\/\/www.guerini.it\/index.php\/prodotto\/pedagogia-dell-adolescenza\/#primaryimage"},"thumbnailUrl":"https:\/\/www.guerini.it\/wp-content\/uploads\/2012\/05\/Cop.-Pedagogia-Alta-e1617258383593.jpg","datePublished":"2012-05-24T11:00:49+00:00","dateModified":"2024-06-12T12:36:14+00:00","breadcrumb":{"@id":"https:\/\/www.guerini.it\/index.php\/prodotto\/pedagogia-dell-adolescenza\/#breadcrumb"},"inLanguage":"it-IT","potentialAction":[{"@type":"ReadAction","target":["https:\/\/www.guerini.it\/index.php\/prodotto\/pedagogia-dell-adolescenza\/"]}]},{"@type":"ImageObject","inLanguage":"it-IT","@id":"https:\/\/www.guerini.it\/index.php\/prodotto\/pedagogia-dell-adolescenza\/#primaryimage","url":"https:\/\/www.guerini.it\/wp-content\/uploads\/2012\/05\/Cop.-Pedagogia-Alta-e1617258383593.jpg","contentUrl":"https:\/\/www.guerini.it\/wp-content\/uploads\/2012\/05\/Cop.-Pedagogia-Alta-e1617258383593.jpg","width":228,"height":350},{"@type":"BreadcrumbList","@id":"https:\/\/www.guerini.it\/index.php\/prodotto\/pedagogia-dell-adolescenza\/#breadcrumb","itemListElement":[{"@type":"ListItem","position":1,"name":"Home","item":"https:\/\/www.guerini.it\/"},{"@type":"ListItem","position":2,"name":"Catalogo","item":"https:\/\/www.guerini.it\/index.php\/negozio\/"},{"@type":"ListItem","position":3,"name":"Pedagogia dell\u2019adolescenza"}]},{"@type":"WebSite","@id":"https:\/\/www.guerini.it\/#website","url":"https:\/\/www.guerini.it\/","name":"Guerini e Associati","description":"30 anni di libri, idee e libert\u00e0","publisher":{"@id":"https:\/\/www.guerini.it\/#organization"},"potentialAction":[{"@type":"SearchAction","target":{"@type":"EntryPoint","urlTemplate":"https:\/\/www.guerini.it\/?s={search_term_string}"},"query-input":{"@type":"PropertyValueSpecification","valueRequired":true,"valueName":"search_term_string"}}],"inLanguage":"it-IT"},{"@type":"Organization","@id":"https:\/\/www.guerini.it\/#organization","name":"Guerini e Associati","url":"https:\/\/www.guerini.it\/","logo":{"@type":"ImageObject","inLanguage":"it-IT","@id":"https:\/\/www.guerini.it\/#\/schema\/logo\/image\/","url":"https:\/\/www.guerini.it\/wp-content\/uploads\/2021\/03\/Logo-Guerini-OK_-e1615831292285.png","contentUrl":"https:\/\/www.guerini.it\/wp-content\/uploads\/2021\/03\/Logo-Guerini-OK_-e1615831292285.png","width":2805,"height":1870,"caption":"Guerini e Associati"},"image":{"@id":"https:\/\/www.guerini.it\/#\/schema\/logo\/image\/"}}]}},"_links":{"self":[{"href":"https:\/\/www.guerini.it\/index.php\/wp-json\/wp\/v2\/product\/14448","targetHints":{"allow":["GET"]}}],"collection":[{"href":"https:\/\/www.guerini.it\/index.php\/wp-json\/wp\/v2\/product"}],"about":[{"href":"https:\/\/www.guerini.it\/index.php\/wp-json\/wp\/v2\/types\/product"}],"wp:featuredmedia":[{"embeddable":true,"href":"https:\/\/www.guerini.it\/index.php\/wp-json\/wp\/v2\/media\/21848"}],"wp:attachment":[{"href":"https:\/\/www.guerini.it\/index.php\/wp-json\/wp\/v2\/media?parent=14448"}],"wp:term":[{"taxonomy":"product_brand","embeddable":true,"href":"https:\/\/www.guerini.it\/index.php\/wp-json\/wp\/v2\/product_brand?post=14448"},{"taxonomy":"product_cat","embeddable":true,"href":"https:\/\/www.guerini.it\/index.php\/wp-json\/wp\/v2\/product_cat?post=14448"},{"taxonomy":"product_tag","embeddable":true,"href":"https:\/\/www.guerini.it\/index.php\/wp-json\/wp\/v2\/product_tag?post=14448"}],"curies":[{"name":"wp","href":"https:\/\/api.w.org\/{rel}","templated":true}]}}

<p>Adolescenza come età della sregolatezza, della turbolenza, della pericolosità oppure come età dell’oro, di una fase di vita dalle straordinarie potenzialità non ancora espresse, di un periodo decisivo per la definizione di una progettualità esistenziale? Questo manuale si rivolge a tutti i soggetti adulti che sono interessati ad approfondire le questioni educative emergenti, rispetto alla realtà adolescenziale contemporanea.</p>

<p>Adolescenza come età della sregolatezza, della turbolenza, della pericolosità oppure come età dell’oro, di una fase di vita dalle straordinarie potenzialità non ancora espresse, di un periodo decisivo per la definizione di una progettualità esistenziale? Questo manuale si rivolge a tutti i soggetti adulti che sono interessati ad approfondire le questioni educative emergenti, rispetto alla realtà adolescenziale contemporanea.</p>
<p>&nbsp;</p>
<p>&nbsp;</p>

<!-- This site is optimized with the Yoast SEO plugin v25.4 - https://yoast.com/wordpress/plugins/seo/ -->
<title>Pedagogia dell’adolescenza - Guerini e Associati</title>
<meta name="robots" content="index, follow, max-snippet:-1, max-image-preview:large, max-video-preview:-1" />
<link rel="canonical" href="https://www.guerini.it/index.php/prodotto/pedagogia-dell-adolescenza/" />
<meta property="og:locale" content="it_IT" />
<meta property="og:type" content="article" />
<meta property="og:title" content="Pedagogia dell’adolescenza - Guerini e Associati" />
<meta property="og:description" content="Adolescenza come età della sregolatezza, della turbolenza, della pericolosità oppure come età dell’oro, di una fase di vita dalle straordinarie potenzialità non ancora espresse, di un periodo decisivo per la definizione di una progettualità esistenziale? Questo manuale si rivolge a tutti i soggetti adulti che sono interessati ad approfondire le questioni educative emergenti, rispetto alla realtà adolescenziale contemporanea.  &nbsp;  &nbsp;" />
<meta property="og:url" content="https://www.guerini.it/index.php/prodotto/pedagogia-dell-adolescenza/" />
<meta property="og:site_name" content="Guerini e Associati" />
<meta property="article:modified_time" content="2024-06-12T12:36:14+00:00" />
<meta property="og:image" content="https://www.guerini.it/wp-content/uploads/2012/05/Cop.-Pedagogia-Alta-e1617258383593.jpg" />
	<meta property="og:image:width" content="228" />
	<meta property="og:image:height" content="350" />
	<meta property="og:image:type" content="image/jpeg" />
<meta name="twitter:card" content="summary_large_image" />
<meta name="twitter:label1" content="Tempo di lettura stimato" />
	<meta name="twitter:data1" content="1 minuto" />
<!-- / Yoast SEO plugin. -->

Adolescenza come età della sregolatezza, della turbolenza, della pericolosità oppure come età dell’oro, di una fase di vita dalle straordinarie potenzialità non ancora espresse, di un periodo decisivo per la definizione di una progettualità esistenziale? Questo manuale si rivolge a tutti i soggetti adulti che sono interessati ad approfondire le questioni educative emergenti, rispetto alla realtà adolescenziale contemporanea.  &nbsp;  &nbsp;

30 anni di libri, idee e libertà
