{"id":14476,"date":"2012-05-24T13:00:50","date_gmt":"2012-05-24T11:00:50","guid":{"rendered":"https:\/\/test.guerini.it\/?product=alle-origini-della-scuola-di-milano-martinetti-barie-banfi"},"modified":"2024-06-12T14:42:32","modified_gmt":"2024-06-12T12:42:32","slug":"alle-origini-della-scuola-di-milano-martinetti-barie-banfi","status":"publish","type":"product","link":"https:\/\/www.guerini.it\/index.php\/prodotto\/alle-origini-della-scuola-di-milano-martinetti-barie-banfi\/","title":{"rendered":"Alle origini della scuola di Milano: Martinetti, Bari\u00e9, Banfi"},"content":{"rendered":"<p style=\"text-align: justify;\">Il volume di Davide Assael, promosso dalla Fondazione ISEC nel quadro dei suoi interessi relativi alla cultura milanese tra le due guerre, presenta un\u2019analisi della proposta teoretica e del ruolo storico della \u201cscuola milanese\u201d attraverso lo studio di tre personalit\u00e0 che hanno animato nel secolo scorso la vita e gli studi filosofici dell\u2019Universit\u00e0 di Milano: Piero Martinetti, Giovanni Emanuele Bari\u00e9 e Antonio Banfi. A Martinetti, ricordato in molti giudizi correnti soprattutto in base alla sua nobile opposizione al fascismo \u2014 su cui Assael pure si sofferma \u2014 in questo lavoro viene attribuito il ruolo di vero promotore della scuola. Pur con le tante differenze<br \/>\ntra lui e i suoi allievi, e tra i suoi stessi allievi maggiori, Bari\u00e9 e Banfi, emerge una tensione condivisa, che muove dal comune riferimento a Kant e si articola con i riferimenti alla cultura filosofica europea. Nella temperie crociana e gentiliana negli anni tra le due guerre e nei primi anni del dopoguerra l\u2019opera dei tre autori rappresenta cos\u00ec una cesura destinata a segnare l\u2019identit\u00e0 dell\u2019Universit\u00e0 di Milano fino ai nostri giorni.<\/p>\n<hr \/>\n<p style=\"text-align: justify;\"><strong>Davide Assael<\/strong> (Milano, 1976) si \u00e8 laureato in Filosofia teoretica con Carlo Sini; ha poi conseguito un D\u00c9A (<em>Dipl\u00f4me d\u2019\u00c9tudes Approfondies<\/em>) a Ginevra, discutendo il <em>m\u00e9moire<\/em> con Roberta De Monticelli. Dal 2003 conduce una ricerca sulla filosofia milanese contemporanea, pubblicando diversi saggi e articoli comparsi su riviste specializzate, oltre alla cura di un libro dedicato alla figura di Giovanni Emanuele Bari\u00e9 (<em>Giovanni Emanuele Bari\u00e9<\/em>, Milano, Cuem, 2008). Nel 2007 ha pubblicato nella collana dell\u2019ISEC \u201cRipensare il \u2019900 &#8211; monografie\u201d il saggio<em> La proposta democratica di Piero Martinetti<\/em> (in K. Colombo, D. Assael, <a href=\"https:\/\/www.guerini.it\/index.php\/prodotto\/milano-fascista-milano-antifascista\/\"><em>Milano fascista, Milano antifascista<\/em><\/a>, Milano, Guerini e Associati). Attualmente insegna filosofia nei licei e coordina le iniziative culturali e di ricerca della Fondazione Centro Studi Campostrini di Verona.<\/p>\n","protected":false},"excerpt":{"rendered":"<p>Il volume di Davide Assael, promosso dalla Fondazione ISEC nel quadro dei suoi interessi relativi alla cultura milanese tra le due guerre, presenta un\u2019analisi della proposta teoretica e del ruolo storico della \u201cscuola milanese\u201d attraverso lo studio di tre personalit\u00e0 che hanno animato nel secolo scorso la vita e gli studi filosofici dell\u2019Universit\u00e0 di Milano: Piero Martinetti, Giovanni Emanuele Bari\u00e9 e Antonio Banfi.<\/p>\n","protected":false},"featured_media":14475,"template":"","meta":{"_editorskit_title_hidden":false,"_editorskit_reading_time":0,"_editorskit_is_block_options_detached":false,"_editorskit_block_options_position":"{}","_monsterinsights_skip_tracking":false,"_monsterinsights_sitenote_active":false,"_monsterinsights_sitenote_note":"","_monsterinsights_sitenote_category":0},"product_brand":[],"product_cat":[6576,6539],"product_tag":[],"class_list":{"0":"post-14476","1":"product","2":"type-product","3":"status-publish","4":"has-post-thumbnail","6":"product_cat-rn","7":"product_cat-storia-e-geografia","9":"first","10":"instock","11":"sale","12":"shipping-taxable","13":"purchasable","14":"product-type-simple"},"yoast_head":"<!-- This site is optimized with the Yoast SEO plugin v25.4 - https:\/\/yoast.com\/wordpress\/plugins\/seo\/ -->\n<title>Alle origini della scuola di Milano: Martinetti, Bari\u00e9, Banfi - Guerini e Associati<\/title>\n<meta name=\"robots\" content=\"index, follow, max-snippet:-1, max-image-preview:large, max-video-preview:-1\" \/>\n<link rel=\"canonical\" href=\"https:\/\/www.guerini.it\/index.php\/prodotto\/alle-origini-della-scuola-di-milano-martinetti-barie-banfi\/\" \/>\n<meta property=\"og:locale\" content=\"it_IT\" \/>\n<meta property=\"og:type\" content=\"article\" \/>\n<meta property=\"og:title\" content=\"Alle origini della scuola di Milano: Martinetti, Bari\u00e9, Banfi - Guerini e Associati\" \/>\n<meta property=\"og:description\" content=\"Il volume di Davide Assael, promosso dalla Fondazione ISEC nel quadro dei suoi interessi relativi alla cultura milanese tra le due guerre, presenta un\u2019analisi della proposta teoretica e del ruolo storico della \u201cscuola milanese\u201d attraverso lo studio di tre personalit\u00e0 che hanno animato nel secolo scorso la vita e gli studi filosofici dell\u2019Universit\u00e0 di Milano: Piero Martinetti, Giovanni Emanuele Bari\u00e9 e Antonio Banfi.\" \/>\n<meta property=\"og:url\" content=\"https:\/\/www.guerini.it\/index.php\/prodotto\/alle-origini-della-scuola-di-milano-martinetti-barie-banfi\/\" \/>\n<meta property=\"og:site_name\" content=\"Guerini e Associati\" \/>\n<meta property=\"article:modified_time\" content=\"2024-06-12T12:42:32+00:00\" \/>\n<meta property=\"og:image\" content=\"https:\/\/www.guerini.it\/wp-content\/uploads\/2012\/05\/cop.isec_.assael_265x409.jpg\" \/>\n\t<meta property=\"og:image:width\" content=\"265\" \/>\n\t<meta property=\"og:image:height\" content=\"409\" \/>\n\t<meta property=\"og:image:type\" content=\"image\/jpeg\" \/>\n<meta name=\"twitter:card\" content=\"summary_large_image\" \/>\n<meta name=\"twitter:label1\" content=\"Tempo di lettura stimato\" \/>\n\t<meta name=\"twitter:data1\" content=\"2 minuti\" \/>\n<!-- \/ Yoast SEO plugin. -->","yoast_head_json":{"title":"Alle origini della scuola di Milano: Martinetti, Bari\u00e9, Banfi - Guerini e Associati","robots":{"index":"index","follow":"follow","max-snippet":"max-snippet:-1","max-image-preview":"max-image-preview:large","max-video-preview":"max-video-preview:-1"},"canonical":"https:\/\/www.guerini.it\/index.php\/prodotto\/alle-origini-della-scuola-di-milano-martinetti-barie-banfi\/","og_locale":"it_IT","og_type":"article","og_title":"Alle origini della scuola di Milano: Martinetti, Bari\u00e9, Banfi - Guerini e Associati","og_description":"Il volume di Davide Assael, promosso dalla Fondazione ISEC nel quadro dei suoi interessi relativi alla cultura milanese tra le due guerre, presenta un\u2019analisi della proposta teoretica e del ruolo storico della \u201cscuola milanese\u201d attraverso lo studio di tre personalit\u00e0 che hanno animato nel secolo scorso la vita e gli studi filosofici dell\u2019Universit\u00e0 di Milano: Piero Martinetti, Giovanni Emanuele Bari\u00e9 e Antonio Banfi.","og_url":"https:\/\/www.guerini.it\/index.php\/prodotto\/alle-origini-della-scuola-di-milano-martinetti-barie-banfi\/","og_site_name":"Guerini e Associati","article_modified_time":"2024-06-12T12:42:32+00:00","og_image":[{"width":265,"height":409,"url":"https:\/\/www.guerini.it\/wp-content\/uploads\/2012\/05\/cop.isec_.assael_265x409.jpg","type":"image\/jpeg"}],"twitter_card":"summary_large_image","twitter_misc":{"Tempo di lettura stimato":"2 minuti"},"schema":{"@context":"https:\/\/schema.org","@graph":[{"@type":"WebPage","@id":"https:\/\/www.guerini.it\/index.php\/prodotto\/alle-origini-della-scuola-di-milano-martinetti-barie-banfi\/","url":"https:\/\/www.guerini.it\/index.php\/prodotto\/alle-origini-della-scuola-di-milano-martinetti-barie-banfi\/","name":"Alle origini della scuola di Milano: Martinetti, Bari\u00e9, Banfi - Guerini e Associati","isPartOf":{"@id":"https:\/\/www.guerini.it\/#website"},"primaryImageOfPage":{"@id":"https:\/\/www.guerini.it\/index.php\/prodotto\/alle-origini-della-scuola-di-milano-martinetti-barie-banfi\/#primaryimage"},"image":{"@id":"https:\/\/www.guerini.it\/index.php\/prodotto\/alle-origini-della-scuola-di-milano-martinetti-barie-banfi\/#primaryimage"},"thumbnailUrl":"https:\/\/www.guerini.it\/wp-content\/uploads\/2012\/05\/cop.isec_.assael_265x409.jpg","datePublished":"2012-05-24T11:00:50+00:00","dateModified":"2024-06-12T12:42:32+00:00","breadcrumb":{"@id":"https:\/\/www.guerini.it\/index.php\/prodotto\/alle-origini-della-scuola-di-milano-martinetti-barie-banfi\/#breadcrumb"},"inLanguage":"it-IT","potentialAction":[{"@type":"ReadAction","target":["https:\/\/www.guerini.it\/index.php\/prodotto\/alle-origini-della-scuola-di-milano-martinetti-barie-banfi\/"]}]},{"@type":"ImageObject","inLanguage":"it-IT","@id":"https:\/\/www.guerini.it\/index.php\/prodotto\/alle-origini-della-scuola-di-milano-martinetti-barie-banfi\/#primaryimage","url":"https:\/\/www.guerini.it\/wp-content\/uploads\/2012\/05\/cop.isec_.assael_265x409.jpg","contentUrl":"https:\/\/www.guerini.it\/wp-content\/uploads\/2012\/05\/cop.isec_.assael_265x409.jpg","width":265,"height":409,"caption":"Alle origini della scuola di Milano: Martinetti, Bari\u00e9, Banfi"},{"@type":"BreadcrumbList","@id":"https:\/\/www.guerini.it\/index.php\/prodotto\/alle-origini-della-scuola-di-milano-martinetti-barie-banfi\/#breadcrumb","itemListElement":[{"@type":"ListItem","position":1,"name":"Home","item":"https:\/\/www.guerini.it\/"},{"@type":"ListItem","position":2,"name":"Catalogo","item":"https:\/\/www.guerini.it\/index.php\/negozio\/"},{"@type":"ListItem","position":3,"name":"Alle origini della scuola di Milano: Martinetti, Bari\u00e9, Banfi"}]},{"@type":"WebSite","@id":"https:\/\/www.guerini.it\/#website","url":"https:\/\/www.guerini.it\/","name":"Guerini e Associati","description":"30 anni di libri, idee e libert\u00e0","publisher":{"@id":"https:\/\/www.guerini.it\/#organization"},"potentialAction":[{"@type":"SearchAction","target":{"@type":"EntryPoint","urlTemplate":"https:\/\/www.guerini.it\/?s={search_term_string}"},"query-input":{"@type":"PropertyValueSpecification","valueRequired":true,"valueName":"search_term_string"}}],"inLanguage":"it-IT"},{"@type":"Organization","@id":"https:\/\/www.guerini.it\/#organization","name":"Guerini e Associati","url":"https:\/\/www.guerini.it\/","logo":{"@type":"ImageObject","inLanguage":"it-IT","@id":"https:\/\/www.guerini.it\/#\/schema\/logo\/image\/","url":"https:\/\/www.guerini.it\/wp-content\/uploads\/2021\/03\/Logo-Guerini-OK_-e1615831292285.png","contentUrl":"https:\/\/www.guerini.it\/wp-content\/uploads\/2021\/03\/Logo-Guerini-OK_-e1615831292285.png","width":2805,"height":1870,"caption":"Guerini e Associati"},"image":{"@id":"https:\/\/www.guerini.it\/#\/schema\/logo\/image\/"}}]}},"_links":{"self":[{"href":"https:\/\/www.guerini.it\/index.php\/wp-json\/wp\/v2\/product\/14476","targetHints":{"allow":["GET"]}}],"collection":[{"href":"https:\/\/www.guerini.it\/index.php\/wp-json\/wp\/v2\/product"}],"about":[{"href":"https:\/\/www.guerini.it\/index.php\/wp-json\/wp\/v2\/types\/product"}],"wp:featuredmedia":[{"embeddable":true,"href":"https:\/\/www.guerini.it\/index.php\/wp-json\/wp\/v2\/media\/14475"}],"wp:attachment":[{"href":"https:\/\/www.guerini.it\/index.php\/wp-json\/wp\/v2\/media?parent=14476"}],"wp:term":[{"taxonomy":"product_brand","embeddable":true,"href":"https:\/\/www.guerini.it\/index.php\/wp-json\/wp\/v2\/product_brand?post=14476"},{"taxonomy":"product_cat","embeddable":true,"href":"https:\/\/www.guerini.it\/index.php\/wp-json\/wp\/v2\/product_cat?post=14476"},{"taxonomy":"product_tag","embeddable":true,"href":"https:\/\/www.guerini.it\/index.php\/wp-json\/wp\/v2\/product_tag?post=14476"}],"curies":[{"name":"wp","href":"https:\/\/api.w.org\/{rel}","templated":true}]}}

Alle origini della scuola di Milano: Martinetti, Barié, Banfi

<p style="text-align: justify;">Il volume di Davide Assael, promosso dalla Fondazione ISEC nel quadro dei suoi interessi relativi alla cultura milanese tra le due guerre, presenta un’analisi della proposta teoretica e del ruolo storico della “scuola milanese” attraverso lo studio di tre personalità che hanno animato nel secolo scorso la vita e gli studi filosofici dell’Università di Milano: Piero Martinetti, Giovanni Emanuele Barié e Antonio Banfi. A Martinetti, ricordato in molti giudizi correnti soprattutto in base alla sua nobile opposizione al fascismo — su cui Assael pure si sofferma — in questo lavoro viene attribuito il ruolo di vero promotore della scuola. Pur con le tante differenze<br />
tra lui e i suoi allievi, e tra i suoi stessi allievi maggiori, Barié e Banfi, emerge una tensione condivisa, che muove dal comune riferimento a Kant e si articola con i riferimenti alla cultura filosofica europea. Nella temperie crociana e gentiliana negli anni tra le due guerre e nei primi anni del dopoguerra l’opera dei tre autori rappresenta così una cesura destinata a segnare l’identità dell’Università di Milano fino ai nostri giorni.</p>
<hr />
<p style="text-align: justify;"><strong>Davide Assael</strong> (Milano, 1976) si è laureato in Filosofia teoretica con Carlo Sini; ha poi conseguito un DÉA (<em>Diplôme d’Études Approfondies</em>) a Ginevra, discutendo il <em>mémoire</em> con Roberta De Monticelli. Dal 2003 conduce una ricerca sulla filosofia milanese contemporanea, pubblicando diversi saggi e articoli comparsi su riviste specializzate, oltre alla cura di un libro dedicato alla figura di Giovanni Emanuele Barié (<em>Giovanni Emanuele Barié</em>, Milano, Cuem, 2008). Nel 2007 ha pubblicato nella collana dell’ISEC “Ripensare il ’900 &#8211; monografie” il saggio<em> La proposta democratica di Piero Martinetti</em> (in K. Colombo, D. Assael, <a href="https://www.guerini.it/index.php/prodotto/milano-fascista-milano-antifascista/"><em>Milano fascista, Milano antifascista</em></a>, Milano, Guerini e Associati). Attualmente insegna filosofia nei licei e coordina le iniziative culturali e di ricerca della Fondazione Centro Studi Campostrini di Verona.</p>

<p>Il volume di Davide Assael, promosso dalla Fondazione ISEC nel quadro dei suoi interessi relativi alla cultura milanese tra le due guerre, presenta un’analisi della proposta teoretica e del ruolo storico della “scuola milanese” attraverso lo studio di tre personalità che hanno animato nel secolo scorso la vita e gli studi filosofici dell’Università di Milano: Piero Martinetti, Giovanni Emanuele Barié e Antonio Banfi.</p>

<!-- This site is optimized with the Yoast SEO plugin v25.4 - https://yoast.com/wordpress/plugins/seo/ -->
<title>Alle origini della scuola di Milano: Martinetti, Barié, Banfi - Guerini e Associati</title>
<meta name="robots" content="index, follow, max-snippet:-1, max-image-preview:large, max-video-preview:-1" />
<link rel="canonical" href="https://www.guerini.it/index.php/prodotto/alle-origini-della-scuola-di-milano-martinetti-barie-banfi/" />
<meta property="og:locale" content="it_IT" />
<meta property="og:type" content="article" />
<meta property="og:title" content="Alle origini della scuola di Milano: Martinetti, Barié, Banfi - Guerini e Associati" />
<meta property="og:description" content="Il volume di Davide Assael, promosso dalla Fondazione ISEC nel quadro dei suoi interessi relativi alla cultura milanese tra le due guerre, presenta un’analisi della proposta teoretica e del ruolo storico della “scuola milanese” attraverso lo studio di tre personalità che hanno animato nel secolo scorso la vita e gli studi filosofici dell’Università di Milano: Piero Martinetti, Giovanni Emanuele Barié e Antonio Banfi." />
<meta property="og:url" content="https://www.guerini.it/index.php/prodotto/alle-origini-della-scuola-di-milano-martinetti-barie-banfi/" />
<meta property="og:site_name" content="Guerini e Associati" />
<meta property="article:modified_time" content="2024-06-12T12:42:32+00:00" />
<meta property="og:image" content="https://www.guerini.it/wp-content/uploads/2012/05/cop.isec_.assael_265x409.jpg" />
	<meta property="og:image:width" content="265" />
	<meta property="og:image:height" content="409" />
	<meta property="og:image:type" content="image/jpeg" />
<meta name="twitter:card" content="summary_large_image" />
<meta name="twitter:label1" content="Tempo di lettura stimato" />
	<meta name="twitter:data1" content="2 minuti" />
<!-- / Yoast SEO plugin. -->

Alle origini della scuola di Milano: Martinetti, Barié, Banfi - Guerini e Associati

Il volume di Davide Assael, promosso dalla Fondazione ISEC nel quadro dei suoi interessi relativi alla cultura milanese tra le due guerre, presenta un’analisi della proposta teoretica e del ruolo storico della “scuola milanese” attraverso lo studio di tre personalità che hanno animato nel secolo scorso la vita e gli studi filosofici dell’Università di Milano: Piero Martinetti, Giovanni Emanuele Barié e Antonio Banfi.

30 anni di libri, idee e libertà
