{"id":14486,"date":"2012-05-24T13:00:51","date_gmt":"2012-05-24T11:00:51","guid":{"rendered":"https:\/\/test.guerini.it\/?product=unita-nella-diversita"},"modified":"2024-06-12T14:42:12","modified_gmt":"2024-06-12T12:42:12","slug":"unita-nella-diversita","status":"publish","type":"product","link":"https:\/\/www.guerini.it\/index.php\/prodotto\/unita-nella-diversita\/","title":{"rendered":"Unit\u00e0 nella diversit\u00e0"},"content":{"rendered":"<p>Unit\u00e0 nella diversit\u00e0: \u00e8  con queste parole che l\u2019Indonesia esprime il suo singolare percorso per la costruzione di una societ\u00e0 del convivere. Bench\u00e9  circa 200 dei suoi 240 milioni di abitanti siano musulmani, l\u2019Indonesia non \u00e8 uno stato islamico. Anzi, la sua Costituzione enfatizza il pluralismo etnico e religioso, ponendovi a fondamento la fede nell\u2019unico Dio, vissuta in diverse espressioni religiose.<\/p>\n","protected":false},"excerpt":{"rendered":"<p>Unit\u00e0 nella diversit\u00e0: \u00e8  con queste parole che l\u2019Indonesia esprime il suo singolare percorso per la costruzione di una societ\u00e0 del convivere. Bench\u00e9  circa 200 dei suoi 240 milioni di abitanti siano musulmani, l\u2019Indonesia non \u00e8 uno stato islamico. Anzi, la sua Costituzione enfatizza il pluralismo etnico e religioso, ponendovi a fondamento la fede nell\u2019unico Dio, vissuta in diverse espressioni religiose.<\/p>\n","protected":false},"featured_media":14485,"template":"","meta":{"_editorskit_title_hidden":false,"_editorskit_reading_time":0,"_editorskit_is_block_options_detached":false,"_editorskit_block_options_position":"{}","_monsterinsights_skip_tracking":false,"_monsterinsights_sitenote_active":false,"_monsterinsights_sitenote_note":"","_monsterinsights_sitenote_category":0},"product_brand":[],"product_cat":[6633,6537],"product_tag":[],"class_list":{"0":"post-14486","1":"product","2":"type-product","3":"status-publish","4":"has-post-thumbnail","6":"product_cat-fr","7":"product_cat-scienze-politiche-sociali","8":"pa_country_of_manufacture-it","10":"first","11":"instock","12":"sale","13":"shipping-taxable","14":"purchasable","15":"product-type-simple"},"yoast_head":"<!-- This site is optimized with the Yoast SEO plugin v25.4 - https:\/\/yoast.com\/wordpress\/plugins\/seo\/ -->\n<title>Unit\u00e0 nella diversit\u00e0 - Guerini e Associati<\/title>\n<meta name=\"robots\" content=\"index, follow, max-snippet:-1, max-image-preview:large, max-video-preview:-1\" \/>\n<link rel=\"canonical\" href=\"https:\/\/www.guerini.it\/index.php\/prodotto\/unita-nella-diversita\/\" \/>\n<meta property=\"og:locale\" content=\"it_IT\" \/>\n<meta property=\"og:type\" content=\"article\" \/>\n<meta property=\"og:title\" content=\"Unit\u00e0 nella diversit\u00e0 - Guerini e Associati\" \/>\n<meta property=\"og:description\" content=\"Unit\u00e0 nella diversit\u00e0: \u00e8 con queste parole che l\u2019Indonesia esprime il suo singolare percorso per la costruzione di una societ\u00e0 del convivere. Bench\u00e9 circa 200 dei suoi 240 milioni di abitanti siano musulmani, l\u2019Indonesia non \u00e8 uno stato islamico. Anzi, la sua Costituzione enfatizza il pluralismo etnico e religioso, ponendovi a fondamento la fede nell\u2019unico Dio, vissuta in diverse espressioni religiose.\" \/>\n<meta property=\"og:url\" content=\"https:\/\/www.guerini.it\/index.php\/prodotto\/unita-nella-diversita\/\" \/>\n<meta property=\"og:site_name\" content=\"Guerini e Associati\" \/>\n<meta property=\"article:modified_time\" content=\"2024-06-12T12:42:12+00:00\" \/>\n<meta property=\"og:image\" content=\"https:\/\/www.guerini.it\/wp-content\/uploads\/2012\/05\/978-88-6250-176-7.jpg\" \/>\n\t<meta property=\"og:image:width\" content=\"121\" \/>\n\t<meta property=\"og:image:height\" content=\"186\" \/>\n\t<meta property=\"og:image:type\" content=\"image\/jpeg\" \/>\n<meta name=\"twitter:card\" content=\"summary_large_image\" \/>\n<!-- \/ Yoast SEO plugin. -->","yoast_head_json":{"title":"Unit\u00e0 nella diversit\u00e0 - Guerini e Associati","robots":{"index":"index","follow":"follow","max-snippet":"max-snippet:-1","max-image-preview":"max-image-preview:large","max-video-preview":"max-video-preview:-1"},"canonical":"https:\/\/www.guerini.it\/index.php\/prodotto\/unita-nella-diversita\/","og_locale":"it_IT","og_type":"article","og_title":"Unit\u00e0 nella diversit\u00e0 - Guerini e Associati","og_description":"Unit\u00e0 nella diversit\u00e0: \u00e8 con queste parole che l\u2019Indonesia esprime il suo singolare percorso per la costruzione di una societ\u00e0 del convivere. Bench\u00e9 circa 200 dei suoi 240 milioni di abitanti siano musulmani, l\u2019Indonesia non \u00e8 uno stato islamico. Anzi, la sua Costituzione enfatizza il pluralismo etnico e religioso, ponendovi a fondamento la fede nell\u2019unico Dio, vissuta in diverse espressioni religiose.","og_url":"https:\/\/www.guerini.it\/index.php\/prodotto\/unita-nella-diversita\/","og_site_name":"Guerini e Associati","article_modified_time":"2024-06-12T12:42:12+00:00","og_image":[{"width":121,"height":186,"url":"https:\/\/www.guerini.it\/wp-content\/uploads\/2012\/05\/978-88-6250-176-7.jpg","type":"image\/jpeg"}],"twitter_card":"summary_large_image","schema":{"@context":"https:\/\/schema.org","@graph":[{"@type":"WebPage","@id":"https:\/\/www.guerini.it\/index.php\/prodotto\/unita-nella-diversita\/","url":"https:\/\/www.guerini.it\/index.php\/prodotto\/unita-nella-diversita\/","name":"Unit\u00e0 nella diversit\u00e0 - Guerini e Associati","isPartOf":{"@id":"https:\/\/www.guerini.it\/#website"},"primaryImageOfPage":{"@id":"https:\/\/www.guerini.it\/index.php\/prodotto\/unita-nella-diversita\/#primaryimage"},"image":{"@id":"https:\/\/www.guerini.it\/index.php\/prodotto\/unita-nella-diversita\/#primaryimage"},"thumbnailUrl":"https:\/\/www.guerini.it\/wp-content\/uploads\/2012\/05\/978-88-6250-176-7.jpg","datePublished":"2012-05-24T11:00:51+00:00","dateModified":"2024-06-12T12:42:12+00:00","breadcrumb":{"@id":"https:\/\/www.guerini.it\/index.php\/prodotto\/unita-nella-diversita\/#breadcrumb"},"inLanguage":"it-IT","potentialAction":[{"@type":"ReadAction","target":["https:\/\/www.guerini.it\/index.php\/prodotto\/unita-nella-diversita\/"]}]},{"@type":"ImageObject","inLanguage":"it-IT","@id":"https:\/\/www.guerini.it\/index.php\/prodotto\/unita-nella-diversita\/#primaryimage","url":"https:\/\/www.guerini.it\/wp-content\/uploads\/2012\/05\/978-88-6250-176-7.jpg","contentUrl":"https:\/\/www.guerini.it\/wp-content\/uploads\/2012\/05\/978-88-6250-176-7.jpg","width":121,"height":186,"caption":"Unit\u00e0 nella diversit\u00e0"},{"@type":"BreadcrumbList","@id":"https:\/\/www.guerini.it\/index.php\/prodotto\/unita-nella-diversita\/#breadcrumb","itemListElement":[{"@type":"ListItem","position":1,"name":"Home","item":"https:\/\/www.guerini.it\/"},{"@type":"ListItem","position":2,"name":"Catalogo","item":"https:\/\/www.guerini.it\/index.php\/negozio\/"},{"@type":"ListItem","position":3,"name":"Unit\u00e0 nella diversit\u00e0"}]},{"@type":"WebSite","@id":"https:\/\/www.guerini.it\/#website","url":"https:\/\/www.guerini.it\/","name":"Guerini e Associati","description":"30 anni di libri, idee e libert\u00e0","publisher":{"@id":"https:\/\/www.guerini.it\/#organization"},"potentialAction":[{"@type":"SearchAction","target":{"@type":"EntryPoint","urlTemplate":"https:\/\/www.guerini.it\/?s={search_term_string}"},"query-input":{"@type":"PropertyValueSpecification","valueRequired":true,"valueName":"search_term_string"}}],"inLanguage":"it-IT"},{"@type":"Organization","@id":"https:\/\/www.guerini.it\/#organization","name":"Guerini e Associati","url":"https:\/\/www.guerini.it\/","logo":{"@type":"ImageObject","inLanguage":"it-IT","@id":"https:\/\/www.guerini.it\/#\/schema\/logo\/image\/","url":"https:\/\/www.guerini.it\/wp-content\/uploads\/2021\/03\/Logo-Guerini-OK_-e1615831292285.png","contentUrl":"https:\/\/www.guerini.it\/wp-content\/uploads\/2021\/03\/Logo-Guerini-OK_-e1615831292285.png","width":2805,"height":1870,"caption":"Guerini e Associati"},"image":{"@id":"https:\/\/www.guerini.it\/#\/schema\/logo\/image\/"}}]}},"_links":{"self":[{"href":"https:\/\/www.guerini.it\/index.php\/wp-json\/wp\/v2\/product\/14486","targetHints":{"allow":["GET"]}}],"collection":[{"href":"https:\/\/www.guerini.it\/index.php\/wp-json\/wp\/v2\/product"}],"about":[{"href":"https:\/\/www.guerini.it\/index.php\/wp-json\/wp\/v2\/types\/product"}],"wp:featuredmedia":[{"embeddable":true,"href":"https:\/\/www.guerini.it\/index.php\/wp-json\/wp\/v2\/media\/14485"}],"wp:attachment":[{"href":"https:\/\/www.guerini.it\/index.php\/wp-json\/wp\/v2\/media?parent=14486"}],"wp:term":[{"taxonomy":"product_brand","embeddable":true,"href":"https:\/\/www.guerini.it\/index.php\/wp-json\/wp\/v2\/product_brand?post=14486"},{"taxonomy":"product_cat","embeddable":true,"href":"https:\/\/www.guerini.it\/index.php\/wp-json\/wp\/v2\/product_cat?post=14486"},{"taxonomy":"product_tag","embeddable":true,"href":"https:\/\/www.guerini.it\/index.php\/wp-json\/wp\/v2\/product_tag?post=14486"}],"curies":[{"name":"wp","href":"https:\/\/api.w.org\/{rel}","templated":true}]}}