{"id":14517,"date":"2012-05-24T13:00:51","date_gmt":"2012-05-24T11:00:51","guid":{"rendered":"https:\/\/test.guerini.it\/?product=in-attesa-di-giustizia"},"modified":"2024-06-12T14:42:21","modified_gmt":"2024-06-12T12:42:21","slug":"in-attesa-di-giustizia","status":"publish","type":"product","link":"https:\/\/www.guerini.it\/index.php\/prodotto\/in-attesa-di-giustizia\/","title":{"rendered":"In attesa di giustizia"},"content":{"rendered":"<p style=\"text-align: center;\"><strong>\u00ab[A proposito della carcerazione preventiva] \u2026 non posso dimenticare le parole di Giuliano Vassalli: \u2018Sempre di pi\u00f9, il giorno del processo, diventa, per l\u2019imputato, il giorno della libert\u00e0\u2019.\u00bb <em>Pisapia<\/em><\/strong><br \/>\n<strong>\u00ab\u2026 La lunghezza dei processi \u00e8 notoriamente la pi\u00f9 grave delle patologie del sistema giudiziario: una giustizia cos\u00ec lenta \u00e8 una giustizia fallita.\u00bb <em>Nordio<\/em><\/strong><br \/>\n<strong>\u00ab\u2026 Il garantismo, giova ricordarlo soprattutto ai garantisti a corrente alternata, nasce quale baluardo contro abusi o eccessi <\/strong><strong>del potere, e non \u00e8 certo sorto quando la magistratura ha iniziato a indagare e a processare anche imputati eccellenti.\u00bb <em>Pisapia<\/em><\/strong><br \/>\n<strong>\u00ab\u2026 Un mare di carta ci ha seppellito, non una risata, come dicevano i sessantottini.\u00bb <em>Nordio<\/em><\/strong><\/p>\n<p style=\"text-align: justify;\">\u00abI due autori fanno mestieri diversi. Il primo \u00e8 procuratore aggiunto a Venezia. Il secondo \u00e8 avvocato, ma \u00e8 stato eletto alla Camera come indipendente nelle liste di Rifondazione comunista ed \u00e8 stato per due anni presidente della Commissione giustizia di Montecitorio. Il primo \u00e8 un liberale voltairiano, scettico e realista; il secondo appartiene a una sinistra idealista e generosa. [\u2026] A un certo punto della loro vita, tuttavia, hanno avuto uno stesso incarico: la presidenza della Commissione per la riforma del Codice penale, il primo all\u2019epoca del guardasigilli Castelli, durante il governo Berlusconi, e il secondo all\u2019epoca del guardasigilli Mastella durante il governo Prodi. Ma nel processo alla giustizia penale il procuratore e l\u2019avvocato hanno pronunciato la stessa arringa e sono giunti alle stesse conclusioni: che \u2018le pene, per quanto possa sembrare strano, non devono essere aumentate, semmai diminuite\u2019 (Nordio), che \u2018bisogna smetterla con il panpenalismo\u2019 e che l\u2019idea di potere risolvere tutto, anche i problemi sociali, con il Codice penale, \u2018\u00e8 solo propaganda, pericolosa demagogia\u2019 (Pisapia). Anche se con animo diverso (realista il primo, idealista il secondo) hanno scritto relazioni che dicono in buona parte le stesse cose e che sono rimaste egualmente sepolte sotto gli incartamenti che si accumulano sullo scrittoio dei ministri di Grazia e giustizia. Forse perch\u00e9 Castelli e Mastella avevano progetti e disegni diversi da quelli di Nordio e Pisapia? Forse perch\u00e9 esistono modi migliori per riformare la giustizia penale? No. I loro suggerimenti non sono stati ascoltati perch\u00e9 la classe politica ha altre preoccupazioni. Anzich\u00e9 lavorare sui tempi medi e lunghi per il rinnovamento del sistema penale, preferisce vivere alla giornata inseguendo gli umori della pubblica opinione o gli appelli d\u2019oltre Tevere.\u00bb D<em>alla Prefazione di Sergio Romano<\/em><\/p>\n<hr \/>\n<p style=\"text-align: justify;\"><strong>CARLO NORDIO<\/strong> (1947) \u00e8 procuratore aggiunto a Venezia. Numerose le indagini da lui condotte di respiro nazionale, sulla corruzione negli anni \u201992-\u201997 e sulla colonna veneta delle brigate rosse nei primi anni Ottanta. \u00c8 autore di varie pubblicazioni principalmente sui reati economici. \u00c8 stato consulente della commissione sul terrorismo e le stragi e presidente della Commissione per la riforma del codice penale nel 2005. Presso le nostre edizioni, con il marchio Cantiere Italia, ha pubblicato due bestseller: <em>Giustizia<\/em> (1997) ed <em>Emergenza giustizia<\/em> (1999). Nell\u2019ottobre 2022 \u00e8 stato nominato Ministro della Giustizia.<\/p>\n<p style=\"text-align: justify;\"><strong>GIULIANO PISAPIA<\/strong> (1949) \u00e8 avvocato penalista. Nel 1996 e nel 2001 \u00e8 stato eletto deputato nelle liste del partito della Rifondazione Comunista. Nella XIII legislatura \u00e8 stato presidente della Commissione Giustizia della Camera dei Deputati. Nella XIV legislatura ha fatto parte della Commissione Giurisdizionale, del Comitato per la legislazione ed \u00e8 stato presidente del Comitato carceri istituito presso la Camera dei Deputati. Nel 2008 \u00e8 stato presidente della Commissione per la riforma del codice penale.<\/p>\n","protected":false},"excerpt":{"rendered":"<p>Cosa impedisce alla politica di prendere seriamente in carico l\u2019evidente stato di paralisi cronica del sistema giustizia? Perch\u00e9 la politica reagisce alle emergenze con risposte schizofreniche e una proliferazione normativa che compromette ogni coerenza del sistema? Perch\u00e9 si preferiscono risposte emotive e populiste, volte a placare l\u2019allarme sociale, senza un disegno complessivo e per questo efficace? Due esponenti di rilievo del mondo giuridico, di diversa posizione politica e ruolo professionale, si confrontano giungendo a conclusioni convergenti su molte questioni spinose.<\/p>\n","protected":false},"featured_media":14516,"template":"","meta":{"_editorskit_title_hidden":false,"_editorskit_reading_time":0,"_editorskit_is_block_options_detached":false,"_editorskit_block_options_position":"{}","_monsterinsights_skip_tracking":false,"_monsterinsights_sitenote_active":false,"_monsterinsights_sitenote_note":"","_monsterinsights_sitenote_category":0},"product_brand":[],"product_cat":[6585,6527],"product_tag":[],"class_list":{"0":"post-14517","1":"product","2":"type-product","3":"status-publish","4":"has-post-thumbnail","6":"product_cat-sma","7":"product_cat-attualita","8":"pa_country_of_manufacture-it","9":"pa_guerini_amazon_link-https-www-amazon-it-attesa-giustizia-dialogo-riforme-possibili-dp-8862501943","10":"pa_guerini_ibs_link-https-www-ibs-it-in-attesa-di-giustizia-dialogo-libro-carlo-nordio-giuliano-pisapia-e-9788862501941","11":"pa_guerini_strillo-d8-unsistemaammalatoveleniean","13":"first","14":"instock","15":"sale","16":"shipping-taxable","17":"purchasable","18":"product-type-simple"},"yoast_head":"<!-- This site is optimized with the Yoast SEO plugin v25.4 - https:\/\/yoast.com\/wordpress\/plugins\/seo\/ -->\n<title>In attesa di giustizia - Guerini e Associati<\/title>\n<meta name=\"robots\" content=\"index, follow, max-snippet:-1, max-image-preview:large, max-video-preview:-1\" \/>\n<link rel=\"canonical\" href=\"https:\/\/www.guerini.it\/index.php\/prodotto\/in-attesa-di-giustizia\/\" \/>\n<meta property=\"og:locale\" content=\"it_IT\" \/>\n<meta property=\"og:type\" content=\"article\" \/>\n<meta property=\"og:title\" content=\"In attesa di giustizia - Guerini e Associati\" \/>\n<meta property=\"og:description\" content=\"Cosa impedisce alla politica di prendere seriamente in carico l\u2019evidente stato di paralisi cronica del sistema giustizia? Perch\u00e9 la politica reagisce alle emergenze con risposte schizofreniche e una proliferazione normativa che compromette ogni coerenza del sistema? Perch\u00e9 si preferiscono risposte emotive e populiste, volte a placare l\u2019allarme sociale, senza un disegno complessivo e per questo efficace? Due esponenti di rilievo del mondo giuridico, di diversa posizione politica e ruolo professionale, si confrontano giungendo a conclusioni convergenti su molte questioni spinose.\" \/>\n<meta property=\"og:url\" content=\"https:\/\/www.guerini.it\/index.php\/prodotto\/in-attesa-di-giustizia\/\" \/>\n<meta property=\"og:site_name\" content=\"Guerini e Associati\" \/>\n<meta property=\"article:modified_time\" content=\"2024-06-12T12:42:21+00:00\" \/>\n<meta property=\"og:image\" content=\"https:\/\/www.guerini.it\/wp-content\/uploads\/2012\/05\/978-88-6250-194-1.jpg\" \/>\n\t<meta property=\"og:image:width\" content=\"124\" \/>\n\t<meta property=\"og:image:height\" content=\"187\" \/>\n\t<meta property=\"og:image:type\" content=\"image\/jpeg\" \/>\n<meta name=\"twitter:card\" content=\"summary_large_image\" \/>\n<meta name=\"twitter:label1\" content=\"Tempo di lettura stimato\" \/>\n\t<meta name=\"twitter:data1\" content=\"3 minuti\" \/>\n<!-- \/ Yoast SEO plugin. -->","yoast_head_json":{"title":"In attesa di giustizia - Guerini e Associati","robots":{"index":"index","follow":"follow","max-snippet":"max-snippet:-1","max-image-preview":"max-image-preview:large","max-video-preview":"max-video-preview:-1"},"canonical":"https:\/\/www.guerini.it\/index.php\/prodotto\/in-attesa-di-giustizia\/","og_locale":"it_IT","og_type":"article","og_title":"In attesa di giustizia - Guerini e Associati","og_description":"Cosa impedisce alla politica di prendere seriamente in carico l\u2019evidente stato di paralisi cronica del sistema giustizia? Perch\u00e9 la politica reagisce alle emergenze con risposte schizofreniche e una proliferazione normativa che compromette ogni coerenza del sistema? Perch\u00e9 si preferiscono risposte emotive e populiste, volte a placare l\u2019allarme sociale, senza un disegno complessivo e per questo efficace? Due esponenti di rilievo del mondo giuridico, di diversa posizione politica e ruolo professionale, si confrontano giungendo a conclusioni convergenti su molte questioni spinose.","og_url":"https:\/\/www.guerini.it\/index.php\/prodotto\/in-attesa-di-giustizia\/","og_site_name":"Guerini e Associati","article_modified_time":"2024-06-12T12:42:21+00:00","og_image":[{"width":124,"height":187,"url":"https:\/\/www.guerini.it\/wp-content\/uploads\/2012\/05\/978-88-6250-194-1.jpg","type":"image\/jpeg"}],"twitter_card":"summary_large_image","twitter_misc":{"Tempo di lettura stimato":"3 minuti"},"schema":{"@context":"https:\/\/schema.org","@graph":[{"@type":"WebPage","@id":"https:\/\/www.guerini.it\/index.php\/prodotto\/in-attesa-di-giustizia\/","url":"https:\/\/www.guerini.it\/index.php\/prodotto\/in-attesa-di-giustizia\/","name":"In attesa di giustizia - Guerini e Associati","isPartOf":{"@id":"https:\/\/www.guerini.it\/#website"},"primaryImageOfPage":{"@id":"https:\/\/www.guerini.it\/index.php\/prodotto\/in-attesa-di-giustizia\/#primaryimage"},"image":{"@id":"https:\/\/www.guerini.it\/index.php\/prodotto\/in-attesa-di-giustizia\/#primaryimage"},"thumbnailUrl":"https:\/\/www.guerini.it\/wp-content\/uploads\/2012\/05\/978-88-6250-194-1.jpg","datePublished":"2012-05-24T11:00:51+00:00","dateModified":"2024-06-12T12:42:21+00:00","breadcrumb":{"@id":"https:\/\/www.guerini.it\/index.php\/prodotto\/in-attesa-di-giustizia\/#breadcrumb"},"inLanguage":"it-IT","potentialAction":[{"@type":"ReadAction","target":["https:\/\/www.guerini.it\/index.php\/prodotto\/in-attesa-di-giustizia\/"]}]},{"@type":"ImageObject","inLanguage":"it-IT","@id":"https:\/\/www.guerini.it\/index.php\/prodotto\/in-attesa-di-giustizia\/#primaryimage","url":"https:\/\/www.guerini.it\/wp-content\/uploads\/2012\/05\/978-88-6250-194-1.jpg","contentUrl":"https:\/\/www.guerini.it\/wp-content\/uploads\/2012\/05\/978-88-6250-194-1.jpg","width":124,"height":187,"caption":"In attesa di giustizia"},{"@type":"BreadcrumbList","@id":"https:\/\/www.guerini.it\/index.php\/prodotto\/in-attesa-di-giustizia\/#breadcrumb","itemListElement":[{"@type":"ListItem","position":1,"name":"Home","item":"https:\/\/www.guerini.it\/"},{"@type":"ListItem","position":2,"name":"Catalogo","item":"https:\/\/www.guerini.it\/index.php\/negozio\/"},{"@type":"ListItem","position":3,"name":"In attesa di giustizia"}]},{"@type":"WebSite","@id":"https:\/\/www.guerini.it\/#website","url":"https:\/\/www.guerini.it\/","name":"Guerini e Associati","description":"30 anni di libri, idee e libert\u00e0","publisher":{"@id":"https:\/\/www.guerini.it\/#organization"},"potentialAction":[{"@type":"SearchAction","target":{"@type":"EntryPoint","urlTemplate":"https:\/\/www.guerini.it\/?s={search_term_string}"},"query-input":{"@type":"PropertyValueSpecification","valueRequired":true,"valueName":"search_term_string"}}],"inLanguage":"it-IT"},{"@type":"Organization","@id":"https:\/\/www.guerini.it\/#organization","name":"Guerini e Associati","url":"https:\/\/www.guerini.it\/","logo":{"@type":"ImageObject","inLanguage":"it-IT","@id":"https:\/\/www.guerini.it\/#\/schema\/logo\/image\/","url":"https:\/\/www.guerini.it\/wp-content\/uploads\/2021\/03\/Logo-Guerini-OK_-e1615831292285.png","contentUrl":"https:\/\/www.guerini.it\/wp-content\/uploads\/2021\/03\/Logo-Guerini-OK_-e1615831292285.png","width":2805,"height":1870,"caption":"Guerini e Associati"},"image":{"@id":"https:\/\/www.guerini.it\/#\/schema\/logo\/image\/"}}]}},"_links":{"self":[{"href":"https:\/\/www.guerini.it\/index.php\/wp-json\/wp\/v2\/product\/14517","targetHints":{"allow":["GET"]}}],"collection":[{"href":"https:\/\/www.guerini.it\/index.php\/wp-json\/wp\/v2\/product"}],"about":[{"href":"https:\/\/www.guerini.it\/index.php\/wp-json\/wp\/v2\/types\/product"}],"wp:featuredmedia":[{"embeddable":true,"href":"https:\/\/www.guerini.it\/index.php\/wp-json\/wp\/v2\/media\/14516"}],"wp:attachment":[{"href":"https:\/\/www.guerini.it\/index.php\/wp-json\/wp\/v2\/media?parent=14517"}],"wp:term":[{"taxonomy":"product_brand","embeddable":true,"href":"https:\/\/www.guerini.it\/index.php\/wp-json\/wp\/v2\/product_brand?post=14517"},{"taxonomy":"product_cat","embeddable":true,"href":"https:\/\/www.guerini.it\/index.php\/wp-json\/wp\/v2\/product_cat?post=14517"},{"taxonomy":"product_tag","embeddable":true,"href":"https:\/\/www.guerini.it\/index.php\/wp-json\/wp\/v2\/product_tag?post=14517"}],"curies":[{"name":"wp","href":"https:\/\/api.w.org\/{rel}","templated":true}]}}

<p style="text-align: center;"><strong>«[A proposito della carcerazione preventiva] … non posso dimenticare le parole di Giuliano Vassalli: ‘Sempre di più, il giorno del processo, diventa, per l’imputato, il giorno della libertà’.» <em>Pisapia</em></strong><br />
<strong>«… La lunghezza dei processi è notoriamente la più grave delle patologie del sistema giudiziario: una giustizia così lenta è una giustizia fallita.» <em>Nordio</em></strong><br />
<strong>«… Il garantismo, giova ricordarlo soprattutto ai garantisti a corrente alternata, nasce quale baluardo contro abusi o eccessi </strong><strong>del potere, e non è certo sorto quando la magistratura ha iniziato a indagare e a processare anche imputati eccellenti.» <em>Pisapia</em></strong><br />
<strong>«… Un mare di carta ci ha seppellito, non una risata, come dicevano i sessantottini.» <em>Nordio</em></strong></p>
<p style="text-align: justify;">«I due autori fanno mestieri diversi. Il primo è procuratore aggiunto a Venezia. Il secondo è avvocato, ma è stato eletto alla Camera come indipendente nelle liste di Rifondazione comunista ed è stato per due anni presidente della Commissione giustizia di Montecitorio. Il primo è un liberale voltairiano, scettico e realista; il secondo appartiene a una sinistra idealista e generosa. […] A un certo punto della loro vita, tuttavia, hanno avuto uno stesso incarico: la presidenza della Commissione per la riforma del Codice penale, il primo all’epoca del guardasigilli Castelli, durante il governo Berlusconi, e il secondo all’epoca del guardasigilli Mastella durante il governo Prodi. Ma nel processo alla giustizia penale il procuratore e l’avvocato hanno pronunciato la stessa arringa e sono giunti alle stesse conclusioni: che ‘le pene, per quanto possa sembrare strano, non devono essere aumentate, semmai diminuite’ (Nordio), che ‘bisogna smetterla con il panpenalismo’ e che l’idea di potere risolvere tutto, anche i problemi sociali, con il Codice penale, ‘è solo propaganda, pericolosa demagogia’ (Pisapia). Anche se con animo diverso (realista il primo, idealista il secondo) hanno scritto relazioni che dicono in buona parte le stesse cose e che sono rimaste egualmente sepolte sotto gli incartamenti che si accumulano sullo scrittoio dei ministri di Grazia e giustizia. Forse perché Castelli e Mastella avevano progetti e disegni diversi da quelli di Nordio e Pisapia? Forse perché esistono modi migliori per riformare la giustizia penale? No. I loro suggerimenti non sono stati ascoltati perché la classe politica ha altre preoccupazioni. Anziché lavorare sui tempi medi e lunghi per il rinnovamento del sistema penale, preferisce vivere alla giornata inseguendo gli umori della pubblica opinione o gli appelli d’oltre Tevere.» D<em>alla Prefazione di Sergio Romano</em></p>
<hr />
<p style="text-align: justify;"><strong>CARLO NORDIO</strong> (1947) è procuratore aggiunto a Venezia. Numerose le indagini da lui condotte di respiro nazionale, sulla corruzione negli anni ’92-’97 e sulla colonna veneta delle brigate rosse nei primi anni Ottanta. È autore di varie pubblicazioni principalmente sui reati economici. È stato consulente della commissione sul terrorismo e le stragi e presidente della Commissione per la riforma del codice penale nel 2005. Presso le nostre edizioni, con il marchio Cantiere Italia, ha pubblicato due bestseller: <em>Giustizia</em> (1997) ed <em>Emergenza giustizia</em> (1999). Nell’ottobre 2022 è stato nominato Ministro della Giustizia.</p>
<p style="text-align: justify;"><strong>GIULIANO PISAPIA</strong> (1949) è avvocato penalista. Nel 1996 e nel 2001 è stato eletto deputato nelle liste del partito della Rifondazione Comunista. Nella XIII legislatura è stato presidente della Commissione Giustizia della Camera dei Deputati. Nella XIV legislatura ha fatto parte della Commissione Giurisdizionale, del Comitato per la legislazione ed è stato presidente del Comitato carceri istituito presso la Camera dei Deputati. Nel 2008 è stato presidente della Commissione per la riforma del codice penale.</p>

<p>Cosa impedisce alla politica di prendere seriamente in carico l’evidente stato di paralisi cronica del sistema giustizia? Perché la politica reagisce alle emergenze con risposte schizofreniche e una proliferazione normativa che compromette ogni coerenza del sistema? Perché si preferiscono risposte emotive e populiste, volte a placare l’allarme sociale, senza un disegno complessivo e per questo efficace? Due esponenti di rilievo del mondo giuridico, di diversa posizione politica e ruolo professionale, si confrontano giungendo a conclusioni convergenti su molte questioni spinose.</p>

<!-- This site is optimized with the Yoast SEO plugin v25.4 - https://yoast.com/wordpress/plugins/seo/ -->
<title>In attesa di giustizia - Guerini e Associati</title>
<meta name="robots" content="index, follow, max-snippet:-1, max-image-preview:large, max-video-preview:-1" />
<link rel="canonical" href="https://www.guerini.it/index.php/prodotto/in-attesa-di-giustizia/" />
<meta property="og:locale" content="it_IT" />
<meta property="og:type" content="article" />
<meta property="og:title" content="In attesa di giustizia - Guerini e Associati" />
<meta property="og:description" content="Cosa impedisce alla politica di prendere seriamente in carico l’evidente stato di paralisi cronica del sistema giustizia? Perché la politica reagisce alle emergenze con risposte schizofreniche e una proliferazione normativa che compromette ogni coerenza del sistema? Perché si preferiscono risposte emotive e populiste, volte a placare l’allarme sociale, senza un disegno complessivo e per questo efficace? Due esponenti di rilievo del mondo giuridico, di diversa posizione politica e ruolo professionale, si confrontano giungendo a conclusioni convergenti su molte questioni spinose." />
<meta property="og:url" content="https://www.guerini.it/index.php/prodotto/in-attesa-di-giustizia/" />
<meta property="og:site_name" content="Guerini e Associati" />
<meta property="article:modified_time" content="2024-06-12T12:42:21+00:00" />
<meta property="og:image" content="https://www.guerini.it/wp-content/uploads/2012/05/978-88-6250-194-1.jpg" />
	<meta property="og:image:width" content="124" />
	<meta property="og:image:height" content="187" />
	<meta property="og:image:type" content="image/jpeg" />
<meta name="twitter:card" content="summary_large_image" />
<meta name="twitter:label1" content="Tempo di lettura stimato" />
	<meta name="twitter:data1" content="3 minuti" />
<!-- / Yoast SEO plugin. -->

Cosa impedisce alla politica di prendere seriamente in carico l’evidente stato di paralisi cronica del sistema giustizia? Perché la politica reagisce alle emergenze con risposte schizofreniche e una proliferazione normativa che compromette ogni coerenza del sistema? Perché si preferiscono risposte emotive e populiste, volte a placare l’allarme sociale, senza un disegno complessivo e per questo efficace? Due esponenti di rilievo del mondo giuridico, di diversa posizione politica e ruolo professionale, si confrontano giungendo a conclusioni convergenti su molte questioni spinose.

30 anni di libri, idee e libertà
