{"id":14610,"date":"2012-05-24T13:01:06","date_gmt":"2012-05-24T11:01:06","guid":{"rendered":"https:\/\/test.guerini.it\/?product=ascoltando-primo-levi"},"modified":"2026-01-19T11:26:58","modified_gmt":"2026-01-19T10:26:58","slug":"ascoltando-primo-levi","status":"publish","type":"product","link":"https:\/\/www.guerini.it\/index.php\/prodotto\/ascoltando-primo-levi\/","title":{"rendered":"Ascoltando Primo Levi"},"content":{"rendered":"<p style=\"text-align: justify;\">\u00abSe si escludono istanti prodigiosi e singoli che il destino ci pu\u00f2 donare, l\u2019amare il proprio lavoro (che purtroppo \u00e8 privilegio di pochi) costituisce la migliore approssimazione concreta alla felicit\u00e0 sulla terra; ma questa \u00e8 una verit\u00e0 che non molti conoscono [\u2026]<br \/>\n\u00c8 malinconicamente vero che molti lavori non sono amabili, ma \u00e8 nocivo scendere in campo carichi di odio preconcetto; chi lo fa, si condanna per la vita a odiare non solo il lavoro, ma se stesso e il mondo. Si pu\u00f2 e si deve combattere perch\u00e9 il frutto del lavoro rimanga nelle mani di chi lo fa, e perch\u00e9 il lavoro stesso non sia una pena, ma l\u2019amore o rispettivamente l\u2019odio per l\u2019opera sono un dato interno, originario, che dipende molto dalla storia dell\u2019individuo, e meno di quanto si creda dalle strutture produttive entro cui il lavoro si svolge\u00bb.<br \/>\n<em>Primo Levi<\/em><\/p>\n<hr \/>\n<p style=\"text-align: justify;\"><strong>Giuseppe Varchetta<\/strong>, psicologo dell\u2019organizzazione di formazione psicosocioanalitica, socio fondatore e past president di Ariele, dopo una lunga esperienza nell\u2019area della formazione, dello sviluppo organizzativo e della gestione del personale, \u00e8 attualmente professore a contratto presso l\u2019Universit\u00e0 degli Studi di Milano Bicocca e consulente di formazione e sviluppo organizzativo. Direttore della rivista L\u2019educazione sentimentale, ha al suo attivo molte pubblicazioni in tematiche di formazione e sviluppo organizzativo.<br \/>\nPer le nostre edizioni ha pubblicato, tra l\u2019altro, <a href=\"https:\/\/www.guerini.it\/index.php\/prodotto\/la-solidarieta-organizzativa\/\"><em>La solidariet\u00e0 organizzativa<\/em><\/a> (1993);<em><a href=\"https:\/\/www.guerini.it\/index.php\/prodotto\/liste\/\"> Liste. Storie dall\u2019organizzazione<\/a><\/em> (2005); <a href=\"https:\/\/www.guerini.it\/index.php\/prodotto\/l-ambiguita-organizzativa\/\"><em>L\u2019ambiguit\u00e0 organizzativa<\/em><\/a> (2007); con Andrea Fontana<a href=\"https:\/\/www.guerini.it\/index.php\/prodotto\/la-valutazione-riconoscente\/\">, <\/a><em>La valutazione riconoscente. La valutazione della formazione nelle organizzazioni contemporanee<\/em> (2005) e con Dario D\u2019Incerti e Massimiliano Santoro, <em><a href=\"https:\/\/www.guerini.it\/index.php\/prodotto\/nuovi-schermi-di-formazione\/\">Nuovi schermi di formazione<\/a>. I grandi temi del management attraverso il cinema<\/em> (2007).<\/p>\n","protected":false},"excerpt":{"rendered":"<p>\u00abSe si escludono istanti prodigiosi e singoli che il destino ci pu\u00f2 donare, l\u2019amare il proprio lavoro (che purtroppo \u00e8 privilegio di pochi) costituisce la migliore approssimazione concreta alla felicit\u00e0 sulla terra; ma questa \u00e8 una verit\u00e0 che molti non conoscono [&#8230;]\u00bb Primo Levi<\/p>\n","protected":false},"featured_media":23259,"template":"","meta":{"_editorskit_title_hidden":false,"_editorskit_reading_time":0,"_editorskit_is_block_options_detached":false,"_editorskit_block_options_position":"{}","_monsterinsights_skip_tracking":false,"_monsterinsights_sitenote_active":false,"_monsterinsights_sitenote_note":"","_monsterinsights_sitenote_category":0},"product_brand":[],"product_cat":[6529,6665],"product_tag":[],"class_list":{"0":"post-14610","1":"product","2":"type-product","3":"status-publish","4":"has-post-thumbnail","6":"product_cat-economia-e-management","7":"product_cat-nf","8":"pa_guerini_amazon_link-https-www-amazon-it-ascoltando-primo-levi-lavoro-narrazione-dp-8862502664","9":"pa_guerini_feltrinelli_link-https-www-lafeltrinelli-it-ascoltando-primo-levi-lavoro-narrazione-libro-giuseppe-varchetta-e-9788862502665","10":"pa_guerini_ibs_link-https-www-ibs-it-ascoltando-primo-levi-lavoro-narrazione-libro-giuseppe-varchetta-e-9788862502665","11":"pa_guerini_libruniver_link-https-www-libreriauniversitaria-it-ascoltando-primo-levi-lavoro-narrazione-libro-9788862502665","12":"pa_guerini_mondadori_link-https-www-mondadoristore-it-ascoltando-primo-levi-giuseppe-varchetta-eai978886250266","13":"pa_guerini_nedizione-3752","15":"first","16":"instock","17":"sale","18":"shipping-taxable","19":"purchasable","20":"product-type-simple"},"yoast_head":"<!-- This site is optimized with the Yoast SEO plugin v25.4 - https:\/\/yoast.com\/wordpress\/plugins\/seo\/ -->\n<title>Ascoltando Primo Levi - Guerini e Associati<\/title>\n<meta name=\"robots\" content=\"index, follow, max-snippet:-1, max-image-preview:large, max-video-preview:-1\" \/>\n<link rel=\"canonical\" href=\"https:\/\/www.guerini.it\/index.php\/prodotto\/ascoltando-primo-levi\/\" \/>\n<meta property=\"og:locale\" content=\"it_IT\" \/>\n<meta property=\"og:type\" content=\"article\" \/>\n<meta property=\"og:title\" content=\"Ascoltando Primo Levi - Guerini e Associati\" \/>\n<meta property=\"og:description\" content=\"\u00abSe si escludono istanti prodigiosi e singoli che il destino ci pu\u00f2 donare, l\u2019amare il proprio lavoro (che purtroppo \u00e8 privilegio di pochi) costituisce la migliore approssimazione concreta alla felicit\u00e0 sulla terra; ma questa \u00e8 una verit\u00e0 che molti non conoscono [...]\u00bb Primo Levi\" \/>\n<meta property=\"og:url\" content=\"https:\/\/www.guerini.it\/index.php\/prodotto\/ascoltando-primo-levi\/\" \/>\n<meta property=\"og:site_name\" content=\"Guerini e Associati\" \/>\n<meta property=\"article:modified_time\" content=\"2026-01-19T10:26:58+00:00\" \/>\n<meta property=\"og:image\" content=\"https:\/\/www.guerini.it\/wp-content\/uploads\/2012\/05\/Cop.-Asc.Primo-Levi-Alta-e1666175310195.jpg\" \/>\n\t<meta property=\"og:image:width\" content=\"247\" \/>\n\t<meta property=\"og:image:height\" content=\"350\" \/>\n\t<meta property=\"og:image:type\" content=\"image\/jpeg\" \/>\n<meta name=\"twitter:card\" content=\"summary_large_image\" \/>\n<meta name=\"twitter:label1\" content=\"Tempo di lettura stimato\" \/>\n\t<meta name=\"twitter:data1\" content=\"2 minuti\" \/>\n<!-- \/ Yoast SEO plugin. -->","yoast_head_json":{"title":"Ascoltando Primo Levi - Guerini e Associati","robots":{"index":"index","follow":"follow","max-snippet":"max-snippet:-1","max-image-preview":"max-image-preview:large","max-video-preview":"max-video-preview:-1"},"canonical":"https:\/\/www.guerini.it\/index.php\/prodotto\/ascoltando-primo-levi\/","og_locale":"it_IT","og_type":"article","og_title":"Ascoltando Primo Levi - Guerini e Associati","og_description":"\u00abSe si escludono istanti prodigiosi e singoli che il destino ci pu\u00f2 donare, l\u2019amare il proprio lavoro (che purtroppo \u00e8 privilegio di pochi) costituisce la migliore approssimazione concreta alla felicit\u00e0 sulla terra; ma questa \u00e8 una verit\u00e0 che molti non conoscono [...]\u00bb Primo Levi","og_url":"https:\/\/www.guerini.it\/index.php\/prodotto\/ascoltando-primo-levi\/","og_site_name":"Guerini e Associati","article_modified_time":"2026-01-19T10:26:58+00:00","og_image":[{"width":247,"height":350,"url":"https:\/\/www.guerini.it\/wp-content\/uploads\/2012\/05\/Cop.-Asc.Primo-Levi-Alta-e1666175310195.jpg","type":"image\/jpeg"}],"twitter_card":"summary_large_image","twitter_misc":{"Tempo di lettura stimato":"2 minuti"},"schema":{"@context":"https:\/\/schema.org","@graph":[{"@type":"WebPage","@id":"https:\/\/www.guerini.it\/index.php\/prodotto\/ascoltando-primo-levi\/","url":"https:\/\/www.guerini.it\/index.php\/prodotto\/ascoltando-primo-levi\/","name":"Ascoltando Primo Levi - Guerini e Associati","isPartOf":{"@id":"https:\/\/www.guerini.it\/#website"},"primaryImageOfPage":{"@id":"https:\/\/www.guerini.it\/index.php\/prodotto\/ascoltando-primo-levi\/#primaryimage"},"image":{"@id":"https:\/\/www.guerini.it\/index.php\/prodotto\/ascoltando-primo-levi\/#primaryimage"},"thumbnailUrl":"https:\/\/www.guerini.it\/wp-content\/uploads\/2012\/05\/Cop.-Asc.Primo-Levi-Alta-e1666175310195.jpg","datePublished":"2012-05-24T11:01:06+00:00","dateModified":"2026-01-19T10:26:58+00:00","breadcrumb":{"@id":"https:\/\/www.guerini.it\/index.php\/prodotto\/ascoltando-primo-levi\/#breadcrumb"},"inLanguage":"it-IT","potentialAction":[{"@type":"ReadAction","target":["https:\/\/www.guerini.it\/index.php\/prodotto\/ascoltando-primo-levi\/"]}]},{"@type":"ImageObject","inLanguage":"it-IT","@id":"https:\/\/www.guerini.it\/index.php\/prodotto\/ascoltando-primo-levi\/#primaryimage","url":"https:\/\/www.guerini.it\/wp-content\/uploads\/2012\/05\/Cop.-Asc.Primo-Levi-Alta-e1666175310195.jpg","contentUrl":"https:\/\/www.guerini.it\/wp-content\/uploads\/2012\/05\/Cop.-Asc.Primo-Levi-Alta-e1666175310195.jpg","width":247,"height":350,"caption":"Copertina del volume Ascoltando Primo Levi"},{"@type":"BreadcrumbList","@id":"https:\/\/www.guerini.it\/index.php\/prodotto\/ascoltando-primo-levi\/#breadcrumb","itemListElement":[{"@type":"ListItem","position":1,"name":"Home","item":"https:\/\/www.guerini.it\/"},{"@type":"ListItem","position":2,"name":"Catalogo","item":"https:\/\/www.guerini.it\/index.php\/negozio\/"},{"@type":"ListItem","position":3,"name":"Ascoltando Primo Levi"}]},{"@type":"WebSite","@id":"https:\/\/www.guerini.it\/#website","url":"https:\/\/www.guerini.it\/","name":"Guerini e Associati","description":"30 anni di libri, idee e libert\u00e0","publisher":{"@id":"https:\/\/www.guerini.it\/#organization"},"potentialAction":[{"@type":"SearchAction","target":{"@type":"EntryPoint","urlTemplate":"https:\/\/www.guerini.it\/?s={search_term_string}"},"query-input":{"@type":"PropertyValueSpecification","valueRequired":true,"valueName":"search_term_string"}}],"inLanguage":"it-IT"},{"@type":"Organization","@id":"https:\/\/www.guerini.it\/#organization","name":"Guerini e Associati","url":"https:\/\/www.guerini.it\/","logo":{"@type":"ImageObject","inLanguage":"it-IT","@id":"https:\/\/www.guerini.it\/#\/schema\/logo\/image\/","url":"https:\/\/www.guerini.it\/wp-content\/uploads\/2021\/03\/Logo-Guerini-OK_-e1615831292285.png","contentUrl":"https:\/\/www.guerini.it\/wp-content\/uploads\/2021\/03\/Logo-Guerini-OK_-e1615831292285.png","width":2805,"height":1870,"caption":"Guerini e Associati"},"image":{"@id":"https:\/\/www.guerini.it\/#\/schema\/logo\/image\/"}}]}},"_links":{"self":[{"href":"https:\/\/www.guerini.it\/index.php\/wp-json\/wp\/v2\/product\/14610","targetHints":{"allow":["GET"]}}],"collection":[{"href":"https:\/\/www.guerini.it\/index.php\/wp-json\/wp\/v2\/product"}],"about":[{"href":"https:\/\/www.guerini.it\/index.php\/wp-json\/wp\/v2\/types\/product"}],"wp:featuredmedia":[{"embeddable":true,"href":"https:\/\/www.guerini.it\/index.php\/wp-json\/wp\/v2\/media\/23259"}],"wp:attachment":[{"href":"https:\/\/www.guerini.it\/index.php\/wp-json\/wp\/v2\/media?parent=14610"}],"wp:term":[{"taxonomy":"product_brand","embeddable":true,"href":"https:\/\/www.guerini.it\/index.php\/wp-json\/wp\/v2\/product_brand?post=14610"},{"taxonomy":"product_cat","embeddable":true,"href":"https:\/\/www.guerini.it\/index.php\/wp-json\/wp\/v2\/product_cat?post=14610"},{"taxonomy":"product_tag","embeddable":true,"href":"https:\/\/www.guerini.it\/index.php\/wp-json\/wp\/v2\/product_tag?post=14610"}],"curies":[{"name":"wp","href":"https:\/\/api.w.org\/{rel}","templated":true}]}}

<p style="text-align: justify;">«Se si escludono istanti prodigiosi e singoli che il destino ci può donare, l’amare il proprio lavoro (che purtroppo è privilegio di pochi) costituisce la migliore approssimazione concreta alla felicità sulla terra; ma questa è una verità che non molti conoscono […]<br />
È malinconicamente vero che molti lavori non sono amabili, ma è nocivo scendere in campo carichi di odio preconcetto; chi lo fa, si condanna per la vita a odiare non solo il lavoro, ma se stesso e il mondo. Si può e si deve combattere perché il frutto del lavoro rimanga nelle mani di chi lo fa, e perché il lavoro stesso non sia una pena, ma l’amore o rispettivamente l’odio per l’opera sono un dato interno, originario, che dipende molto dalla storia dell’individuo, e meno di quanto si creda dalle strutture produttive entro cui il lavoro si svolge».<br />
<em>Primo Levi</em></p>
<hr />
<p style="text-align: justify;"><strong>Giuseppe Varchetta</strong>, psicologo dell’organizzazione di formazione psicosocioanalitica, socio fondatore e past president di Ariele, dopo una lunga esperienza nell’area della formazione, dello sviluppo organizzativo e della gestione del personale, è attualmente professore a contratto presso l’Università degli Studi di Milano Bicocca e consulente di formazione e sviluppo organizzativo. Direttore della rivista L’educazione sentimentale, ha al suo attivo molte pubblicazioni in tematiche di formazione e sviluppo organizzativo.<br />
Per le nostre edizioni ha pubblicato, tra l’altro, <a href="https://www.guerini.it/index.php/prodotto/la-solidarieta-organizzativa/"><em>La solidarietà organizzativa</em></a> (1993);<em><a href="https://www.guerini.it/index.php/prodotto/liste/"> Liste. Storie dall’organizzazione</a></em> (2005); <a href="https://www.guerini.it/index.php/prodotto/l-ambiguita-organizzativa/"><em>L’ambiguità organizzativa</em></a> (2007); con Andrea Fontana<a href="https://www.guerini.it/index.php/prodotto/la-valutazione-riconoscente/">, </a><em>La valutazione riconoscente. La valutazione della formazione nelle organizzazioni contemporanee</em> (2005) e con Dario D’Incerti e Massimiliano Santoro, <em><a href="https://www.guerini.it/index.php/prodotto/nuovi-schermi-di-formazione/">Nuovi schermi di formazione</a>. I grandi temi del management attraverso il cinema</em> (2007).</p>

<p>«Se si escludono istanti prodigiosi e singoli che il destino ci può donare, l’amare il proprio lavoro (che purtroppo è privilegio di pochi) costituisce la migliore approssimazione concreta alla felicità sulla terra; ma questa è una verità che molti non conoscono [&#8230;]» Primo Levi</p>

<!-- This site is optimized with the Yoast SEO plugin v25.4 - https://yoast.com/wordpress/plugins/seo/ -->
<title>Ascoltando Primo Levi - Guerini e Associati</title>
<meta name="robots" content="index, follow, max-snippet:-1, max-image-preview:large, max-video-preview:-1" />
<link rel="canonical" href="https://www.guerini.it/index.php/prodotto/ascoltando-primo-levi/" />
<meta property="og:locale" content="it_IT" />
<meta property="og:type" content="article" />
<meta property="og:title" content="Ascoltando Primo Levi - Guerini e Associati" />
<meta property="og:description" content="«Se si escludono istanti prodigiosi e singoli che il destino ci può donare, l’amare il proprio lavoro (che purtroppo è privilegio di pochi) costituisce la migliore approssimazione concreta alla felicità sulla terra; ma questa è una verità che molti non conoscono [...]» Primo Levi" />
<meta property="og:url" content="https://www.guerini.it/index.php/prodotto/ascoltando-primo-levi/" />
<meta property="og:site_name" content="Guerini e Associati" />
<meta property="article:modified_time" content="2026-01-19T10:26:58+00:00" />
<meta property="og:image" content="https://www.guerini.it/wp-content/uploads/2012/05/Cop.-Asc.Primo-Levi-Alta-e1666175310195.jpg" />
	<meta property="og:image:width" content="247" />
	<meta property="og:image:height" content="350" />
	<meta property="og:image:type" content="image/jpeg" />
<meta name="twitter:card" content="summary_large_image" />
<meta name="twitter:label1" content="Tempo di lettura stimato" />
	<meta name="twitter:data1" content="2 minuti" />
<!-- / Yoast SEO plugin. -->

«Se si escludono istanti prodigiosi e singoli che il destino ci può donare, l’amare il proprio lavoro (che purtroppo è privilegio di pochi) costituisce la migliore approssimazione concreta alla felicità sulla terra; ma questa è una verità che molti non conoscono [...]» Primo Levi

30 anni di libri, idee e libertà
