{"id":14638,"date":"2012-05-24T13:01:06","date_gmt":"2012-05-24T11:01:06","guid":{"rendered":"https:\/\/test.guerini.it\/?product=per-fare-l-albero-ci-vuole-la-carta"},"modified":"2024-06-12T14:35:42","modified_gmt":"2024-06-12T12:35:42","slug":"per-fare-l-albero-ci-vuole-la-carta","status":"publish","type":"product","link":"https:\/\/www.guerini.it\/index.php\/prodotto\/per-fare-l-albero-ci-vuole-la-carta\/","title":{"rendered":"Per fare l&#8217;albero ci vuole la carta"},"content":{"rendered":"<p style=\"text-align: justify;\">L\u2019insegnamento della geografia sta attraversando un passaggio molto complesso a tutti i livelli dell\u2019istruzione: dalla scuola primaria fino all\u2019universit\u00e0. Si tratta di una transizione che ci obbliga a formulare alcune domande, al contempo disciplinari e didattiche, rispetto al senso che oggi la geografia assume all\u2019interno dei percorsi di formazione degli individui, e sul significato politico e sociale dell\u2019insegnamento di questa materia.<br \/>\nIn questa fase, pi\u00f9 che concentrare la discussione, come molti fanno, sulla perdita di valore strumentale cui questa forma di conoscenza sembra andare incontro rispetto ai mutamenti tecnologici e sociali, o sulla difesa della sua presunta esclusiva capacit\u00e0 di \u00abdescrivere il mondo\u00bb, occorre recuperare il ruolo basilare che questo insegnamento dovrebbe ancora svolgere all\u2019interno di ogni percorso di studio.<br \/>\nA questo scopo l\u2019autore propone di ritornare a riflettere criticamente sugli strumenti, sui metodi e sul discorso connessi alla didattica della nostra disciplina. In questo contesto assume un\u2019importanza cruciale il lavoro degli insegnanti e, di conseguenza, la loro formazione disciplinare. Il volume si concentra sull\u2019insegnamento della geografia nella scuola primaria. Partendo dai temi e dagli strumenti, si cerca di mettere in luce come la geografia debba essere considerata un elemento centrale del curricolo, perch\u00e9 pi\u00f9 di qualunque altra disciplina contribuisce allo sviluppo del senso critico e della visione multiprospettica sulla realt\u00e0 che ci circonda. In particolare si mostra come i metodi e le prospettive della geografia possano essere tasselli irrinunciabili per la comprensione di qualunque relazione tra umanit\u00e0 e spazio.<\/p>\n","protected":false},"excerpt":{"rendered":"<p>Il volume si concentra sull\u2019insegnamento della geografia nella scuola primaria. Partendo dai temi e dagli strumenti, cerca di mettere in luce come la geografia debba essere considerata un elemento centrale del curricolo, perch\u00e9 pi\u00f9 di qualunque altra disciplina contribuisce allo sviluppo del senso critico e della visione multiprospettica sulla realt\u00e0 che ci circonda. I metodi e le prospettive della geografia possano essere tasselli irrinunciabili per la comprensione di qualunque relazione tra umanit\u00e0 e spazio.<\/p>\n","protected":false},"featured_media":23797,"template":"","meta":{"_editorskit_title_hidden":false,"_editorskit_reading_time":0,"_editorskit_is_block_options_detached":false,"_editorskit_block_options_position":"{}","_monsterinsights_skip_tracking":false,"_monsterinsights_sitenote_active":false,"_monsterinsights_sitenote_note":"","_monsterinsights_sitenote_category":0},"product_brand":[],"product_cat":[6586,6536],"product_tag":[],"class_list":{"0":"post-14638","1":"product","2":"type-product","3":"status-publish","4":"has-post-thumbnail","6":"product_cat-sp","7":"product_cat-psicologia-pedagogia","8":"pa_guerini_amazon_link-https-www-amazon-it-fare-lalbero-vuole-carta-dp-8881073005","9":"pa_guerini_feltrinelli_link-https-www-lafeltrinelli-it-per-fare-albero-ci-vuole-libro-stefano-malatesta-e-9788881073009","10":"pa_guerini_ibs_link-https-www-ibs-it-per-fare-albero-ci-vuole-libro-stefano-malatesta-e-9788881073009","11":"pa_guerini_libruniver_link-https-www-libreriauniversitaria-it-fare-albero-ci-vuole-carta-libro-9788881073009","12":"pa_guerini_mondadori_link-https-www-mondadoristore-it-per-fare-albero-ci-vuole-carta-stefano-malatesta-eai978888107300","14":"first","15":"instock","16":"sale","17":"shipping-taxable","18":"purchasable","19":"product-type-simple"},"yoast_head":"<!-- This site is optimized with the Yoast SEO plugin v25.4 - https:\/\/yoast.com\/wordpress\/plugins\/seo\/ -->\n<title>Per fare l&#039;albero ci vuole la carta - Guerini e Associati<\/title>\n<meta name=\"robots\" content=\"index, follow, max-snippet:-1, max-image-preview:large, max-video-preview:-1\" \/>\n<link rel=\"canonical\" href=\"https:\/\/www.guerini.it\/index.php\/prodotto\/per-fare-l-albero-ci-vuole-la-carta\/\" \/>\n<meta property=\"og:locale\" content=\"it_IT\" \/>\n<meta property=\"og:type\" content=\"article\" \/>\n<meta property=\"og:title\" content=\"Per fare l&#039;albero ci vuole la carta - Guerini e Associati\" \/>\n<meta property=\"og:description\" content=\"Il volume si concentra sull\u2019insegnamento della geografia nella scuola primaria. Partendo dai temi e dagli strumenti, cerca di mettere in luce come la geografia debba essere considerata un elemento centrale del curricolo, perch\u00e9 pi\u00f9 di qualunque altra disciplina contribuisce allo sviluppo del senso critico e della visione multiprospettica sulla realt\u00e0 che ci circonda. I metodi e le prospettive della geografia possano essere tasselli irrinunciabili per la comprensione di qualunque relazione tra umanit\u00e0 e spazio.\" \/>\n<meta property=\"og:url\" content=\"https:\/\/www.guerini.it\/index.php\/prodotto\/per-fare-l-albero-ci-vuole-la-carta\/\" \/>\n<meta property=\"og:site_name\" content=\"Guerini e Associati\" \/>\n<meta property=\"article:modified_time\" content=\"2024-06-12T12:35:42+00:00\" \/>\n<meta property=\"og:image\" content=\"https:\/\/www.guerini.it\/wp-content\/uploads\/2012\/05\/Per-fare-lalbero-ci-vuole-la-carta.webp\" \/>\n\t<meta property=\"og:image:width\" content=\"827\" \/>\n\t<meta property=\"og:image:height\" content=\"1285\" \/>\n\t<meta property=\"og:image:type\" content=\"image\/webp\" \/>\n<meta name=\"twitter:card\" content=\"summary_large_image\" \/>\n<meta name=\"twitter:label1\" content=\"Tempo di lettura stimato\" \/>\n\t<meta name=\"twitter:data1\" content=\"2 minuti\" \/>\n<!-- \/ Yoast SEO plugin. -->","yoast_head_json":{"title":"Per fare l'albero ci vuole la carta - Guerini e Associati","robots":{"index":"index","follow":"follow","max-snippet":"max-snippet:-1","max-image-preview":"max-image-preview:large","max-video-preview":"max-video-preview:-1"},"canonical":"https:\/\/www.guerini.it\/index.php\/prodotto\/per-fare-l-albero-ci-vuole-la-carta\/","og_locale":"it_IT","og_type":"article","og_title":"Per fare l'albero ci vuole la carta - Guerini e Associati","og_description":"Il volume si concentra sull\u2019insegnamento della geografia nella scuola primaria. Partendo dai temi e dagli strumenti, cerca di mettere in luce come la geografia debba essere considerata un elemento centrale del curricolo, perch\u00e9 pi\u00f9 di qualunque altra disciplina contribuisce allo sviluppo del senso critico e della visione multiprospettica sulla realt\u00e0 che ci circonda. I metodi e le prospettive della geografia possano essere tasselli irrinunciabili per la comprensione di qualunque relazione tra umanit\u00e0 e spazio.","og_url":"https:\/\/www.guerini.it\/index.php\/prodotto\/per-fare-l-albero-ci-vuole-la-carta\/","og_site_name":"Guerini e Associati","article_modified_time":"2024-06-12T12:35:42+00:00","og_image":[{"width":827,"height":1285,"url":"https:\/\/www.guerini.it\/wp-content\/uploads\/2012\/05\/Per-fare-lalbero-ci-vuole-la-carta.webp","type":"image\/webp"}],"twitter_card":"summary_large_image","twitter_misc":{"Tempo di lettura stimato":"2 minuti"},"schema":{"@context":"https:\/\/schema.org","@graph":[{"@type":"WebPage","@id":"https:\/\/www.guerini.it\/index.php\/prodotto\/per-fare-l-albero-ci-vuole-la-carta\/","url":"https:\/\/www.guerini.it\/index.php\/prodotto\/per-fare-l-albero-ci-vuole-la-carta\/","name":"Per fare l'albero ci vuole la carta - Guerini e Associati","isPartOf":{"@id":"https:\/\/www.guerini.it\/#website"},"primaryImageOfPage":{"@id":"https:\/\/www.guerini.it\/index.php\/prodotto\/per-fare-l-albero-ci-vuole-la-carta\/#primaryimage"},"image":{"@id":"https:\/\/www.guerini.it\/index.php\/prodotto\/per-fare-l-albero-ci-vuole-la-carta\/#primaryimage"},"thumbnailUrl":"https:\/\/www.guerini.it\/wp-content\/uploads\/2012\/05\/Per-fare-lalbero-ci-vuole-la-carta.webp","datePublished":"2012-05-24T11:01:06+00:00","dateModified":"2024-06-12T12:35:42+00:00","breadcrumb":{"@id":"https:\/\/www.guerini.it\/index.php\/prodotto\/per-fare-l-albero-ci-vuole-la-carta\/#breadcrumb"},"inLanguage":"it-IT","potentialAction":[{"@type":"ReadAction","target":["https:\/\/www.guerini.it\/index.php\/prodotto\/per-fare-l-albero-ci-vuole-la-carta\/"]}]},{"@type":"ImageObject","inLanguage":"it-IT","@id":"https:\/\/www.guerini.it\/index.php\/prodotto\/per-fare-l-albero-ci-vuole-la-carta\/#primaryimage","url":"https:\/\/www.guerini.it\/wp-content\/uploads\/2012\/05\/Per-fare-lalbero-ci-vuole-la-carta.webp","contentUrl":"https:\/\/www.guerini.it\/wp-content\/uploads\/2012\/05\/Per-fare-lalbero-ci-vuole-la-carta.webp","width":827,"height":1285,"caption":"Copertina del volume Per fare l\u2019albero ci vuole la carta, Guerini Scientifica, 2010"},{"@type":"BreadcrumbList","@id":"https:\/\/www.guerini.it\/index.php\/prodotto\/per-fare-l-albero-ci-vuole-la-carta\/#breadcrumb","itemListElement":[{"@type":"ListItem","position":1,"name":"Home","item":"https:\/\/www.guerini.it\/"},{"@type":"ListItem","position":2,"name":"Catalogo","item":"https:\/\/www.guerini.it\/index.php\/negozio\/"},{"@type":"ListItem","position":3,"name":"Per fare l&#8217;albero ci vuole la carta"}]},{"@type":"WebSite","@id":"https:\/\/www.guerini.it\/#website","url":"https:\/\/www.guerini.it\/","name":"Guerini e Associati","description":"30 anni di libri, idee e libert\u00e0","publisher":{"@id":"https:\/\/www.guerini.it\/#organization"},"potentialAction":[{"@type":"SearchAction","target":{"@type":"EntryPoint","urlTemplate":"https:\/\/www.guerini.it\/?s={search_term_string}"},"query-input":{"@type":"PropertyValueSpecification","valueRequired":true,"valueName":"search_term_string"}}],"inLanguage":"it-IT"},{"@type":"Organization","@id":"https:\/\/www.guerini.it\/#organization","name":"Guerini e Associati","url":"https:\/\/www.guerini.it\/","logo":{"@type":"ImageObject","inLanguage":"it-IT","@id":"https:\/\/www.guerini.it\/#\/schema\/logo\/image\/","url":"https:\/\/www.guerini.it\/wp-content\/uploads\/2021\/03\/Logo-Guerini-OK_-e1615831292285.png","contentUrl":"https:\/\/www.guerini.it\/wp-content\/uploads\/2021\/03\/Logo-Guerini-OK_-e1615831292285.png","width":2805,"height":1870,"caption":"Guerini e Associati"},"image":{"@id":"https:\/\/www.guerini.it\/#\/schema\/logo\/image\/"}}]}},"_links":{"self":[{"href":"https:\/\/www.guerini.it\/index.php\/wp-json\/wp\/v2\/product\/14638","targetHints":{"allow":["GET"]}}],"collection":[{"href":"https:\/\/www.guerini.it\/index.php\/wp-json\/wp\/v2\/product"}],"about":[{"href":"https:\/\/www.guerini.it\/index.php\/wp-json\/wp\/v2\/types\/product"}],"wp:featuredmedia":[{"embeddable":true,"href":"https:\/\/www.guerini.it\/index.php\/wp-json\/wp\/v2\/media\/23797"}],"wp:attachment":[{"href":"https:\/\/www.guerini.it\/index.php\/wp-json\/wp\/v2\/media?parent=14638"}],"wp:term":[{"taxonomy":"product_brand","embeddable":true,"href":"https:\/\/www.guerini.it\/index.php\/wp-json\/wp\/v2\/product_brand?post=14638"},{"taxonomy":"product_cat","embeddable":true,"href":"https:\/\/www.guerini.it\/index.php\/wp-json\/wp\/v2\/product_cat?post=14638"},{"taxonomy":"product_tag","embeddable":true,"href":"https:\/\/www.guerini.it\/index.php\/wp-json\/wp\/v2\/product_tag?post=14638"}],"curies":[{"name":"wp","href":"https:\/\/api.w.org\/{rel}","templated":true}]}}

<p style="text-align: justify;">L’insegnamento della geografia sta attraversando un passaggio molto complesso a tutti i livelli dell’istruzione: dalla scuola primaria fino all’università. Si tratta di una transizione che ci obbliga a formulare alcune domande, al contempo disciplinari e didattiche, rispetto al senso che oggi la geografia assume all’interno dei percorsi di formazione degli individui, e sul significato politico e sociale dell’insegnamento di questa materia.<br />
In questa fase, più che concentrare la discussione, come molti fanno, sulla perdita di valore strumentale cui questa forma di conoscenza sembra andare incontro rispetto ai mutamenti tecnologici e sociali, o sulla difesa della sua presunta esclusiva capacità di «descrivere il mondo», occorre recuperare il ruolo basilare che questo insegnamento dovrebbe ancora svolgere all’interno di ogni percorso di studio.<br />
A questo scopo l’autore propone di ritornare a riflettere criticamente sugli strumenti, sui metodi e sul discorso connessi alla didattica della nostra disciplina. In questo contesto assume un’importanza cruciale il lavoro degli insegnanti e, di conseguenza, la loro formazione disciplinare. Il volume si concentra sull’insegnamento della geografia nella scuola primaria. Partendo dai temi e dagli strumenti, si cerca di mettere in luce come la geografia debba essere considerata un elemento centrale del curricolo, perché più di qualunque altra disciplina contribuisce allo sviluppo del senso critico e della visione multiprospettica sulla realtà che ci circonda. In particolare si mostra come i metodi e le prospettive della geografia possano essere tasselli irrinunciabili per la comprensione di qualunque relazione tra umanità e spazio.</p>

<p>Il volume si concentra sull’insegnamento della geografia nella scuola primaria. Partendo dai temi e dagli strumenti, cerca di mettere in luce come la geografia debba essere considerata un elemento centrale del curricolo, perché più di qualunque altra disciplina contribuisce allo sviluppo del senso critico e della visione multiprospettica sulla realtà che ci circonda. I metodi e le prospettive della geografia possano essere tasselli irrinunciabili per la comprensione di qualunque relazione tra umanità e spazio.</p>

<!-- This site is optimized with the Yoast SEO plugin v25.4 - https://yoast.com/wordpress/plugins/seo/ -->
<title>Per fare l&#039;albero ci vuole la carta - Guerini e Associati</title>
<meta name="robots" content="index, follow, max-snippet:-1, max-image-preview:large, max-video-preview:-1" />
<link rel="canonical" href="https://www.guerini.it/index.php/prodotto/per-fare-l-albero-ci-vuole-la-carta/" />
<meta property="og:locale" content="it_IT" />
<meta property="og:type" content="article" />
<meta property="og:title" content="Per fare l&#039;albero ci vuole la carta - Guerini e Associati" />
<meta property="og:description" content="Il volume si concentra sull’insegnamento della geografia nella scuola primaria. Partendo dai temi e dagli strumenti, cerca di mettere in luce come la geografia debba essere considerata un elemento centrale del curricolo, perché più di qualunque altra disciplina contribuisce allo sviluppo del senso critico e della visione multiprospettica sulla realtà che ci circonda. I metodi e le prospettive della geografia possano essere tasselli irrinunciabili per la comprensione di qualunque relazione tra umanità e spazio." />
<meta property="og:url" content="https://www.guerini.it/index.php/prodotto/per-fare-l-albero-ci-vuole-la-carta/" />
<meta property="og:site_name" content="Guerini e Associati" />
<meta property="article:modified_time" content="2024-06-12T12:35:42+00:00" />
<meta property="og:image" content="https://www.guerini.it/wp-content/uploads/2012/05/Per-fare-lalbero-ci-vuole-la-carta.webp" />
	<meta property="og:image:width" content="827" />
	<meta property="og:image:height" content="1285" />
	<meta property="og:image:type" content="image/webp" />
<meta name="twitter:card" content="summary_large_image" />
<meta name="twitter:label1" content="Tempo di lettura stimato" />
	<meta name="twitter:data1" content="2 minuti" />
<!-- / Yoast SEO plugin. -->

Il volume si concentra sull’insegnamento della geografia nella scuola primaria. Partendo dai temi e dagli strumenti, cerca di mettere in luce come la geografia debba essere considerata un elemento centrale del curricolo, perché più di qualunque altra disciplina contribuisce allo sviluppo del senso critico e della visione multiprospettica sulla realtà che ci circonda. I metodi e le prospettive della geografia possano essere tasselli irrinunciabili per la comprensione di qualunque relazione tra umanità e spazio.

30 anni di libri, idee e libertà
