{"id":14640,"date":"2012-05-24T13:01:06","date_gmt":"2012-05-24T11:01:06","guid":{"rendered":"https:\/\/test.guerini.it\/?product=per-un-etica-del-piacere"},"modified":"2024-06-12T14:36:04","modified_gmt":"2024-06-12T12:36:04","slug":"per-un-etica-del-piacere","status":"publish","type":"product","link":"https:\/\/www.guerini.it\/index.php\/prodotto\/per-un-etica-del-piacere\/","title":{"rendered":"Per un&#8217;etica del piacere"},"content":{"rendered":"<p>Il piacere \u00e8 l\u2019impulso pi\u00f9 profondo dell\u2019agire, la fonte della vitalit\u00e0 che, proprio in ragione della sua natura irruente, incontra spesso ostacoli nel tentativo di conciliare la propria radicalit\u00e0 con la realt\u00e0 e il mondo circostante. \u00c8 possibile vivere un piacere e una felicit\u00e0 \u00absostenibili\u00bb? S\u00ec, ma a patto che il piacere impari, a contatto con i grandi problemi della vita, a cambiare e raffinare le sue forme di soddisfacimento.<\/p>\n","protected":false},"excerpt":{"rendered":"<p>Il piacere \u00e8 l\u2019impulso pi\u00f9 profondo dell\u2019agire, la fonte della vitalit\u00e0 che, proprio in ragione della sua natura irruente, incontra spesso ostacoli nel tentativo di conciliare la propria radicalit\u00e0 con la realt\u00e0 e il mondo circostante. \u00c8 possibile vivere un piacere e una felicit\u00e0 \u00absostenibili\u00bb? S\u00ec, ma a patto che il piacere impari, a contatto con i grandi problemi della vita, a cambiare e raffinare le sue forme di soddisfacimento.<\/p>\n","protected":false},"featured_media":14639,"template":"","meta":{"_editorskit_title_hidden":false,"_editorskit_reading_time":0,"_editorskit_is_block_options_detached":false,"_editorskit_block_options_position":"{}","_monsterinsights_skip_tracking":false,"_monsterinsights_sitenote_active":false,"_monsterinsights_sitenote_note":"","_monsterinsights_sitenote_category":0},"product_brand":[],"product_cat":[6530],"product_tag":[],"class_list":{"0":"post-14640","1":"product","2":"type-product","3":"status-publish","4":"has-post-thumbnail","6":"product_cat-filosofia","7":"pa_country_of_manufacture-it","9":"first","10":"instock","11":"sale","12":"shipping-taxable","13":"purchasable","14":"product-type-simple"},"yoast_head":"<!-- This site is optimized with the Yoast SEO plugin v25.4 - https:\/\/yoast.com\/wordpress\/plugins\/seo\/ -->\n<title>Per un&#039;etica del piacere - Guerini e Associati<\/title>\n<meta name=\"robots\" content=\"index, follow, max-snippet:-1, max-image-preview:large, max-video-preview:-1\" \/>\n<link rel=\"canonical\" href=\"https:\/\/www.guerini.it\/index.php\/prodotto\/per-un-etica-del-piacere\/\" \/>\n<meta property=\"og:locale\" content=\"it_IT\" \/>\n<meta property=\"og:type\" content=\"article\" \/>\n<meta property=\"og:title\" content=\"Per un&#039;etica del piacere - Guerini e Associati\" \/>\n<meta property=\"og:description\" content=\"Il piacere \u00e8 l\u2019impulso pi\u00f9 profondo dell\u2019agire, la fonte della vitalit\u00e0 che, proprio in ragione della sua natura irruente, incontra spesso ostacoli nel tentativo di conciliare la propria radicalit\u00e0 con la realt\u00e0 e il mondo circostante. \u00c8 possibile vivere un piacere e una felicit\u00e0 \u00absostenibili\u00bb? S\u00ec, ma a patto che il piacere impari, a contatto con i grandi problemi della vita, a cambiare e raffinare le sue forme di soddisfacimento.\" \/>\n<meta property=\"og:url\" content=\"https:\/\/www.guerini.it\/index.php\/prodotto\/per-un-etica-del-piacere\/\" \/>\n<meta property=\"og:site_name\" content=\"Guerini e Associati\" \/>\n<meta property=\"article:modified_time\" content=\"2024-06-12T12:36:04+00:00\" \/>\n<meta property=\"og:image\" content=\"https:\/\/www.guerini.it\/wp-content\/uploads\/2012\/05\/cop._abbiero_alta_265x411.jpg\" \/>\n\t<meta property=\"og:image:width\" content=\"265\" \/>\n\t<meta property=\"og:image:height\" content=\"411\" \/>\n\t<meta property=\"og:image:type\" content=\"image\/jpeg\" \/>\n<meta name=\"twitter:card\" content=\"summary_large_image\" \/>\n<!-- \/ Yoast SEO plugin. -->","yoast_head_json":{"title":"Per un'etica del piacere - Guerini e Associati","robots":{"index":"index","follow":"follow","max-snippet":"max-snippet:-1","max-image-preview":"max-image-preview:large","max-video-preview":"max-video-preview:-1"},"canonical":"https:\/\/www.guerini.it\/index.php\/prodotto\/per-un-etica-del-piacere\/","og_locale":"it_IT","og_type":"article","og_title":"Per un'etica del piacere - Guerini e Associati","og_description":"Il piacere \u00e8 l\u2019impulso pi\u00f9 profondo dell\u2019agire, la fonte della vitalit\u00e0 che, proprio in ragione della sua natura irruente, incontra spesso ostacoli nel tentativo di conciliare la propria radicalit\u00e0 con la realt\u00e0 e il mondo circostante. \u00c8 possibile vivere un piacere e una felicit\u00e0 \u00absostenibili\u00bb? S\u00ec, ma a patto che il piacere impari, a contatto con i grandi problemi della vita, a cambiare e raffinare le sue forme di soddisfacimento.","og_url":"https:\/\/www.guerini.it\/index.php\/prodotto\/per-un-etica-del-piacere\/","og_site_name":"Guerini e Associati","article_modified_time":"2024-06-12T12:36:04+00:00","og_image":[{"width":265,"height":411,"url":"https:\/\/www.guerini.it\/wp-content\/uploads\/2012\/05\/cop._abbiero_alta_265x411.jpg","type":"image\/jpeg"}],"twitter_card":"summary_large_image","schema":{"@context":"https:\/\/schema.org","@graph":[{"@type":"WebPage","@id":"https:\/\/www.guerini.it\/index.php\/prodotto\/per-un-etica-del-piacere\/","url":"https:\/\/www.guerini.it\/index.php\/prodotto\/per-un-etica-del-piacere\/","name":"Per un'etica del piacere - Guerini e Associati","isPartOf":{"@id":"https:\/\/www.guerini.it\/#website"},"primaryImageOfPage":{"@id":"https:\/\/www.guerini.it\/index.php\/prodotto\/per-un-etica-del-piacere\/#primaryimage"},"image":{"@id":"https:\/\/www.guerini.it\/index.php\/prodotto\/per-un-etica-del-piacere\/#primaryimage"},"thumbnailUrl":"https:\/\/www.guerini.it\/wp-content\/uploads\/2012\/05\/cop._abbiero_alta_265x411.jpg","datePublished":"2012-05-24T11:01:06+00:00","dateModified":"2024-06-12T12:36:04+00:00","breadcrumb":{"@id":"https:\/\/www.guerini.it\/index.php\/prodotto\/per-un-etica-del-piacere\/#breadcrumb"},"inLanguage":"it-IT","potentialAction":[{"@type":"ReadAction","target":["https:\/\/www.guerini.it\/index.php\/prodotto\/per-un-etica-del-piacere\/"]}]},{"@type":"ImageObject","inLanguage":"it-IT","@id":"https:\/\/www.guerini.it\/index.php\/prodotto\/per-un-etica-del-piacere\/#primaryimage","url":"https:\/\/www.guerini.it\/wp-content\/uploads\/2012\/05\/cop._abbiero_alta_265x411.jpg","contentUrl":"https:\/\/www.guerini.it\/wp-content\/uploads\/2012\/05\/cop._abbiero_alta_265x411.jpg","width":265,"height":411,"caption":"Per un'etica del piacere"},{"@type":"BreadcrumbList","@id":"https:\/\/www.guerini.it\/index.php\/prodotto\/per-un-etica-del-piacere\/#breadcrumb","itemListElement":[{"@type":"ListItem","position":1,"name":"Home","item":"https:\/\/www.guerini.it\/"},{"@type":"ListItem","position":2,"name":"Catalogo","item":"https:\/\/www.guerini.it\/index.php\/negozio\/"},{"@type":"ListItem","position":3,"name":"Per un&#8217;etica del piacere"}]},{"@type":"WebSite","@id":"https:\/\/www.guerini.it\/#website","url":"https:\/\/www.guerini.it\/","name":"Guerini e Associati","description":"30 anni di libri, idee e libert\u00e0","publisher":{"@id":"https:\/\/www.guerini.it\/#organization"},"potentialAction":[{"@type":"SearchAction","target":{"@type":"EntryPoint","urlTemplate":"https:\/\/www.guerini.it\/?s={search_term_string}"},"query-input":{"@type":"PropertyValueSpecification","valueRequired":true,"valueName":"search_term_string"}}],"inLanguage":"it-IT"},{"@type":"Organization","@id":"https:\/\/www.guerini.it\/#organization","name":"Guerini e Associati","url":"https:\/\/www.guerini.it\/","logo":{"@type":"ImageObject","inLanguage":"it-IT","@id":"https:\/\/www.guerini.it\/#\/schema\/logo\/image\/","url":"https:\/\/www.guerini.it\/wp-content\/uploads\/2021\/03\/Logo-Guerini-OK_-e1615831292285.png","contentUrl":"https:\/\/www.guerini.it\/wp-content\/uploads\/2021\/03\/Logo-Guerini-OK_-e1615831292285.png","width":2805,"height":1870,"caption":"Guerini e Associati"},"image":{"@id":"https:\/\/www.guerini.it\/#\/schema\/logo\/image\/"}}]}},"_links":{"self":[{"href":"https:\/\/www.guerini.it\/index.php\/wp-json\/wp\/v2\/product\/14640","targetHints":{"allow":["GET"]}}],"collection":[{"href":"https:\/\/www.guerini.it\/index.php\/wp-json\/wp\/v2\/product"}],"about":[{"href":"https:\/\/www.guerini.it\/index.php\/wp-json\/wp\/v2\/types\/product"}],"wp:featuredmedia":[{"embeddable":true,"href":"https:\/\/www.guerini.it\/index.php\/wp-json\/wp\/v2\/media\/14639"}],"wp:attachment":[{"href":"https:\/\/www.guerini.it\/index.php\/wp-json\/wp\/v2\/media?parent=14640"}],"wp:term":[{"taxonomy":"product_brand","embeddable":true,"href":"https:\/\/www.guerini.it\/index.php\/wp-json\/wp\/v2\/product_brand?post=14640"},{"taxonomy":"product_cat","embeddable":true,"href":"https:\/\/www.guerini.it\/index.php\/wp-json\/wp\/v2\/product_cat?post=14640"},{"taxonomy":"product_tag","embeddable":true,"href":"https:\/\/www.guerini.it\/index.php\/wp-json\/wp\/v2\/product_tag?post=14640"}],"curies":[{"name":"wp","href":"https:\/\/api.w.org\/{rel}","templated":true}]}}

<p>Il piacere è l’impulso più profondo dell’agire, la fonte della vitalità che, proprio in ragione della sua natura irruente, incontra spesso ostacoli nel tentativo di conciliare la propria radicalità con la realtà e il mondo circostante. È possibile vivere un piacere e una felicità «sostenibili»? Sì, ma a patto che il piacere impari, a contatto con i grandi problemi della vita, a cambiare e raffinare le sue forme di soddisfacimento.</p>

<!-- This site is optimized with the Yoast SEO plugin v25.4 - https://yoast.com/wordpress/plugins/seo/ -->
<title>Per un&#039;etica del piacere - Guerini e Associati</title>
<meta name="robots" content="index, follow, max-snippet:-1, max-image-preview:large, max-video-preview:-1" />
<link rel="canonical" href="https://www.guerini.it/index.php/prodotto/per-un-etica-del-piacere/" />
<meta property="og:locale" content="it_IT" />
<meta property="og:type" content="article" />
<meta property="og:title" content="Per un&#039;etica del piacere - Guerini e Associati" />
<meta property="og:description" content="Il piacere è l’impulso più profondo dell’agire, la fonte della vitalità che, proprio in ragione della sua natura irruente, incontra spesso ostacoli nel tentativo di conciliare la propria radicalità con la realtà e il mondo circostante. È possibile vivere un piacere e una felicità «sostenibili»? Sì, ma a patto che il piacere impari, a contatto con i grandi problemi della vita, a cambiare e raffinare le sue forme di soddisfacimento." />
<meta property="og:url" content="https://www.guerini.it/index.php/prodotto/per-un-etica-del-piacere/" />
<meta property="og:site_name" content="Guerini e Associati" />
<meta property="article:modified_time" content="2024-06-12T12:36:04+00:00" />
<meta property="og:image" content="https://www.guerini.it/wp-content/uploads/2012/05/cop._abbiero_alta_265x411.jpg" />
	<meta property="og:image:width" content="265" />
	<meta property="og:image:height" content="411" />
	<meta property="og:image:type" content="image/jpeg" />
<meta name="twitter:card" content="summary_large_image" />
<!-- / Yoast SEO plugin. -->

Il piacere è l’impulso più profondo dell’agire, la fonte della vitalità che, proprio in ragione della sua natura irruente, incontra spesso ostacoli nel tentativo di conciliare la propria radicalità con la realtà e il mondo circostante. È possibile vivere un piacere e una felicità «sostenibili»? Sì, ma a patto che il piacere impari, a contatto con i grandi problemi della vita, a cambiare e raffinare le sue forme di soddisfacimento.

30 anni di libri, idee e libertà
