{"id":14680,"date":"2012-05-24T13:01:06","date_gmt":"2012-05-24T11:01:06","guid":{"rendered":"https:\/\/test.guerini.it\/?product=diario-1913-1916"},"modified":"2024-06-12T14:42:17","modified_gmt":"2024-06-12T12:42:17","slug":"diario-1913-1916","status":"publish","type":"product","link":"https:\/\/www.guerini.it\/index.php\/prodotto\/diario-1913-1916\/","title":{"rendered":"Diario 1913-1916"},"content":{"rendered":"<p style=\"text-align: justify;\">Un libro che vanifica ogni possibile negazionismo. Henry Morgenthau, ebreo americano di origine tedesca, ambasciatore degli Stati Uniti a Costantinopoli dal 1913 al 1916, appena tornato in patria scrive e pubblica la sua testimonianza diretta del genocidio subito dagli armeni in Turchia. Consapevole che non si tratta di un massacro dovuto a motivazioni politico-militari, ma del \u00abtentativo di distruggere una nazione\u00bb per purificare e rigenerare il popolo turco dal punto di vista razziale. Morgenthau non si limita a testimoniare, ma lotta in prima persona per fermare la strage. Nel corso di innumerevoli colloqui con i leader dei Giovani Turchi, pi\u00f9 volte denuncia le persecuzioni contro gli armeni e ne chiede la fine. E, successivamente, si prodiga in prima persona per aiutare, sfamare, salvare \u2013 quando \u00e8 possibile \u2013 le vittime del massacro.<br \/>\nPer chi legge, le memorie di Morgenthau costituiscono un\u2019esperienza unica. C\u2019\u00e8 l\u2019oscuro incombere della guerra, delle devastazioni, delle stragi. C\u2019\u00e8, descritto con lucidit\u00e0 spietata, il ruolo della Germania, e in primo luogo dell\u2019ambasciatore tedesco, che non solo non mosse un dito per la salvezza degli armeni, ma anzi fu istigatore del genocidio. Il presagio di quanto accadr\u00e0 trent\u2019anni dopo \u00e8 tutto in queste parole di Morgenthau: \u00abLa Germania aveva lucidamente architettato la conquista del mondo\u00bb. Lo sterminio degli armeni era solo una \u00abprova generale\u00bb di quanto sarebbe accaduto nei campi di concentramento nazisti.<br \/>\nLa storia del genocidio armeno come storia del mondo, storia del Novecento. \u00c8 questo che ci insegna Morgenthau, con il suo racconto straziante ma, spesso, toccato da quella vena di humour luminoso e malinconico che l\u2019uomo intelligente e buono non pu\u00f2 che dimostrare nei confronti dell\u2019umanit\u00e0 stupida e crudele.<\/p>\n<hr \/>\n<p style=\"text-align: justify;\"><strong>Francesco Berti<\/strong> \u00e8 ricercatore di Storia delle dottrine politiche presso l\u2019Universit\u00e0 di Padova e insegna presso la facolt\u00e0 di Scienze politiche del medesimo Ateneo. Fra le sue pubblicazioni ricordiamo <em>La ragione prudente. Gaetano Filangieri e la religione delle riforme<\/em> (Firenze 2003) e <em>Libert\u00e0 della citt\u00e0, libert\u00e0 del cittadino: riflessioni sul neo-repubblicanesimo<\/em> (Padova 2008).<\/p>\n<p style=\"text-align: justify;\"><strong>Fulvio Cortese<\/strong> \u00e8 ricercatore di Istituzioni di diritto pubblico presso l\u2019Universit\u00e0 di Trento e insegna presso la facolt\u00e0 di Giurisprudenza del medesimo Ateneo. Fra le sue pubblicazioni ricordiamo <em>La questione della pregiudizialit\u00e0 amministrativa<\/em> (Padova 2007); <em>Ordine giuridico e ordine politico. Esperienze, lessico, prospettive<\/em> (a cura, con Paolo Carta, Padova 2008); <em>Il crimine dei crimini. Stermini di massa nel Novecento<\/em> (a cura, con Francesco Berti, Milano 2008).<\/p>\n","protected":false},"excerpt":{"rendered":"<p>Un libro che vanifica ogni possibile negazionismo. Henry Morgenthau, ebreo americano di origine tedesca, ambasciatore degli Stati Uniti a Costantinopoli dal 1913 al 1916, appena tornato in patria scrive e pubblica la sua testimonianza diretta del genocidio subito dagli armeni in Turchia. C\u2019\u00e8 l\u2019oscuro incombere della guerra, delle devastazioni, delle stragi e il presagio di quanto accadr\u00e0 trent\u2019anni dopo. Lo sterminio degli armeni era solo una \u00abprova generale\u00bb dei campi di concentramento nazisti.<\/p>\n","protected":false},"featured_media":23224,"template":"","meta":{"_editorskit_title_hidden":false,"_editorskit_reading_time":0,"_editorskit_is_block_options_detached":false,"_editorskit_block_options_position":"{}","_monsterinsights_skip_tracking":false,"_monsterinsights_sitenote_active":false,"_monsterinsights_sitenote_note":"","_monsterinsights_sitenote_category":0},"product_brand":[],"product_cat":[6561,6621,6539],"product_tag":[8077,9250,7050],"class_list":{"0":"post-14680","1":"product","2":"type-product","3":"status-publish","4":"has-post-thumbnail","6":"product_cat-ca","7":"product_cat-storiaarmena","8":"product_cat-storia-e-geografia","9":"product_tag-genocidio-armeno","10":"product_tag-racconto","11":"product_tag-storia","12":"pa_guerini_amazon_link-https-www-amazon-it-1913-1916-dellambasciatore-americano-costantinopoli-sterminio-dp-8862502354","13":"pa_guerini_feltrinelli_link-https-www-lafeltrinelli-it-diario-1913-1916-memorie-dell-libro-henry-morgenthau-e-9788862502351","14":"pa_guerini_ibs_link-https-www-ibs-it-diario-1913-1916-memorie-dell-libro-henry-morgenthau-e-9788862502351","15":"pa_guerini_libruniver_link-libreriauniversitaria-it-diario-1913-1916-memorie-ambasciatore-libro-9788862502351","16":"pa_guerini_mondadori_link-https-www-mondadoristore-it-diario-1913-1916-memorie-henry-morgenthau-eai978886250235","18":"first","19":"instock","20":"sale","21":"shipping-taxable","22":"purchasable","23":"product-type-simple"},"yoast_head":"<!-- This site is optimized with the Yoast SEO plugin v25.4 - https:\/\/yoast.com\/wordpress\/plugins\/seo\/ -->\n<title>Diario 1913-1916 - Guerini e Associati<\/title>\n<meta name=\"robots\" content=\"index, follow, max-snippet:-1, max-image-preview:large, max-video-preview:-1\" \/>\n<link rel=\"canonical\" href=\"https:\/\/www.guerini.it\/index.php\/prodotto\/diario-1913-1916\/\" \/>\n<meta property=\"og:locale\" content=\"it_IT\" \/>\n<meta property=\"og:type\" content=\"article\" \/>\n<meta property=\"og:title\" content=\"Diario 1913-1916 - Guerini e Associati\" \/>\n<meta property=\"og:description\" content=\"Un libro che vanifica ogni possibile negazionismo. Henry Morgenthau, ebreo americano di origine tedesca, ambasciatore degli Stati Uniti a Costantinopoli dal 1913 al 1916, appena tornato in patria scrive e pubblica la sua testimonianza diretta del genocidio subito dagli armeni in Turchia. C\u2019\u00e8 l\u2019oscuro incombere della guerra, delle devastazioni, delle stragi e il presagio di quanto accadr\u00e0 trent\u2019anni dopo. Lo sterminio degli armeni era solo una \u00abprova generale\u00bb dei campi di concentramento nazisti.\" \/>\n<meta property=\"og:url\" content=\"https:\/\/www.guerini.it\/index.php\/prodotto\/diario-1913-1916\/\" \/>\n<meta property=\"og:site_name\" content=\"Guerini e Associati\" \/>\n<meta property=\"article:modified_time\" content=\"2024-06-12T12:42:17+00:00\" \/>\n<meta property=\"og:image\" content=\"https:\/\/www.guerini.it\/wp-content\/uploads\/2012\/05\/Cop_Morgenthau_Diario-scaled-e1665667304183.jpg\" \/>\n\t<meta property=\"og:image:width\" content=\"225\" \/>\n\t<meta property=\"og:image:height\" content=\"350\" \/>\n\t<meta property=\"og:image:type\" content=\"image\/jpeg\" \/>\n<meta name=\"twitter:card\" content=\"summary_large_image\" \/>\n<meta name=\"twitter:label1\" content=\"Tempo di lettura stimato\" \/>\n\t<meta name=\"twitter:data1\" content=\"3 minuti\" \/>\n<!-- \/ Yoast SEO plugin. -->","yoast_head_json":{"title":"Diario 1913-1916 - Guerini e Associati","robots":{"index":"index","follow":"follow","max-snippet":"max-snippet:-1","max-image-preview":"max-image-preview:large","max-video-preview":"max-video-preview:-1"},"canonical":"https:\/\/www.guerini.it\/index.php\/prodotto\/diario-1913-1916\/","og_locale":"it_IT","og_type":"article","og_title":"Diario 1913-1916 - Guerini e Associati","og_description":"Un libro che vanifica ogni possibile negazionismo. Henry Morgenthau, ebreo americano di origine tedesca, ambasciatore degli Stati Uniti a Costantinopoli dal 1913 al 1916, appena tornato in patria scrive e pubblica la sua testimonianza diretta del genocidio subito dagli armeni in Turchia. C\u2019\u00e8 l\u2019oscuro incombere della guerra, delle devastazioni, delle stragi e il presagio di quanto accadr\u00e0 trent\u2019anni dopo. Lo sterminio degli armeni era solo una \u00abprova generale\u00bb dei campi di concentramento nazisti.","og_url":"https:\/\/www.guerini.it\/index.php\/prodotto\/diario-1913-1916\/","og_site_name":"Guerini e Associati","article_modified_time":"2024-06-12T12:42:17+00:00","og_image":[{"width":225,"height":350,"url":"https:\/\/www.guerini.it\/wp-content\/uploads\/2012\/05\/Cop_Morgenthau_Diario-scaled-e1665667304183.jpg","type":"image\/jpeg"}],"twitter_card":"summary_large_image","twitter_misc":{"Tempo di lettura stimato":"3 minuti"},"schema":{"@context":"https:\/\/schema.org","@graph":[{"@type":"WebPage","@id":"https:\/\/www.guerini.it\/index.php\/prodotto\/diario-1913-1916\/","url":"https:\/\/www.guerini.it\/index.php\/prodotto\/diario-1913-1916\/","name":"Diario 1913-1916 - Guerini e Associati","isPartOf":{"@id":"https:\/\/www.guerini.it\/#website"},"primaryImageOfPage":{"@id":"https:\/\/www.guerini.it\/index.php\/prodotto\/diario-1913-1916\/#primaryimage"},"image":{"@id":"https:\/\/www.guerini.it\/index.php\/prodotto\/diario-1913-1916\/#primaryimage"},"thumbnailUrl":"https:\/\/www.guerini.it\/wp-content\/uploads\/2012\/05\/Cop_Morgenthau_Diario-scaled-e1665667304183.jpg","datePublished":"2012-05-24T11:01:06+00:00","dateModified":"2024-06-12T12:42:17+00:00","breadcrumb":{"@id":"https:\/\/www.guerini.it\/index.php\/prodotto\/diario-1913-1916\/#breadcrumb"},"inLanguage":"it-IT","potentialAction":[{"@type":"ReadAction","target":["https:\/\/www.guerini.it\/index.php\/prodotto\/diario-1913-1916\/"]}]},{"@type":"ImageObject","inLanguage":"it-IT","@id":"https:\/\/www.guerini.it\/index.php\/prodotto\/diario-1913-1916\/#primaryimage","url":"https:\/\/www.guerini.it\/wp-content\/uploads\/2012\/05\/Cop_Morgenthau_Diario-scaled-e1665667304183.jpg","contentUrl":"https:\/\/www.guerini.it\/wp-content\/uploads\/2012\/05\/Cop_Morgenthau_Diario-scaled-e1665667304183.jpg","width":225,"height":350,"caption":"Copertina del volume Diario 1913-1916"},{"@type":"BreadcrumbList","@id":"https:\/\/www.guerini.it\/index.php\/prodotto\/diario-1913-1916\/#breadcrumb","itemListElement":[{"@type":"ListItem","position":1,"name":"Home","item":"https:\/\/www.guerini.it\/"},{"@type":"ListItem","position":2,"name":"Catalogo","item":"https:\/\/www.guerini.it\/index.php\/negozio\/"},{"@type":"ListItem","position":3,"name":"Diario 1913-1916"}]},{"@type":"WebSite","@id":"https:\/\/www.guerini.it\/#website","url":"https:\/\/www.guerini.it\/","name":"Guerini e Associati","description":"30 anni di libri, idee e libert\u00e0","publisher":{"@id":"https:\/\/www.guerini.it\/#organization"},"potentialAction":[{"@type":"SearchAction","target":{"@type":"EntryPoint","urlTemplate":"https:\/\/www.guerini.it\/?s={search_term_string}"},"query-input":{"@type":"PropertyValueSpecification","valueRequired":true,"valueName":"search_term_string"}}],"inLanguage":"it-IT"},{"@type":"Organization","@id":"https:\/\/www.guerini.it\/#organization","name":"Guerini e Associati","url":"https:\/\/www.guerini.it\/","logo":{"@type":"ImageObject","inLanguage":"it-IT","@id":"https:\/\/www.guerini.it\/#\/schema\/logo\/image\/","url":"https:\/\/www.guerini.it\/wp-content\/uploads\/2021\/03\/Logo-Guerini-OK_-e1615831292285.png","contentUrl":"https:\/\/www.guerini.it\/wp-content\/uploads\/2021\/03\/Logo-Guerini-OK_-e1615831292285.png","width":2805,"height":1870,"caption":"Guerini e Associati"},"image":{"@id":"https:\/\/www.guerini.it\/#\/schema\/logo\/image\/"}}]}},"_links":{"self":[{"href":"https:\/\/www.guerini.it\/index.php\/wp-json\/wp\/v2\/product\/14680","targetHints":{"allow":["GET"]}}],"collection":[{"href":"https:\/\/www.guerini.it\/index.php\/wp-json\/wp\/v2\/product"}],"about":[{"href":"https:\/\/www.guerini.it\/index.php\/wp-json\/wp\/v2\/types\/product"}],"wp:featuredmedia":[{"embeddable":true,"href":"https:\/\/www.guerini.it\/index.php\/wp-json\/wp\/v2\/media\/23224"}],"wp:attachment":[{"href":"https:\/\/www.guerini.it\/index.php\/wp-json\/wp\/v2\/media?parent=14680"}],"wp:term":[{"taxonomy":"product_brand","embeddable":true,"href":"https:\/\/www.guerini.it\/index.php\/wp-json\/wp\/v2\/product_brand?post=14680"},{"taxonomy":"product_cat","embeddable":true,"href":"https:\/\/www.guerini.it\/index.php\/wp-json\/wp\/v2\/product_cat?post=14680"},{"taxonomy":"product_tag","embeddable":true,"href":"https:\/\/www.guerini.it\/index.php\/wp-json\/wp\/v2\/product_tag?post=14680"}],"curies":[{"name":"wp","href":"https:\/\/api.w.org\/{rel}","templated":true}]}}

<p style="text-align: justify;">Un libro che vanifica ogni possibile negazionismo. Henry Morgenthau, ebreo americano di origine tedesca, ambasciatore degli Stati Uniti a Costantinopoli dal 1913 al 1916, appena tornato in patria scrive e pubblica la sua testimonianza diretta del genocidio subito dagli armeni in Turchia. Consapevole che non si tratta di un massacro dovuto a motivazioni politico-militari, ma del «tentativo di distruggere una nazione» per purificare e rigenerare il popolo turco dal punto di vista razziale. Morgenthau non si limita a testimoniare, ma lotta in prima persona per fermare la strage. Nel corso di innumerevoli colloqui con i leader dei Giovani Turchi, più volte denuncia le persecuzioni contro gli armeni e ne chiede la fine. E, successivamente, si prodiga in prima persona per aiutare, sfamare, salvare – quando è possibile – le vittime del massacro.<br />
Per chi legge, le memorie di Morgenthau costituiscono un’esperienza unica. C’è l’oscuro incombere della guerra, delle devastazioni, delle stragi. C’è, descritto con lucidità spietata, il ruolo della Germania, e in primo luogo dell’ambasciatore tedesco, che non solo non mosse un dito per la salvezza degli armeni, ma anzi fu istigatore del genocidio. Il presagio di quanto accadrà trent’anni dopo è tutto in queste parole di Morgenthau: «La Germania aveva lucidamente architettato la conquista del mondo». Lo sterminio degli armeni era solo una «prova generale» di quanto sarebbe accaduto nei campi di concentramento nazisti.<br />
La storia del genocidio armeno come storia del mondo, storia del Novecento. È questo che ci insegna Morgenthau, con il suo racconto straziante ma, spesso, toccato da quella vena di humour luminoso e malinconico che l’uomo intelligente e buono non può che dimostrare nei confronti dell’umanità stupida e crudele.</p>
<hr />
<p style="text-align: justify;"><strong>Francesco Berti</strong> è ricercatore di Storia delle dottrine politiche presso l’Università di Padova e insegna presso la facoltà di Scienze politiche del medesimo Ateneo. Fra le sue pubblicazioni ricordiamo <em>La ragione prudente. Gaetano Filangieri e la religione delle riforme</em> (Firenze 2003) e <em>Libertà della città, libertà del cittadino: riflessioni sul neo-repubblicanesimo</em> (Padova 2008).</p>
<p style="text-align: justify;"><strong>Fulvio Cortese</strong> è ricercatore di Istituzioni di diritto pubblico presso l’Università di Trento e insegna presso la facoltà di Giurisprudenza del medesimo Ateneo. Fra le sue pubblicazioni ricordiamo <em>La questione della pregiudizialità amministrativa</em> (Padova 2007); <em>Ordine giuridico e ordine politico. Esperienze, lessico, prospettive</em> (a cura, con Paolo Carta, Padova 2008); <em>Il crimine dei crimini. Stermini di massa nel Novecento</em> (a cura, con Francesco Berti, Milano 2008).</p>

<p>Un libro che vanifica ogni possibile negazionismo. Henry Morgenthau, ebreo americano di origine tedesca, ambasciatore degli Stati Uniti a Costantinopoli dal 1913 al 1916, appena tornato in patria scrive e pubblica la sua testimonianza diretta del genocidio subito dagli armeni in Turchia. C’è l’oscuro incombere della guerra, delle devastazioni, delle stragi e il presagio di quanto accadrà trent’anni dopo. Lo sterminio degli armeni era solo una «prova generale» dei campi di concentramento nazisti.</p>

<!-- This site is optimized with the Yoast SEO plugin v25.4 - https://yoast.com/wordpress/plugins/seo/ -->
<title>Diario 1913-1916 - Guerini e Associati</title>
<meta name="robots" content="index, follow, max-snippet:-1, max-image-preview:large, max-video-preview:-1" />
<link rel="canonical" href="https://www.guerini.it/index.php/prodotto/diario-1913-1916/" />
<meta property="og:locale" content="it_IT" />
<meta property="og:type" content="article" />
<meta property="og:title" content="Diario 1913-1916 - Guerini e Associati" />
<meta property="og:description" content="Un libro che vanifica ogni possibile negazionismo. Henry Morgenthau, ebreo americano di origine tedesca, ambasciatore degli Stati Uniti a Costantinopoli dal 1913 al 1916, appena tornato in patria scrive e pubblica la sua testimonianza diretta del genocidio subito dagli armeni in Turchia. C’è l’oscuro incombere della guerra, delle devastazioni, delle stragi e il presagio di quanto accadrà trent’anni dopo. Lo sterminio degli armeni era solo una «prova generale» dei campi di concentramento nazisti." />
<meta property="og:url" content="https://www.guerini.it/index.php/prodotto/diario-1913-1916/" />
<meta property="og:site_name" content="Guerini e Associati" />
<meta property="article:modified_time" content="2024-06-12T12:42:17+00:00" />
<meta property="og:image" content="https://www.guerini.it/wp-content/uploads/2012/05/Cop_Morgenthau_Diario-scaled-e1665667304183.jpg" />
	<meta property="og:image:width" content="225" />
	<meta property="og:image:height" content="350" />
	<meta property="og:image:type" content="image/jpeg" />
<meta name="twitter:card" content="summary_large_image" />
<meta name="twitter:label1" content="Tempo di lettura stimato" />
	<meta name="twitter:data1" content="3 minuti" />
<!-- / Yoast SEO plugin. -->

Un libro che vanifica ogni possibile negazionismo. Henry Morgenthau, ebreo americano di origine tedesca, ambasciatore degli Stati Uniti a Costantinopoli dal 1913 al 1916, appena tornato in patria scrive e pubblica la sua testimonianza diretta del genocidio subito dagli armeni in Turchia. C’è l’oscuro incombere della guerra, delle devastazioni, delle stragi e il presagio di quanto accadrà trent’anni dopo. Lo sterminio degli armeni era solo una «prova generale» dei campi di concentramento nazisti.

30 anni di libri, idee e libertà
