{"id":14747,"date":"2012-05-24T13:01:07","date_gmt":"2012-05-24T11:01:07","guid":{"rendered":"https:\/\/test.guerini.it\/?product=il-valore-della-verita"},"modified":"2024-06-09T20:19:32","modified_gmt":"2024-06-09T18:19:32","slug":"il-valore-della-verita","status":"publish","type":"product","link":"https:\/\/www.guerini.it\/index.php\/prodotto\/il-valore-della-verita\/","title":{"rendered":"Il valore della verit\u00e0"},"content":{"rendered":"<p>Che cos\u2019\u00e8 la verit\u00e0? Attraverso il confronto teorico con alcune delle principali declinazioni contemporanee di questo concetto, da Kant e dalla tradizione neokantiana al realismo metafisico, dal convenzionalismo a Heidegger e al relativismo radicale, emerge un\u2019idea della verit\u00e0 come categoria valoriale unitaria e vuota di contenuto, primitiva e dunque indefinibile. La verit\u00e0 non \u00e8 il rispecchiamento di una fantomatica \u00abrealt\u00e0 in s\u00e9\u00bb, ma un compito, un ideale regolativo che orienta i nostri sforzi conoscitivi volti alla conquista di piani sempre pi\u00f9 ampi e comprensivi di oggettivit\u00e0, per mezzo di un\u2019incessante unificazione razionale dell\u2019esperienza<\/p>\n","protected":false},"excerpt":{"rendered":"<p>Che cos\u2019\u00e8 la verit\u00e0? Attraverso il confronto teorico con alcune delle principali declinazioni contemporanee di questo concetto, da Kant e dalla tradizione neokantiana al realismo metafisico, dal convenzionalismo a Heidegger e al relativismo radicale, emerge un\u2019idea della verit\u00e0 come categoria valoriale unitaria e vuota di contenuto, primitiva e dunque indefinibile. La verit\u00e0 non \u00e8 il rispecchiamento di una fantomatica \u00abrealt\u00e0 in s\u00e9\u00bb, ma un compito, un ideale regolativo che orienta i nostri sforzi conoscitivi volti alla conquista di piani sempre pi\u00f9 ampi e comprensivi di oggettivit\u00e0, per mezzo di un\u2019incessante unificazione razionale dell\u2019esperienza<\/p>\n","protected":false},"featured_media":14746,"template":"","meta":{"_editorskit_title_hidden":false,"_editorskit_reading_time":0,"_editorskit_is_block_options_detached":false,"_editorskit_block_options_position":"{}","_monsterinsights_skip_tracking":false,"_monsterinsights_sitenote_active":false,"_monsterinsights_sitenote_note":"","_monsterinsights_sitenote_category":0},"product_brand":[],"product_cat":[6566,6530],"product_tag":[],"class_list":{"0":"post-14747","1":"product","2":"type-product","3":"status-publish","4":"has-post-thumbnail","6":"product_cat-s","7":"product_cat-filosofia","8":"pa_country_of_manufacture-it","10":"first","11":"outofstock","12":"sale","13":"shipping-taxable","14":"purchasable","15":"product-type-simple"},"yoast_head":"<!-- This site is optimized with the Yoast SEO plugin v25.4 - https:\/\/yoast.com\/wordpress\/plugins\/seo\/ -->\n<title>Il valore della verit\u00e0 - Guerini e Associati<\/title>\n<meta name=\"robots\" content=\"index, follow, max-snippet:-1, max-image-preview:large, max-video-preview:-1\" \/>\n<link rel=\"canonical\" href=\"https:\/\/www.guerini.it\/index.php\/prodotto\/il-valore-della-verita\/\" \/>\n<meta property=\"og:locale\" content=\"it_IT\" \/>\n<meta property=\"og:type\" content=\"article\" \/>\n<meta property=\"og:title\" content=\"Il valore della verit\u00e0 - Guerini e Associati\" \/>\n<meta property=\"og:description\" content=\"Che cos\u2019\u00e8 la verit\u00e0? Attraverso il confronto teorico con alcune delle principali declinazioni contemporanee di questo concetto, da Kant e dalla tradizione neokantiana al realismo metafisico, dal convenzionalismo a Heidegger e al relativismo radicale, emerge un\u2019idea della verit\u00e0 come categoria valoriale unitaria e vuota di contenuto, primitiva e dunque indefinibile. La verit\u00e0 non \u00e8 il rispecchiamento di una fantomatica \u00abrealt\u00e0 in s\u00e9\u00bb, ma un compito, un ideale regolativo che orienta i nostri sforzi conoscitivi volti alla conquista di piani sempre pi\u00f9 ampi e comprensivi di oggettivit\u00e0, per mezzo di un\u2019incessante unificazione razionale dell\u2019esperienza\" \/>\n<meta property=\"og:url\" content=\"https:\/\/www.guerini.it\/index.php\/prodotto\/il-valore-della-verita\/\" \/>\n<meta property=\"og:site_name\" content=\"Guerini e Associati\" \/>\n<meta property=\"article:modified_time\" content=\"2024-06-09T18:19:32+00:00\" \/>\n<meta property=\"og:image\" content=\"https:\/\/www.guerini.it\/wp-content\/uploads\/2012\/05\/valore_della_verita_265x413.jpg\" \/>\n\t<meta property=\"og:image:width\" content=\"265\" \/>\n\t<meta property=\"og:image:height\" content=\"413\" \/>\n\t<meta property=\"og:image:type\" content=\"image\/jpeg\" \/>\n<meta name=\"twitter:card\" content=\"summary_large_image\" \/>\n<!-- \/ Yoast SEO plugin. -->","yoast_head_json":{"title":"Il valore della verit\u00e0 - Guerini e Associati","robots":{"index":"index","follow":"follow","max-snippet":"max-snippet:-1","max-image-preview":"max-image-preview:large","max-video-preview":"max-video-preview:-1"},"canonical":"https:\/\/www.guerini.it\/index.php\/prodotto\/il-valore-della-verita\/","og_locale":"it_IT","og_type":"article","og_title":"Il valore della verit\u00e0 - Guerini e Associati","og_description":"Che cos\u2019\u00e8 la verit\u00e0? Attraverso il confronto teorico con alcune delle principali declinazioni contemporanee di questo concetto, da Kant e dalla tradizione neokantiana al realismo metafisico, dal convenzionalismo a Heidegger e al relativismo radicale, emerge un\u2019idea della verit\u00e0 come categoria valoriale unitaria e vuota di contenuto, primitiva e dunque indefinibile. La verit\u00e0 non \u00e8 il rispecchiamento di una fantomatica \u00abrealt\u00e0 in s\u00e9\u00bb, ma un compito, un ideale regolativo che orienta i nostri sforzi conoscitivi volti alla conquista di piani sempre pi\u00f9 ampi e comprensivi di oggettivit\u00e0, per mezzo di un\u2019incessante unificazione razionale dell\u2019esperienza","og_url":"https:\/\/www.guerini.it\/index.php\/prodotto\/il-valore-della-verita\/","og_site_name":"Guerini e Associati","article_modified_time":"2024-06-09T18:19:32+00:00","og_image":[{"width":265,"height":413,"url":"https:\/\/www.guerini.it\/wp-content\/uploads\/2012\/05\/valore_della_verita_265x413.jpg","type":"image\/jpeg"}],"twitter_card":"summary_large_image","schema":{"@context":"https:\/\/schema.org","@graph":[{"@type":"WebPage","@id":"https:\/\/www.guerini.it\/index.php\/prodotto\/il-valore-della-verita\/","url":"https:\/\/www.guerini.it\/index.php\/prodotto\/il-valore-della-verita\/","name":"Il valore della verit\u00e0 - Guerini e Associati","isPartOf":{"@id":"https:\/\/www.guerini.it\/#website"},"primaryImageOfPage":{"@id":"https:\/\/www.guerini.it\/index.php\/prodotto\/il-valore-della-verita\/#primaryimage"},"image":{"@id":"https:\/\/www.guerini.it\/index.php\/prodotto\/il-valore-della-verita\/#primaryimage"},"thumbnailUrl":"https:\/\/www.guerini.it\/wp-content\/uploads\/2012\/05\/valore_della_verita_265x413.jpg","datePublished":"2012-05-24T11:01:07+00:00","dateModified":"2024-06-09T18:19:32+00:00","breadcrumb":{"@id":"https:\/\/www.guerini.it\/index.php\/prodotto\/il-valore-della-verita\/#breadcrumb"},"inLanguage":"it-IT","potentialAction":[{"@type":"ReadAction","target":["https:\/\/www.guerini.it\/index.php\/prodotto\/il-valore-della-verita\/"]}]},{"@type":"ImageObject","inLanguage":"it-IT","@id":"https:\/\/www.guerini.it\/index.php\/prodotto\/il-valore-della-verita\/#primaryimage","url":"https:\/\/www.guerini.it\/wp-content\/uploads\/2012\/05\/valore_della_verita_265x413.jpg","contentUrl":"https:\/\/www.guerini.it\/wp-content\/uploads\/2012\/05\/valore_della_verita_265x413.jpg","width":265,"height":413,"caption":"Il valore della verit\u00e0"},{"@type":"BreadcrumbList","@id":"https:\/\/www.guerini.it\/index.php\/prodotto\/il-valore-della-verita\/#breadcrumb","itemListElement":[{"@type":"ListItem","position":1,"name":"Home","item":"https:\/\/www.guerini.it\/"},{"@type":"ListItem","position":2,"name":"Catalogo","item":"https:\/\/www.guerini.it\/index.php\/negozio\/"},{"@type":"ListItem","position":3,"name":"Il valore della verit\u00e0"}]},{"@type":"WebSite","@id":"https:\/\/www.guerini.it\/#website","url":"https:\/\/www.guerini.it\/","name":"Guerini e Associati","description":"30 anni di libri, idee e libert\u00e0","publisher":{"@id":"https:\/\/www.guerini.it\/#organization"},"potentialAction":[{"@type":"SearchAction","target":{"@type":"EntryPoint","urlTemplate":"https:\/\/www.guerini.it\/?s={search_term_string}"},"query-input":{"@type":"PropertyValueSpecification","valueRequired":true,"valueName":"search_term_string"}}],"inLanguage":"it-IT"},{"@type":"Organization","@id":"https:\/\/www.guerini.it\/#organization","name":"Guerini e Associati","url":"https:\/\/www.guerini.it\/","logo":{"@type":"ImageObject","inLanguage":"it-IT","@id":"https:\/\/www.guerini.it\/#\/schema\/logo\/image\/","url":"https:\/\/www.guerini.it\/wp-content\/uploads\/2021\/03\/Logo-Guerini-OK_-e1615831292285.png","contentUrl":"https:\/\/www.guerini.it\/wp-content\/uploads\/2021\/03\/Logo-Guerini-OK_-e1615831292285.png","width":2805,"height":1870,"caption":"Guerini e Associati"},"image":{"@id":"https:\/\/www.guerini.it\/#\/schema\/logo\/image\/"}}]}},"_links":{"self":[{"href":"https:\/\/www.guerini.it\/index.php\/wp-json\/wp\/v2\/product\/14747","targetHints":{"allow":["GET"]}}],"collection":[{"href":"https:\/\/www.guerini.it\/index.php\/wp-json\/wp\/v2\/product"}],"about":[{"href":"https:\/\/www.guerini.it\/index.php\/wp-json\/wp\/v2\/types\/product"}],"wp:featuredmedia":[{"embeddable":true,"href":"https:\/\/www.guerini.it\/index.php\/wp-json\/wp\/v2\/media\/14746"}],"wp:attachment":[{"href":"https:\/\/www.guerini.it\/index.php\/wp-json\/wp\/v2\/media?parent=14747"}],"wp:term":[{"taxonomy":"product_brand","embeddable":true,"href":"https:\/\/www.guerini.it\/index.php\/wp-json\/wp\/v2\/product_brand?post=14747"},{"taxonomy":"product_cat","embeddable":true,"href":"https:\/\/www.guerini.it\/index.php\/wp-json\/wp\/v2\/product_cat?post=14747"},{"taxonomy":"product_tag","embeddable":true,"href":"https:\/\/www.guerini.it\/index.php\/wp-json\/wp\/v2\/product_tag?post=14747"}],"curies":[{"name":"wp","href":"https:\/\/api.w.org\/{rel}","templated":true}]}}

Il valore della verità

<p>Che cos’è la verità? Attraverso il confronto teorico con alcune delle principali declinazioni contemporanee di questo concetto, da Kant e dalla tradizione neokantiana al realismo metafisico, dal convenzionalismo a Heidegger e al relativismo radicale, emerge un’idea della verità come categoria valoriale unitaria e vuota di contenuto, primitiva e dunque indefinibile. La verità non è il rispecchiamento di una fantomatica «realtà in sé», ma un compito, un ideale regolativo che orienta i nostri sforzi conoscitivi volti alla conquista di piani sempre più ampi e comprensivi di oggettività, per mezzo di un’incessante unificazione razionale dell’esperienza</p>

<!-- This site is optimized with the Yoast SEO plugin v25.4 - https://yoast.com/wordpress/plugins/seo/ -->
<title>Il valore della verità - Guerini e Associati</title>
<meta name="robots" content="index, follow, max-snippet:-1, max-image-preview:large, max-video-preview:-1" />
<link rel="canonical" href="https://www.guerini.it/index.php/prodotto/il-valore-della-verita/" />
<meta property="og:locale" content="it_IT" />
<meta property="og:type" content="article" />
<meta property="og:title" content="Il valore della verità - Guerini e Associati" />
<meta property="og:description" content="Che cos’è la verità? Attraverso il confronto teorico con alcune delle principali declinazioni contemporanee di questo concetto, da Kant e dalla tradizione neokantiana al realismo metafisico, dal convenzionalismo a Heidegger e al relativismo radicale, emerge un’idea della verità come categoria valoriale unitaria e vuota di contenuto, primitiva e dunque indefinibile. La verità non è il rispecchiamento di una fantomatica «realtà in sé», ma un compito, un ideale regolativo che orienta i nostri sforzi conoscitivi volti alla conquista di piani sempre più ampi e comprensivi di oggettività, per mezzo di un’incessante unificazione razionale dell’esperienza" />
<meta property="og:url" content="https://www.guerini.it/index.php/prodotto/il-valore-della-verita/" />
<meta property="og:site_name" content="Guerini e Associati" />
<meta property="article:modified_time" content="2024-06-09T18:19:32+00:00" />
<meta property="og:image" content="https://www.guerini.it/wp-content/uploads/2012/05/valore_della_verita_265x413.jpg" />
	<meta property="og:image:width" content="265" />
	<meta property="og:image:height" content="413" />
	<meta property="og:image:type" content="image/jpeg" />
<meta name="twitter:card" content="summary_large_image" />
<!-- / Yoast SEO plugin. -->

Il valore della verità - Guerini e Associati

Che cos’è la verità? Attraverso il confronto teorico con alcune delle principali declinazioni contemporanee di questo concetto, da Kant e dalla tradizione neokantiana al realismo metafisico, dal convenzionalismo a Heidegger e al relativismo radicale, emerge un’idea della verità come categoria valoriale unitaria e vuota di contenuto, primitiva e dunque indefinibile. La verità non è il rispecchiamento di una fantomatica «realtà in sé», ma un compito, un ideale regolativo che orienta i nostri sforzi conoscitivi volti alla conquista di piani sempre più ampi e comprensivi di oggettività, per mezzo di un’incessante unificazione razionale dell’esperienza

30 anni di libri, idee e libertà
