{"id":14879,"date":"2012-05-24T13:01:10","date_gmt":"2012-05-24T11:01:10","guid":{"rendered":"https:\/\/test.guerini.it\/?product=le-nuove-parole-del-manager"},"modified":"2024-06-12T14:40:03","modified_gmt":"2024-06-12T12:40:03","slug":"le-nuove-parole-del-manager","status":"publish","type":"product","link":"https:\/\/www.guerini.it\/index.php\/prodotto\/le-nuove-parole-del-manager\/","title":{"rendered":"Nuove parole del manager"},"content":{"rendered":"<p style=\"text-align: justify;\">Conoscere il significato delle parole che si utilizzano quotidianamente nel mondo del lavoro \u2013 ma non solo \u2013 vuol dire riappropriarsi del senso pi\u00f9 autentico del proprio agire; e vuol dire scoprire che ogni parola non corrisponde a una semplice convenzione codificata ma ha una sua storia, spesso sorprendente.<br \/>\nFrancesco Varanini fa seguire a <em>Le parole del manager<\/em> queste<em> Nuove parole del manager<\/em>. Se il precedente libro era dedicato alle parole pi\u00f9 usate dal manager, in questo si guarda con particolare attenzione a parole che il manager, per stare al passo di questi tempi difficili, dovrebbe usare: <em>immaginazione<\/em>,<em> sostenibilit\u00e0<\/em>,<em> responsabilit\u00e0.<\/em><br \/>\n\u00abOgni voce\u00bb, scrive l\u2019autore, \u00ab\u00e8 una narrazione con un suo ritmo, un suo sviluppo\u00bb; un viaggio che pu\u00f2 partire da un punto qualsiasi, senza necessariamente seguire una sequenza obbligata e lineare. Il lettore scoprir\u00e0 cos\u00ec \u00abche esistono, nella nostra lingua, belle parole da usare non alla ricerca di un gratuito, snobistico purismo. Ma perch\u00e9 \u2018dando i nomi alle cose\u2019, guardando da vicino, dietro e intorno alle parole che usiamo ormai senza troppo pensare, ci sar\u00e0 possibile riscoprire la disponibilit\u00e0 alla sorpresa \u2013 in fondo, la scelta dei \u2018modi di dire\u2019 \u00e8 la prima manifestazione della nostra creativit\u00e0.<br \/>\nOgnuno \u2013 manager o persona desiderosa di smascherare il lessico dei manager \u2013 potr\u00e0 dunque \u00ableggere con atteggiamento curioso. <em>Curiosus<\/em> \u00e8 in latino \u2018chi si prende cura\u2019 \u2013 cura delle persone e dei progetti che ritiene importanti, ma anche delle cose che in apparenza \u2018non lo riguardano\u2019. In apparenza: riscoprire il senso delle parole ci aiuta ad andare oltre le apparenze\u00bb.<\/p>\n<hr \/>\n<p style=\"text-align: justify;\"><strong>Francesco Varanini<\/strong> \u00e8 consulente, formatore, docente universitario, giornalista e critico letterario esperto di letteratura ispanoamericana. Ha lavorato in una grande azienda come semplice impiegato, poi come quadro e come dirigente. In aziende pi\u00f9 piccole \u00e8 stato manager e amministratore delegato. Dirige il mensile <em>Persone &amp; Conoscenze<\/em>. Tra le sue opere ricordiamo <em>Romanzi per i manager<\/em> (2000) e, per le nostre edizioni, <em><a href=\"https:\/\/www.guerini.it\/index.php\/prodotto\/le-parole-del-manager\/\">Le parole del manager.<\/a> 108 voci per capire l\u2019impresa<\/em> (2006),<em><a href=\"https:\/\/www.guerini.it\/index.php\/prodotto\/il-project-management-emergente\/\"> Il project management emergente<\/a><\/em> (con W. Ginevri, 2009) e <a href=\"https:\/\/www.guerini.it\/index.php\/prodotto\/contro-il-management\/\"><em>Contro il management<\/em><\/a> (2010).<\/p>\n","protected":false},"excerpt":{"rendered":"<p>Conoscere il significato delle parole che si utilizzano quotidianamente nel mondo del lavoro \u2013 ma non solo \u2013 vuol dire riappropriarsi del senso pi\u00f9 autentico del proprio agire; e scoprire che ogni parola non corrisponde a una semplice convenzione codificata ma ha una sua storia, spesso sorprendente. \u00abOgni voce\u00bb, scrive l\u2019autore, \u00ab\u00e8 una narrazione con un suo ritmo, un suo sviluppo\u00bb; un viaggio che pu\u00f2 partire da un punto qualsiasi, senza necessariamente seguire una sequenza obbligata e lineare.<\/p>\n","protected":false},"featured_media":23239,"template":"","meta":{"_editorskit_title_hidden":false,"_editorskit_reading_time":0,"_editorskit_is_block_options_detached":false,"_editorskit_block_options_position":"{}","_monsterinsights_skip_tracking":false,"_monsterinsights_sitenote_active":false,"_monsterinsights_sitenote_note":"","_monsterinsights_sitenote_category":0},"product_brand":[],"product_cat":[6529],"product_tag":[],"class_list":{"0":"post-14879","1":"product","2":"type-product","3":"status-publish","4":"has-post-thumbnail","6":"product_cat-economia-e-management","7":"pa_guerini_amazon_link-dc-httpswwwamazonitnuove_paro","8":"pa_guerini_feltrinelli_link-https-www-lafeltrinelli-it-nuove-parole-del-manager-113-libro-francesco-varanini-e-9788862502900","9":"pa_guerini_ibs_link-27-httpswwwawin1comcreadphpaw","10":"pa_guerini_libruniver_link-libreriauniversitaria-it-nuove-parole-manager-113-voci-libro-9788862502900","11":"pa_guerini_mondadori_link-https-www-mondadoristore-it-nuove-parole-manager-113-francesco-varanini-eai978886250290","12":"pa_guerini_strillo-b8-infondo_lasceltadeimodidid","14":"first","15":"instock","16":"sale","17":"shipping-taxable","18":"purchasable","19":"product-type-simple"},"yoast_head":"<!-- This site is optimized with the Yoast SEO plugin v25.4 - https:\/\/yoast.com\/wordpress\/plugins\/seo\/ -->\n<title>Nuove parole del manager - Guerini e Associati<\/title>\n<meta name=\"robots\" content=\"index, follow, max-snippet:-1, max-image-preview:large, max-video-preview:-1\" \/>\n<link rel=\"canonical\" href=\"https:\/\/www.guerini.it\/index.php\/prodotto\/le-nuove-parole-del-manager\/\" \/>\n<meta property=\"og:locale\" content=\"it_IT\" \/>\n<meta property=\"og:type\" content=\"article\" \/>\n<meta property=\"og:title\" content=\"Nuove parole del manager - Guerini e Associati\" \/>\n<meta property=\"og:description\" content=\"Conoscere il significato delle parole che si utilizzano quotidianamente nel mondo del lavoro \u2013 ma non solo \u2013 vuol dire riappropriarsi del senso pi\u00f9 autentico del proprio agire; e scoprire che ogni parola non corrisponde a una semplice convenzione codificata ma ha una sua storia, spesso sorprendente. \u00abOgni voce\u00bb, scrive l\u2019autore, \u00ab\u00e8 una narrazione con un suo ritmo, un suo sviluppo\u00bb; un viaggio che pu\u00f2 partire da un punto qualsiasi, senza necessariamente seguire una sequenza obbligata e lineare.\" \/>\n<meta property=\"og:url\" content=\"https:\/\/www.guerini.it\/index.php\/prodotto\/le-nuove-parole-del-manager\/\" \/>\n<meta property=\"og:site_name\" content=\"Guerini e Associati\" \/>\n<meta property=\"article:modified_time\" content=\"2024-06-12T12:40:03+00:00\" \/>\n<meta property=\"og:image\" content=\"https:\/\/www.guerini.it\/wp-content\/uploads\/2012\/05\/Varanini.Manager.CMYB_.Alta_-722x1024.jpg\" \/>\n\t<meta property=\"og:image:width\" content=\"722\" \/>\n\t<meta property=\"og:image:height\" content=\"1024\" \/>\n\t<meta property=\"og:image:type\" content=\"image\/jpeg\" \/>\n<meta name=\"twitter:card\" content=\"summary_large_image\" \/>\n<meta name=\"twitter:label1\" content=\"Tempo di lettura stimato\" \/>\n\t<meta name=\"twitter:data1\" content=\"2 minuti\" \/>\n<!-- \/ Yoast SEO plugin. -->","yoast_head_json":{"title":"Nuove parole del manager - Guerini e Associati","robots":{"index":"index","follow":"follow","max-snippet":"max-snippet:-1","max-image-preview":"max-image-preview:large","max-video-preview":"max-video-preview:-1"},"canonical":"https:\/\/www.guerini.it\/index.php\/prodotto\/le-nuove-parole-del-manager\/","og_locale":"it_IT","og_type":"article","og_title":"Nuove parole del manager - Guerini e Associati","og_description":"Conoscere il significato delle parole che si utilizzano quotidianamente nel mondo del lavoro \u2013 ma non solo \u2013 vuol dire riappropriarsi del senso pi\u00f9 autentico del proprio agire; e scoprire che ogni parola non corrisponde a una semplice convenzione codificata ma ha una sua storia, spesso sorprendente. \u00abOgni voce\u00bb, scrive l\u2019autore, \u00ab\u00e8 una narrazione con un suo ritmo, un suo sviluppo\u00bb; un viaggio che pu\u00f2 partire da un punto qualsiasi, senza necessariamente seguire una sequenza obbligata e lineare.","og_url":"https:\/\/www.guerini.it\/index.php\/prodotto\/le-nuove-parole-del-manager\/","og_site_name":"Guerini e Associati","article_modified_time":"2024-06-12T12:40:03+00:00","og_image":[{"width":722,"height":1024,"url":"https:\/\/www.guerini.it\/wp-content\/uploads\/2012\/05\/Varanini.Manager.CMYB_.Alta_-722x1024.jpg","type":"image\/jpeg"}],"twitter_card":"summary_large_image","twitter_misc":{"Tempo di lettura stimato":"2 minuti"},"schema":{"@context":"https:\/\/schema.org","@graph":[{"@type":"WebPage","@id":"https:\/\/www.guerini.it\/index.php\/prodotto\/le-nuove-parole-del-manager\/","url":"https:\/\/www.guerini.it\/index.php\/prodotto\/le-nuove-parole-del-manager\/","name":"Nuove parole del manager - Guerini e Associati","isPartOf":{"@id":"https:\/\/www.guerini.it\/#website"},"primaryImageOfPage":{"@id":"https:\/\/www.guerini.it\/index.php\/prodotto\/le-nuove-parole-del-manager\/#primaryimage"},"image":{"@id":"https:\/\/www.guerini.it\/index.php\/prodotto\/le-nuove-parole-del-manager\/#primaryimage"},"thumbnailUrl":"https:\/\/www.guerini.it\/wp-content\/uploads\/2012\/05\/Varanini.Manager.CMYB_.Alta_-e1666004846979.jpg","datePublished":"2012-05-24T11:01:10+00:00","dateModified":"2024-06-12T12:40:03+00:00","breadcrumb":{"@id":"https:\/\/www.guerini.it\/index.php\/prodotto\/le-nuove-parole-del-manager\/#breadcrumb"},"inLanguage":"it-IT","potentialAction":[{"@type":"ReadAction","target":["https:\/\/www.guerini.it\/index.php\/prodotto\/le-nuove-parole-del-manager\/"]}]},{"@type":"ImageObject","inLanguage":"it-IT","@id":"https:\/\/www.guerini.it\/index.php\/prodotto\/le-nuove-parole-del-manager\/#primaryimage","url":"https:\/\/www.guerini.it\/wp-content\/uploads\/2012\/05\/Varanini.Manager.CMYB_.Alta_-e1666004846979.jpg","contentUrl":"https:\/\/www.guerini.it\/wp-content\/uploads\/2012\/05\/Varanini.Manager.CMYB_.Alta_-e1666004846979.jpg","width":247,"height":350,"caption":"Copertina del volume Nuove parole del manager"},{"@type":"BreadcrumbList","@id":"https:\/\/www.guerini.it\/index.php\/prodotto\/le-nuove-parole-del-manager\/#breadcrumb","itemListElement":[{"@type":"ListItem","position":1,"name":"Home","item":"https:\/\/www.guerini.it\/"},{"@type":"ListItem","position":2,"name":"Catalogo","item":"https:\/\/www.guerini.it\/index.php\/negozio\/"},{"@type":"ListItem","position":3,"name":"Nuove parole del manager"}]},{"@type":"WebSite","@id":"https:\/\/www.guerini.it\/#website","url":"https:\/\/www.guerini.it\/","name":"Guerini e Associati","description":"30 anni di libri, idee e libert\u00e0","publisher":{"@id":"https:\/\/www.guerini.it\/#organization"},"potentialAction":[{"@type":"SearchAction","target":{"@type":"EntryPoint","urlTemplate":"https:\/\/www.guerini.it\/?s={search_term_string}"},"query-input":{"@type":"PropertyValueSpecification","valueRequired":true,"valueName":"search_term_string"}}],"inLanguage":"it-IT"},{"@type":"Organization","@id":"https:\/\/www.guerini.it\/#organization","name":"Guerini e Associati","url":"https:\/\/www.guerini.it\/","logo":{"@type":"ImageObject","inLanguage":"it-IT","@id":"https:\/\/www.guerini.it\/#\/schema\/logo\/image\/","url":"https:\/\/www.guerini.it\/wp-content\/uploads\/2021\/03\/Logo-Guerini-OK_-e1615831292285.png","contentUrl":"https:\/\/www.guerini.it\/wp-content\/uploads\/2021\/03\/Logo-Guerini-OK_-e1615831292285.png","width":2805,"height":1870,"caption":"Guerini e Associati"},"image":{"@id":"https:\/\/www.guerini.it\/#\/schema\/logo\/image\/"}}]}},"_links":{"self":[{"href":"https:\/\/www.guerini.it\/index.php\/wp-json\/wp\/v2\/product\/14879","targetHints":{"allow":["GET"]}}],"collection":[{"href":"https:\/\/www.guerini.it\/index.php\/wp-json\/wp\/v2\/product"}],"about":[{"href":"https:\/\/www.guerini.it\/index.php\/wp-json\/wp\/v2\/types\/product"}],"wp:featuredmedia":[{"embeddable":true,"href":"https:\/\/www.guerini.it\/index.php\/wp-json\/wp\/v2\/media\/23239"}],"wp:attachment":[{"href":"https:\/\/www.guerini.it\/index.php\/wp-json\/wp\/v2\/media?parent=14879"}],"wp:term":[{"taxonomy":"product_brand","embeddable":true,"href":"https:\/\/www.guerini.it\/index.php\/wp-json\/wp\/v2\/product_brand?post=14879"},{"taxonomy":"product_cat","embeddable":true,"href":"https:\/\/www.guerini.it\/index.php\/wp-json\/wp\/v2\/product_cat?post=14879"},{"taxonomy":"product_tag","embeddable":true,"href":"https:\/\/www.guerini.it\/index.php\/wp-json\/wp\/v2\/product_tag?post=14879"}],"curies":[{"name":"wp","href":"https:\/\/api.w.org\/{rel}","templated":true}]}}

<p style="text-align: justify;">Conoscere il significato delle parole che si utilizzano quotidianamente nel mondo del lavoro – ma non solo – vuol dire riappropriarsi del senso più autentico del proprio agire; e vuol dire scoprire che ogni parola non corrisponde a una semplice convenzione codificata ma ha una sua storia, spesso sorprendente.<br />
Francesco Varanini fa seguire a <em>Le parole del manager</em> queste<em> Nuove parole del manager</em>. Se il precedente libro era dedicato alle parole più usate dal manager, in questo si guarda con particolare attenzione a parole che il manager, per stare al passo di questi tempi difficili, dovrebbe usare: <em>immaginazione</em>,<em> sostenibilità</em>,<em> responsabilità.</em><br />
«Ogni voce», scrive l’autore, «è una narrazione con un suo ritmo, un suo sviluppo»; un viaggio che può partire da un punto qualsiasi, senza necessariamente seguire una sequenza obbligata e lineare. Il lettore scoprirà così «che esistono, nella nostra lingua, belle parole da usare non alla ricerca di un gratuito, snobistico purismo. Ma perché ‘dando i nomi alle cose’, guardando da vicino, dietro e intorno alle parole che usiamo ormai senza troppo pensare, ci sarà possibile riscoprire la disponibilità alla sorpresa – in fondo, la scelta dei ‘modi di dire’ è la prima manifestazione della nostra creatività.<br />
Ognuno – manager o persona desiderosa di smascherare il lessico dei manager – potrà dunque «leggere con atteggiamento curioso. <em>Curiosus</em> è in latino ‘chi si prende cura’ – cura delle persone e dei progetti che ritiene importanti, ma anche delle cose che in apparenza ‘non lo riguardano’. In apparenza: riscoprire il senso delle parole ci aiuta ad andare oltre le apparenze».</p>
<hr />
<p style="text-align: justify;"><strong>Francesco Varanini</strong> è consulente, formatore, docente universitario, giornalista e critico letterario esperto di letteratura ispanoamericana. Ha lavorato in una grande azienda come semplice impiegato, poi come quadro e come dirigente. In aziende più piccole è stato manager e amministratore delegato. Dirige il mensile <em>Persone &amp; Conoscenze</em>. Tra le sue opere ricordiamo <em>Romanzi per i manager</em> (2000) e, per le nostre edizioni, <em><a href="https://www.guerini.it/index.php/prodotto/le-parole-del-manager/">Le parole del manager.</a> 108 voci per capire l’impresa</em> (2006),<em><a href="https://www.guerini.it/index.php/prodotto/il-project-management-emergente/"> Il project management emergente</a></em> (con W. Ginevri, 2009) e <a href="https://www.guerini.it/index.php/prodotto/contro-il-management/"><em>Contro il management</em></a> (2010).</p>

<p>Conoscere il significato delle parole che si utilizzano quotidianamente nel mondo del lavoro – ma non solo – vuol dire riappropriarsi del senso più autentico del proprio agire; e scoprire che ogni parola non corrisponde a una semplice convenzione codificata ma ha una sua storia, spesso sorprendente. «Ogni voce», scrive l’autore, «è una narrazione con un suo ritmo, un suo sviluppo»; un viaggio che può partire da un punto qualsiasi, senza necessariamente seguire una sequenza obbligata e lineare.</p>

<!-- This site is optimized with the Yoast SEO plugin v25.4 - https://yoast.com/wordpress/plugins/seo/ -->
<title>Nuove parole del manager - Guerini e Associati</title>
<meta name="robots" content="index, follow, max-snippet:-1, max-image-preview:large, max-video-preview:-1" />
<link rel="canonical" href="https://www.guerini.it/index.php/prodotto/le-nuove-parole-del-manager/" />
<meta property="og:locale" content="it_IT" />
<meta property="og:type" content="article" />
<meta property="og:title" content="Nuove parole del manager - Guerini e Associati" />
<meta property="og:description" content="Conoscere il significato delle parole che si utilizzano quotidianamente nel mondo del lavoro – ma non solo – vuol dire riappropriarsi del senso più autentico del proprio agire; e scoprire che ogni parola non corrisponde a una semplice convenzione codificata ma ha una sua storia, spesso sorprendente. «Ogni voce», scrive l’autore, «è una narrazione con un suo ritmo, un suo sviluppo»; un viaggio che può partire da un punto qualsiasi, senza necessariamente seguire una sequenza obbligata e lineare." />
<meta property="og:url" content="https://www.guerini.it/index.php/prodotto/le-nuove-parole-del-manager/" />
<meta property="og:site_name" content="Guerini e Associati" />
<meta property="article:modified_time" content="2024-06-12T12:40:03+00:00" />
<meta property="og:image" content="https://www.guerini.it/wp-content/uploads/2012/05/Varanini.Manager.CMYB_.Alta_-722x1024.jpg" />
	<meta property="og:image:width" content="722" />
	<meta property="og:image:height" content="1024" />
	<meta property="og:image:type" content="image/jpeg" />
<meta name="twitter:card" content="summary_large_image" />
<meta name="twitter:label1" content="Tempo di lettura stimato" />
	<meta name="twitter:data1" content="2 minuti" />
<!-- / Yoast SEO plugin. -->

Conoscere il significato delle parole che si utilizzano quotidianamente nel mondo del lavoro – ma non solo – vuol dire riappropriarsi del senso più autentico del proprio agire; e scoprire che ogni parola non corrisponde a una semplice convenzione codificata ma ha una sua storia, spesso sorprendente. «Ogni voce», scrive l’autore, «è una narrazione con un suo ritmo, un suo sviluppo»; un viaggio che può partire da un punto qualsiasi, senza necessariamente seguire una sequenza obbligata e lineare.

30 anni di libri, idee e libertà
