{"id":14903,"date":"2012-05-24T13:01:11","date_gmt":"2012-05-24T11:01:11","guid":{"rendered":"https:\/\/test.guerini.it\/?product=vivere-l-italia"},"modified":"2024-06-12T14:42:05","modified_gmt":"2024-06-12T12:42:05","slug":"vivere-l-italia","status":"publish","type":"product","link":"https:\/\/www.guerini.it\/index.php\/prodotto\/vivere-l-italia\/","title":{"rendered":"Vivere l&#8217;Italia"},"content":{"rendered":"<p style=\"text-align: justify;\"><em>Vivere l\u2019Italia<\/em> \u00e8 una raccolta di testi di attualit\u00e0, cultura e societ\u00e0 che propone una panoramica autentica sull\u2019Italia, offrendo al lettore l\u2019opportunit\u00e0 di accostarsi all\u2019universo linguistico e culturale italiano.<br \/>\nLa ricca gamma di attivit\u00e0, giochi e tecniche didattiche favorisce un percorso di apprendimento induttivo che consente l\u2019acquisizione attiva degli elementi socio-linguistici previsti dal livello A1 del Quadro comune europeo per le lingue.<br \/>\nGli obiettivi di arricchimento lessicale, potenziamento delle abilit\u00e0 di interazione, comprensione e produzione scritta sono intrecciati a spunti per il confronto interculturale e per l\u2019analisi contrastiva tra l\u2019italiano e le lingue degli apprendenti, elementi essenziali in un efficace percorso di educazione linguistica.<\/p>\n","protected":false},"excerpt":{"rendered":"<p>Vivere l\u2019Italia \u00e8 una raccolta di testi di attualit\u00e0, cultura e societ\u00e0 che propone una panoramica autentica sull\u2019Italia, offrendo l\u2019opportunit\u00e0 di accostarsi all\u2019universo linguistico e culturale italiano. Gli obiettivi di arricchimento lessicale, potenziamento delle abilit\u00e0 di interazione, comprensione e produzione scritta sono intrecciati a spunti per il confronto interculturale e per l\u2019analisi contrastiva tra l\u2019italiano e le lingue degli apprendenti per una efficace educazione linguistica.<\/p>\n","protected":false},"featured_media":23761,"template":"","meta":{"_editorskit_title_hidden":false,"_editorskit_reading_time":0,"_editorskit_is_block_options_detached":false,"_editorskit_block_options_position":"{}","_monsterinsights_skip_tracking":false,"_monsterinsights_sitenote_active":false,"_monsterinsights_sitenote_note":"","_monsterinsights_sitenote_category":0},"product_brand":[],"product_cat":[6531],"product_tag":[],"class_list":{"0":"post-14903","1":"product","2":"type-product","3":"status-publish","4":"has-post-thumbnail","6":"product_cat-italiano-l2","7":"pa_guerini_amazon_link-https-www-amazon-it-litalia-percorso-cultura-italiana-stranieri-dp-8862502532","8":"pa_guerini_feltrinelli_link-https-www-lafeltrinelli-it-vivere-italia-percorso-di-cultura-libro-vari-e-9788862502535","9":"pa_guerini_ibs_link-https-www-ibs-it-vivere-italia-percorso-di-cultura-libro-vari-e-9788862502535","10":"pa_guerini_libruniver_link-https-www-libreriauniversitaria-it-vivere-italia-percorso-cultura-lingua-libro-9788862502535","11":"pa_guerini_mondadori_link-https-www-mondadoristore-it-vivere-italia-percorso-antonella-bolzoni-daniela-frascoli-licia-lanza-eai978886250253","13":"first","14":"instock","15":"sale","16":"shipping-taxable","17":"purchasable","18":"product-type-simple"},"yoast_head":"<!-- This site is optimized with the Yoast SEO plugin v25.4 - https:\/\/yoast.com\/wordpress\/plugins\/seo\/ -->\n<title>Vivere l&#039;Italia - Guerini e Associati<\/title>\n<meta name=\"robots\" content=\"index, follow, max-snippet:-1, max-image-preview:large, max-video-preview:-1\" \/>\n<link rel=\"canonical\" href=\"https:\/\/www.guerini.it\/index.php\/prodotto\/vivere-l-italia\/\" \/>\n<meta property=\"og:locale\" content=\"it_IT\" \/>\n<meta property=\"og:type\" content=\"article\" \/>\n<meta property=\"og:title\" content=\"Vivere l&#039;Italia - Guerini e Associati\" \/>\n<meta property=\"og:description\" content=\"Vivere l\u2019Italia \u00e8 una raccolta di testi di attualit\u00e0, cultura e societ\u00e0 che propone una panoramica autentica sull\u2019Italia, offrendo l\u2019opportunit\u00e0 di accostarsi all\u2019universo linguistico e culturale italiano. Gli obiettivi di arricchimento lessicale, potenziamento delle abilit\u00e0 di interazione, comprensione e produzione scritta sono intrecciati a spunti per il confronto interculturale e per l\u2019analisi contrastiva tra l\u2019italiano e le lingue degli apprendenti per una efficace educazione linguistica.\" \/>\n<meta property=\"og:url\" content=\"https:\/\/www.guerini.it\/index.php\/prodotto\/vivere-l-italia\/\" \/>\n<meta property=\"og:site_name\" content=\"Guerini e Associati\" \/>\n<meta property=\"article:modified_time\" content=\"2024-06-12T12:42:05+00:00\" \/>\n<meta property=\"og:image\" content=\"https:\/\/www.guerini.it\/wp-content\/uploads\/2012\/05\/Vivere-lItalia.webp\" \/>\n\t<meta property=\"og:image:width\" content=\"1181\" \/>\n\t<meta property=\"og:image:height\" content=\"1735\" \/>\n\t<meta property=\"og:image:type\" content=\"image\/webp\" \/>\n<meta name=\"twitter:card\" content=\"summary_large_image\" \/>\n<meta name=\"twitter:label1\" content=\"Tempo di lettura stimato\" \/>\n\t<meta name=\"twitter:data1\" content=\"1 minuto\" \/>\n<!-- \/ Yoast SEO plugin. -->","yoast_head_json":{"title":"Vivere l'Italia - Guerini e Associati","robots":{"index":"index","follow":"follow","max-snippet":"max-snippet:-1","max-image-preview":"max-image-preview:large","max-video-preview":"max-video-preview:-1"},"canonical":"https:\/\/www.guerini.it\/index.php\/prodotto\/vivere-l-italia\/","og_locale":"it_IT","og_type":"article","og_title":"Vivere l'Italia - Guerini e Associati","og_description":"Vivere l\u2019Italia \u00e8 una raccolta di testi di attualit\u00e0, cultura e societ\u00e0 che propone una panoramica autentica sull\u2019Italia, offrendo l\u2019opportunit\u00e0 di accostarsi all\u2019universo linguistico e culturale italiano. Gli obiettivi di arricchimento lessicale, potenziamento delle abilit\u00e0 di interazione, comprensione e produzione scritta sono intrecciati a spunti per il confronto interculturale e per l\u2019analisi contrastiva tra l\u2019italiano e le lingue degli apprendenti per una efficace educazione linguistica.","og_url":"https:\/\/www.guerini.it\/index.php\/prodotto\/vivere-l-italia\/","og_site_name":"Guerini e Associati","article_modified_time":"2024-06-12T12:42:05+00:00","og_image":[{"width":1181,"height":1735,"url":"https:\/\/www.guerini.it\/wp-content\/uploads\/2012\/05\/Vivere-lItalia.webp","type":"image\/webp"}],"twitter_card":"summary_large_image","twitter_misc":{"Tempo di lettura stimato":"1 minuto"},"schema":{"@context":"https:\/\/schema.org","@graph":[{"@type":"WebPage","@id":"https:\/\/www.guerini.it\/index.php\/prodotto\/vivere-l-italia\/","url":"https:\/\/www.guerini.it\/index.php\/prodotto\/vivere-l-italia\/","name":"Vivere l'Italia - Guerini e Associati","isPartOf":{"@id":"https:\/\/www.guerini.it\/#website"},"primaryImageOfPage":{"@id":"https:\/\/www.guerini.it\/index.php\/prodotto\/vivere-l-italia\/#primaryimage"},"image":{"@id":"https:\/\/www.guerini.it\/index.php\/prodotto\/vivere-l-italia\/#primaryimage"},"thumbnailUrl":"https:\/\/www.guerini.it\/wp-content\/uploads\/2012\/05\/Vivere-lItalia.webp","datePublished":"2012-05-24T11:01:11+00:00","dateModified":"2024-06-12T12:42:05+00:00","breadcrumb":{"@id":"https:\/\/www.guerini.it\/index.php\/prodotto\/vivere-l-italia\/#breadcrumb"},"inLanguage":"it-IT","potentialAction":[{"@type":"ReadAction","target":["https:\/\/www.guerini.it\/index.php\/prodotto\/vivere-l-italia\/"]}]},{"@type":"ImageObject","inLanguage":"it-IT","@id":"https:\/\/www.guerini.it\/index.php\/prodotto\/vivere-l-italia\/#primaryimage","url":"https:\/\/www.guerini.it\/wp-content\/uploads\/2012\/05\/Vivere-lItalia.webp","contentUrl":"https:\/\/www.guerini.it\/wp-content\/uploads\/2012\/05\/Vivere-lItalia.webp","width":1181,"height":1735,"caption":"Copertina del volume Vivere l'Italia, Guerini Studio, 2010"},{"@type":"BreadcrumbList","@id":"https:\/\/www.guerini.it\/index.php\/prodotto\/vivere-l-italia\/#breadcrumb","itemListElement":[{"@type":"ListItem","position":1,"name":"Home","item":"https:\/\/www.guerini.it\/"},{"@type":"ListItem","position":2,"name":"Catalogo","item":"https:\/\/www.guerini.it\/index.php\/negozio\/"},{"@type":"ListItem","position":3,"name":"Vivere l&#8217;Italia"}]},{"@type":"WebSite","@id":"https:\/\/www.guerini.it\/#website","url":"https:\/\/www.guerini.it\/","name":"Guerini e Associati","description":"30 anni di libri, idee e libert\u00e0","publisher":{"@id":"https:\/\/www.guerini.it\/#organization"},"potentialAction":[{"@type":"SearchAction","target":{"@type":"EntryPoint","urlTemplate":"https:\/\/www.guerini.it\/?s={search_term_string}"},"query-input":{"@type":"PropertyValueSpecification","valueRequired":true,"valueName":"search_term_string"}}],"inLanguage":"it-IT"},{"@type":"Organization","@id":"https:\/\/www.guerini.it\/#organization","name":"Guerini e Associati","url":"https:\/\/www.guerini.it\/","logo":{"@type":"ImageObject","inLanguage":"it-IT","@id":"https:\/\/www.guerini.it\/#\/schema\/logo\/image\/","url":"https:\/\/www.guerini.it\/wp-content\/uploads\/2021\/03\/Logo-Guerini-OK_-e1615831292285.png","contentUrl":"https:\/\/www.guerini.it\/wp-content\/uploads\/2021\/03\/Logo-Guerini-OK_-e1615831292285.png","width":2805,"height":1870,"caption":"Guerini e Associati"},"image":{"@id":"https:\/\/www.guerini.it\/#\/schema\/logo\/image\/"}}]}},"_links":{"self":[{"href":"https:\/\/www.guerini.it\/index.php\/wp-json\/wp\/v2\/product\/14903","targetHints":{"allow":["GET"]}}],"collection":[{"href":"https:\/\/www.guerini.it\/index.php\/wp-json\/wp\/v2\/product"}],"about":[{"href":"https:\/\/www.guerini.it\/index.php\/wp-json\/wp\/v2\/types\/product"}],"wp:featuredmedia":[{"embeddable":true,"href":"https:\/\/www.guerini.it\/index.php\/wp-json\/wp\/v2\/media\/23761"}],"wp:attachment":[{"href":"https:\/\/www.guerini.it\/index.php\/wp-json\/wp\/v2\/media?parent=14903"}],"wp:term":[{"taxonomy":"product_brand","embeddable":true,"href":"https:\/\/www.guerini.it\/index.php\/wp-json\/wp\/v2\/product_brand?post=14903"},{"taxonomy":"product_cat","embeddable":true,"href":"https:\/\/www.guerini.it\/index.php\/wp-json\/wp\/v2\/product_cat?post=14903"},{"taxonomy":"product_tag","embeddable":true,"href":"https:\/\/www.guerini.it\/index.php\/wp-json\/wp\/v2\/product_tag?post=14903"}],"curies":[{"name":"wp","href":"https:\/\/api.w.org\/{rel}","templated":true}]}}

<p style="text-align: justify;"><em>Vivere l’Italia</em> è una raccolta di testi di attualità, cultura e società che propone una panoramica autentica sull’Italia, offrendo al lettore l’opportunità di accostarsi all’universo linguistico e culturale italiano.<br />
La ricca gamma di attività, giochi e tecniche didattiche favorisce un percorso di apprendimento induttivo che consente l’acquisizione attiva degli elementi socio-linguistici previsti dal livello A1 del Quadro comune europeo per le lingue.<br />
Gli obiettivi di arricchimento lessicale, potenziamento delle abilità di interazione, comprensione e produzione scritta sono intrecciati a spunti per il confronto interculturale e per l’analisi contrastiva tra l’italiano e le lingue degli apprendenti, elementi essenziali in un efficace percorso di educazione linguistica.</p>

<p>Vivere l’Italia è una raccolta di testi di attualità, cultura e società che propone una panoramica autentica sull’Italia, offrendo l’opportunità di accostarsi all’universo linguistico e culturale italiano. Gli obiettivi di arricchimento lessicale, potenziamento delle abilità di interazione, comprensione e produzione scritta sono intrecciati a spunti per il confronto interculturale e per l’analisi contrastiva tra l’italiano e le lingue degli apprendenti per una efficace educazione linguistica.</p>

<!-- This site is optimized with the Yoast SEO plugin v25.4 - https://yoast.com/wordpress/plugins/seo/ -->
<title>Vivere l&#039;Italia - Guerini e Associati</title>
<meta name="robots" content="index, follow, max-snippet:-1, max-image-preview:large, max-video-preview:-1" />
<link rel="canonical" href="https://www.guerini.it/index.php/prodotto/vivere-l-italia/" />
<meta property="og:locale" content="it_IT" />
<meta property="og:type" content="article" />
<meta property="og:title" content="Vivere l&#039;Italia - Guerini e Associati" />
<meta property="og:description" content="Vivere l’Italia è una raccolta di testi di attualità, cultura e società che propone una panoramica autentica sull’Italia, offrendo l’opportunità di accostarsi all’universo linguistico e culturale italiano. Gli obiettivi di arricchimento lessicale, potenziamento delle abilità di interazione, comprensione e produzione scritta sono intrecciati a spunti per il confronto interculturale e per l’analisi contrastiva tra l’italiano e le lingue degli apprendenti per una efficace educazione linguistica." />
<meta property="og:url" content="https://www.guerini.it/index.php/prodotto/vivere-l-italia/" />
<meta property="og:site_name" content="Guerini e Associati" />
<meta property="article:modified_time" content="2024-06-12T12:42:05+00:00" />
<meta property="og:image" content="https://www.guerini.it/wp-content/uploads/2012/05/Vivere-lItalia.webp" />
	<meta property="og:image:width" content="1181" />
	<meta property="og:image:height" content="1735" />
	<meta property="og:image:type" content="image/webp" />
<meta name="twitter:card" content="summary_large_image" />
<meta name="twitter:label1" content="Tempo di lettura stimato" />
	<meta name="twitter:data1" content="1 minuto" />
<!-- / Yoast SEO plugin. -->

Vivere l’Italia è una raccolta di testi di attualità, cultura e società che propone una panoramica autentica sull’Italia, offrendo l’opportunità di accostarsi all’universo linguistico e culturale italiano. Gli obiettivi di arricchimento lessicale, potenziamento delle abilità di interazione, comprensione e produzione scritta sono intrecciati a spunti per il confronto interculturale e per l’analisi contrastiva tra l’italiano e le lingue degli apprendenti per una efficace educazione linguistica.

30 anni di libri, idee e libertà
