{"id":14940,"date":"2012-05-24T13:01:12","date_gmt":"2012-05-24T11:01:12","guid":{"rendered":"https:\/\/test.guerini.it\/?product=human-spirits-e-cultura-d-impresa"},"modified":"2024-06-12T14:39:55","modified_gmt":"2024-06-12T12:39:55","slug":"human-spirits-e-cultura-d-impresa","status":"publish","type":"product","link":"https:\/\/www.guerini.it\/index.php\/prodotto\/human-spirits-e-cultura-d-impresa\/","title":{"rendered":"Human spirits e cultura d&#8217;impresa"},"content":{"rendered":"<p>Imprenditoria &egrave; sinonimo di coraggio, intraprendenza, lungimiranza e capacit&agrave; di trasformare le idee in azioni. Queste caratteristiche, in apparenza scontate, sono invece essenziali per la buona riuscita di qualsiasi progetto e capisaldi della cultura d&rsquo;impresa. Ma qual &egrave; il valore intrinseco di una societ&agrave; imprenditoriale? Questa ipotesi &egrave; il punto di partenza dell&rsquo;analisi delle autrici: un excursus che accompagna il lettore nei diversi significati del fare impresa. Attraverso interviste, approfondimenti ed esempi pratici, indicano un percorso per spingere tutti, specie le nuove generazioni, ad assumere un atteggiamento pi&ugrave; intraprendente.<\/p>\n<p><a href=\"http:\/\/humanspirits12.blogspot.it\/\" target=\"_blank\" rel=\"noopener\"> Segui il blog del libro<\/a><\/p>\n","protected":false},"excerpt":{"rendered":"<p>Imprenditoria \u00e8 sinonimo di coraggio, intraprendenza, lungimiranza e capacit\u00e0 di trasformare le idee in azioni. Queste caratteristiche, in apparenza scontate, sono invece essenziali per la buona riuscita di qualsiasi progetto e capisaldi della cultura d\u2019impresa. Ma qual \u00e8 il valore intrinseco di una societ\u00e0 imprenditoriale? Questa ipotesi \u00e8 il punto di partenza dell\u2019analisi delle autrici: un excursus che accompagna il lettore nei diversi significati del fare impresa. Attraverso interviste, approfondimenti ed esempi pratici, indicano un percorso per spingere tutti, specie le nuove generazioni, ad assumere un atteggiamento pi\u00f9 intraprendente.<\/p>\n","protected":false},"featured_media":14939,"template":"","meta":{"_editorskit_title_hidden":false,"_editorskit_reading_time":0,"_editorskit_is_block_options_detached":false,"_editorskit_block_options_position":"{}","_monsterinsights_skip_tracking":false,"_monsterinsights_sitenote_active":false,"_monsterinsights_sitenote_note":"","_monsterinsights_sitenote_category":0},"product_brand":[],"product_cat":[6529],"product_tag":[],"class_list":{"0":"post-14940","1":"product","2":"type-product","3":"status-publish","4":"has-post-thumbnail","6":"product_cat-economia-e-management","7":"pa_country_of_manufacture-it","8":"pa_guerini_strillo-63-unaroadmapperforgiareunanu","10":"first","11":"outofstock","12":"sale","13":"shipping-taxable","14":"purchasable","15":"product-type-simple"},"yoast_head":"<!-- This site is optimized with the Yoast SEO plugin v25.4 - https:\/\/yoast.com\/wordpress\/plugins\/seo\/ -->\n<title>Human spirits e cultura d&#039;impresa - Guerini e Associati<\/title>\n<meta name=\"robots\" content=\"index, follow, max-snippet:-1, max-image-preview:large, max-video-preview:-1\" \/>\n<link rel=\"canonical\" href=\"https:\/\/www.guerini.it\/index.php\/prodotto\/human-spirits-e-cultura-d-impresa\/\" \/>\n<meta property=\"og:locale\" content=\"it_IT\" \/>\n<meta property=\"og:type\" content=\"article\" \/>\n<meta property=\"og:title\" content=\"Human spirits e cultura d&#039;impresa - Guerini e Associati\" \/>\n<meta property=\"og:description\" content=\"Imprenditoria \u00e8 sinonimo di coraggio, intraprendenza, lungimiranza e capacit\u00e0 di trasformare le idee in azioni. Queste caratteristiche, in apparenza scontate, sono invece essenziali per la buona riuscita di qualsiasi progetto e capisaldi della cultura d\u2019impresa. Ma qual \u00e8 il valore intrinseco di una societ\u00e0 imprenditoriale? Questa ipotesi \u00e8 il punto di partenza dell\u2019analisi delle autrici: un excursus che accompagna il lettore nei diversi significati del fare impresa. Attraverso interviste, approfondimenti ed esempi pratici, indicano un percorso per spingere tutti, specie le nuove generazioni, ad assumere un atteggiamento pi\u00f9 intraprendente.\" \/>\n<meta property=\"og:url\" content=\"https:\/\/www.guerini.it\/index.php\/prodotto\/human-spirits-e-cultura-d-impresa\/\" \/>\n<meta property=\"og:site_name\" content=\"Guerini e Associati\" \/>\n<meta property=\"article:modified_time\" content=\"2024-06-12T12:39:55+00:00\" \/>\n<meta property=\"og:image\" content=\"https:\/\/www.guerini.it\/wp-content\/uploads\/2012\/05\/human.spirits.cmyb_.alta_265x431.jpg\" \/>\n\t<meta property=\"og:image:width\" content=\"265\" \/>\n\t<meta property=\"og:image:height\" content=\"431\" \/>\n\t<meta property=\"og:image:type\" content=\"image\/jpeg\" \/>\n<meta name=\"twitter:card\" content=\"summary_large_image\" \/>\n<meta name=\"twitter:label1\" content=\"Tempo di lettura stimato\" \/>\n\t<meta name=\"twitter:data1\" content=\"1 minuto\" \/>\n<!-- \/ Yoast SEO plugin. -->","yoast_head_json":{"title":"Human spirits e cultura d'impresa - Guerini e Associati","robots":{"index":"index","follow":"follow","max-snippet":"max-snippet:-1","max-image-preview":"max-image-preview:large","max-video-preview":"max-video-preview:-1"},"canonical":"https:\/\/www.guerini.it\/index.php\/prodotto\/human-spirits-e-cultura-d-impresa\/","og_locale":"it_IT","og_type":"article","og_title":"Human spirits e cultura d'impresa - Guerini e Associati","og_description":"Imprenditoria \u00e8 sinonimo di coraggio, intraprendenza, lungimiranza e capacit\u00e0 di trasformare le idee in azioni. Queste caratteristiche, in apparenza scontate, sono invece essenziali per la buona riuscita di qualsiasi progetto e capisaldi della cultura d\u2019impresa. Ma qual \u00e8 il valore intrinseco di una societ\u00e0 imprenditoriale? Questa ipotesi \u00e8 il punto di partenza dell\u2019analisi delle autrici: un excursus che accompagna il lettore nei diversi significati del fare impresa. Attraverso interviste, approfondimenti ed esempi pratici, indicano un percorso per spingere tutti, specie le nuove generazioni, ad assumere un atteggiamento pi\u00f9 intraprendente.","og_url":"https:\/\/www.guerini.it\/index.php\/prodotto\/human-spirits-e-cultura-d-impresa\/","og_site_name":"Guerini e Associati","article_modified_time":"2024-06-12T12:39:55+00:00","og_image":[{"width":265,"height":431,"url":"https:\/\/www.guerini.it\/wp-content\/uploads\/2012\/05\/human.spirits.cmyb_.alta_265x431.jpg","type":"image\/jpeg"}],"twitter_card":"summary_large_image","twitter_misc":{"Tempo di lettura stimato":"1 minuto"},"schema":{"@context":"https:\/\/schema.org","@graph":[{"@type":"WebPage","@id":"https:\/\/www.guerini.it\/index.php\/prodotto\/human-spirits-e-cultura-d-impresa\/","url":"https:\/\/www.guerini.it\/index.php\/prodotto\/human-spirits-e-cultura-d-impresa\/","name":"Human spirits e cultura d'impresa - Guerini e Associati","isPartOf":{"@id":"https:\/\/www.guerini.it\/#website"},"primaryImageOfPage":{"@id":"https:\/\/www.guerini.it\/index.php\/prodotto\/human-spirits-e-cultura-d-impresa\/#primaryimage"},"image":{"@id":"https:\/\/www.guerini.it\/index.php\/prodotto\/human-spirits-e-cultura-d-impresa\/#primaryimage"},"thumbnailUrl":"https:\/\/www.guerini.it\/wp-content\/uploads\/2012\/05\/human.spirits.cmyb_.alta_265x431.jpg","datePublished":"2012-05-24T11:01:12+00:00","dateModified":"2024-06-12T12:39:55+00:00","breadcrumb":{"@id":"https:\/\/www.guerini.it\/index.php\/prodotto\/human-spirits-e-cultura-d-impresa\/#breadcrumb"},"inLanguage":"it-IT","potentialAction":[{"@type":"ReadAction","target":["https:\/\/www.guerini.it\/index.php\/prodotto\/human-spirits-e-cultura-d-impresa\/"]}]},{"@type":"ImageObject","inLanguage":"it-IT","@id":"https:\/\/www.guerini.it\/index.php\/prodotto\/human-spirits-e-cultura-d-impresa\/#primaryimage","url":"https:\/\/www.guerini.it\/wp-content\/uploads\/2012\/05\/human.spirits.cmyb_.alta_265x431.jpg","contentUrl":"https:\/\/www.guerini.it\/wp-content\/uploads\/2012\/05\/human.spirits.cmyb_.alta_265x431.jpg","width":265,"height":431,"caption":"Human spirits e cultura d'impresa"},{"@type":"BreadcrumbList","@id":"https:\/\/www.guerini.it\/index.php\/prodotto\/human-spirits-e-cultura-d-impresa\/#breadcrumb","itemListElement":[{"@type":"ListItem","position":1,"name":"Home","item":"https:\/\/www.guerini.it\/"},{"@type":"ListItem","position":2,"name":"Catalogo","item":"https:\/\/www.guerini.it\/index.php\/negozio\/"},{"@type":"ListItem","position":3,"name":"Human spirits e cultura d&#8217;impresa"}]},{"@type":"WebSite","@id":"https:\/\/www.guerini.it\/#website","url":"https:\/\/www.guerini.it\/","name":"Guerini e Associati","description":"30 anni di libri, idee e libert\u00e0","publisher":{"@id":"https:\/\/www.guerini.it\/#organization"},"potentialAction":[{"@type":"SearchAction","target":{"@type":"EntryPoint","urlTemplate":"https:\/\/www.guerini.it\/?s={search_term_string}"},"query-input":{"@type":"PropertyValueSpecification","valueRequired":true,"valueName":"search_term_string"}}],"inLanguage":"it-IT"},{"@type":"Organization","@id":"https:\/\/www.guerini.it\/#organization","name":"Guerini e Associati","url":"https:\/\/www.guerini.it\/","logo":{"@type":"ImageObject","inLanguage":"it-IT","@id":"https:\/\/www.guerini.it\/#\/schema\/logo\/image\/","url":"https:\/\/www.guerini.it\/wp-content\/uploads\/2021\/03\/Logo-Guerini-OK_-e1615831292285.png","contentUrl":"https:\/\/www.guerini.it\/wp-content\/uploads\/2021\/03\/Logo-Guerini-OK_-e1615831292285.png","width":2805,"height":1870,"caption":"Guerini e Associati"},"image":{"@id":"https:\/\/www.guerini.it\/#\/schema\/logo\/image\/"}}]}},"_links":{"self":[{"href":"https:\/\/www.guerini.it\/index.php\/wp-json\/wp\/v2\/product\/14940","targetHints":{"allow":["GET"]}}],"collection":[{"href":"https:\/\/www.guerini.it\/index.php\/wp-json\/wp\/v2\/product"}],"about":[{"href":"https:\/\/www.guerini.it\/index.php\/wp-json\/wp\/v2\/types\/product"}],"wp:featuredmedia":[{"embeddable":true,"href":"https:\/\/www.guerini.it\/index.php\/wp-json\/wp\/v2\/media\/14939"}],"wp:attachment":[{"href":"https:\/\/www.guerini.it\/index.php\/wp-json\/wp\/v2\/media?parent=14940"}],"wp:term":[{"taxonomy":"product_brand","embeddable":true,"href":"https:\/\/www.guerini.it\/index.php\/wp-json\/wp\/v2\/product_brand?post=14940"},{"taxonomy":"product_cat","embeddable":true,"href":"https:\/\/www.guerini.it\/index.php\/wp-json\/wp\/v2\/product_cat?post=14940"},{"taxonomy":"product_tag","embeddable":true,"href":"https:\/\/www.guerini.it\/index.php\/wp-json\/wp\/v2\/product_tag?post=14940"}],"curies":[{"name":"wp","href":"https:\/\/api.w.org\/{rel}","templated":true}]}}