{"id":14975,"date":"2012-06-19T21:16:27","date_gmt":"2012-06-19T19:16:27","guid":{"rendered":"https:\/\/test.guerini.it\/?product=pogliana-donne-management-differenza-978-88-6250-392-1"},"modified":"2024-06-12T14:39:50","modified_gmt":"2024-06-12T12:39:50","slug":"pogliana-donne-management-differenza-978-88-6250-392-1","status":"publish","type":"product","link":"https:\/\/www.guerini.it\/index.php\/prodotto\/pogliana-donne-management-differenza-978-88-6250-392-1\/","title":{"rendered":"Le donne il management la differenza"},"content":{"rendered":"<p>Nuovi pensieri e nuove pratiche emergono dal confronto tra donne manager che, in ruoli decisionali importanti, hanno mantenuto vivo il loro stupore dinnanzi a ci\u00f2 che appare insensato, ingiusto, non generativo e fonte di disvalore. In questi luoghi di uomini, anzich\u00e9 sforzarsi di adeguarsi, si sono fondate sulla propria differenza. Mostrando che \u00e8 possibile schivare l\u2019aut aut tra assimilazione ed esclusione.<br \/>\nAl centro dell\u2019attenzione, un tema spesso lasciato tra le righe: il rapporto con il potere. Un potere \u00abmaschile\u00bb, che in azienda si manifesta troppe volte come dominio. Il punto di vista differente mostra i guasti di questo potere, e porta un altro modo di intendere l\u2019azienda: luogo dove convergono interessi diversi ma dei quali \u2013 tutti \u2013 bisogna tenere conto. Emerge cos\u00ec un nuovo, pi\u00f9 sensato atteggiamento orientato alla guida, alla cura e al governo. Si tratta di una opportunit\u00e0 da cogliere \u2013 per le donne, per chi dirige l\u2019azienda e chi vi lavora, per le aziende nel loro insieme.<br \/>\nLa differenza femminile ha questa portata: allarga e cambia gli orizzonti manageriali. <\/p>\n","protected":false},"excerpt":{"rendered":"<p>Nuovi pensieri e nuove pratiche emergono dal confronto tra donne manager che, in ruoli decisionali importanti, hanno mantenuto vivo il loro stupore dinnanzi a ci\u00f2 che appare insensato, ingiusto, non generativo e fonte di disvalore. In questi luoghi di uomini, anzich\u00e9 sforzarsi di adeguarsi, si sono fondate sulla propria differenza. Mostrando che \u00e8 possibile schivare l\u2019aut aut tra assimilazione ed esclusione.<br \/>\nAl centro dell\u2019attenzione, un tema spesso lasciato tra le righe: il rapporto con il potere. Un potere \u00abmaschile\u00bb, che in azienda si manifesta troppe volte come dominio. Il punto di vista differente mostra i guasti di questo potere, e porta un altro modo di intendere l\u2019azienda: luogo dove convergono interessi diversi ma dei quali \u2013 tutti \u2013 bisogna tenere conto. Emerge cos\u00ec un nuovo, pi\u00f9 sensato atteggiamento orientato alla guida, alla cura e al governo. Si tratta di una opportunit\u00e0 da cogliere \u2013 per le donne, per chi dirige l\u2019azienda e chi vi lavora, per le aziende nel loro insieme.<br \/>\nLa differenza femminile ha questa portata: allarga e cambia gli orizzonti manageriali. <\/p>\n","protected":false},"featured_media":14974,"template":"","meta":{"_editorskit_title_hidden":false,"_editorskit_reading_time":0,"_editorskit_is_block_options_detached":false,"_editorskit_block_options_position":"{}","_monsterinsights_skip_tracking":false,"_monsterinsights_sitenote_active":false,"_monsterinsights_sitenote_note":"","_monsterinsights_sitenote_category":0},"product_brand":[],"product_cat":[6529,6622,6540],"product_tag":[],"class_list":{"0":"post-14975","1":"product","2":"type-product","3":"status-publish","4":"has-post-thumbnail","6":"product_cat-economia-e-management","7":"product_cat-bp","8":"product_cat-libri","9":"pa_guerini_amazon_link-https-www-amazon-it-donne-management-differenza-governare-aziende-dp-886250392x","10":"pa_guerini_feltrinelli_link-https-tidd-ly-3oeldyg","11":"pa_guerini_ibs_link-https-tidd-ly-3vqqkrz","12":"pa_guerini_libruniver_link-https-www-libreriauniversitaria-it-donne-management-differenza-altro-modo-libro-9788862503921","13":"pa_guerini_mondadori_link-https-www-mondadoristore-it-donne-management-luisa-pogliana-eai978886250392","14":"pa_guerini_strillo-29-ladiversitastabilisceuncon","16":"first","17":"outofstock","18":"sale","19":"shipping-taxable","20":"purchasable","21":"product-type-simple"},"yoast_head":"<!-- This site is optimized with the Yoast SEO plugin v25.4 - https:\/\/yoast.com\/wordpress\/plugins\/seo\/ -->\n<title>Le donne il management la differenza - Guerini e Associati<\/title>\n<meta name=\"robots\" content=\"index, follow, max-snippet:-1, max-image-preview:large, max-video-preview:-1\" \/>\n<link rel=\"canonical\" href=\"https:\/\/www.guerini.it\/index.php\/prodotto\/pogliana-donne-management-differenza-978-88-6250-392-1\/\" \/>\n<meta property=\"og:locale\" content=\"it_IT\" \/>\n<meta property=\"og:type\" content=\"article\" \/>\n<meta property=\"og:title\" content=\"Le donne il management la differenza - Guerini e Associati\" \/>\n<meta property=\"og:description\" content=\"Nuovi pensieri e nuove pratiche emergono dal confronto tra donne manager che, in ruoli decisionali importanti, hanno mantenuto vivo il loro stupore dinnanzi a ci\u00f2 che appare insensato, ingiusto, non generativo e fonte di disvalore. In questi luoghi di uomini, anzich\u00e9 sforzarsi di adeguarsi, si sono fondate sulla propria differenza. Mostrando che \u00e8 possibile schivare l\u2019aut aut tra assimilazione ed esclusione. Al centro dell\u2019attenzione, un tema spesso lasciato tra le righe: il rapporto con il potere. Un potere \u00abmaschile\u00bb, che in azienda si manifesta troppe volte come dominio. Il punto di vista differente mostra i guasti di questo potere, e porta un altro modo di intendere l\u2019azienda: luogo dove convergono interessi diversi ma dei quali \u2013 tutti \u2013 bisogna tenere conto. Emerge cos\u00ec un nuovo, pi\u00f9 sensato atteggiamento orientato alla guida, alla cura e al governo. Si tratta di una opportunit\u00e0 da cogliere \u2013 per le donne, per chi dirige l\u2019azienda e chi vi lavora, per le aziende nel loro insieme. La differenza femminile ha questa portata: allarga e cambia gli orizzonti manageriali.\" \/>\n<meta property=\"og:url\" content=\"https:\/\/www.guerini.it\/index.php\/prodotto\/pogliana-donne-management-differenza-978-88-6250-392-1\/\" \/>\n<meta property=\"og:site_name\" content=\"Guerini e Associati\" \/>\n<meta property=\"article:modified_time\" content=\"2024-06-12T12:39:50+00:00\" \/>\n<meta property=\"og:image\" content=\"https:\/\/www.guerini.it\/wp-content\/uploads\/2012\/06\/pogliana.jpg\" \/>\n\t<meta property=\"og:image:width\" content=\"265\" \/>\n\t<meta property=\"og:image:height\" content=\"413\" \/>\n\t<meta property=\"og:image:type\" content=\"image\/jpeg\" \/>\n<meta name=\"twitter:card\" content=\"summary_large_image\" \/>\n<meta name=\"twitter:label1\" content=\"Tempo di lettura stimato\" \/>\n\t<meta name=\"twitter:data1\" content=\"1 minuto\" \/>\n<!-- \/ Yoast SEO plugin. -->","yoast_head_json":{"title":"Le donne il management la differenza - Guerini e Associati","robots":{"index":"index","follow":"follow","max-snippet":"max-snippet:-1","max-image-preview":"max-image-preview:large","max-video-preview":"max-video-preview:-1"},"canonical":"https:\/\/www.guerini.it\/index.php\/prodotto\/pogliana-donne-management-differenza-978-88-6250-392-1\/","og_locale":"it_IT","og_type":"article","og_title":"Le donne il management la differenza - Guerini e Associati","og_description":"Nuovi pensieri e nuove pratiche emergono dal confronto tra donne manager che, in ruoli decisionali importanti, hanno mantenuto vivo il loro stupore dinnanzi a ci\u00f2 che appare insensato, ingiusto, non generativo e fonte di disvalore. In questi luoghi di uomini, anzich\u00e9 sforzarsi di adeguarsi, si sono fondate sulla propria differenza. Mostrando che \u00e8 possibile schivare l\u2019aut aut tra assimilazione ed esclusione. Al centro dell\u2019attenzione, un tema spesso lasciato tra le righe: il rapporto con il potere. Un potere \u00abmaschile\u00bb, che in azienda si manifesta troppe volte come dominio. Il punto di vista differente mostra i guasti di questo potere, e porta un altro modo di intendere l\u2019azienda: luogo dove convergono interessi diversi ma dei quali \u2013 tutti \u2013 bisogna tenere conto. Emerge cos\u00ec un nuovo, pi\u00f9 sensato atteggiamento orientato alla guida, alla cura e al governo. Si tratta di una opportunit\u00e0 da cogliere \u2013 per le donne, per chi dirige l\u2019azienda e chi vi lavora, per le aziende nel loro insieme. La differenza femminile ha questa portata: allarga e cambia gli orizzonti manageriali.","og_url":"https:\/\/www.guerini.it\/index.php\/prodotto\/pogliana-donne-management-differenza-978-88-6250-392-1\/","og_site_name":"Guerini e Associati","article_modified_time":"2024-06-12T12:39:50+00:00","og_image":[{"width":265,"height":413,"url":"https:\/\/www.guerini.it\/wp-content\/uploads\/2012\/06\/pogliana.jpg","type":"image\/jpeg"}],"twitter_card":"summary_large_image","twitter_misc":{"Tempo di lettura stimato":"1 minuto"},"schema":{"@context":"https:\/\/schema.org","@graph":[{"@type":"WebPage","@id":"https:\/\/www.guerini.it\/index.php\/prodotto\/pogliana-donne-management-differenza-978-88-6250-392-1\/","url":"https:\/\/www.guerini.it\/index.php\/prodotto\/pogliana-donne-management-differenza-978-88-6250-392-1\/","name":"Le donne il management la differenza - Guerini e Associati","isPartOf":{"@id":"https:\/\/www.guerini.it\/#website"},"primaryImageOfPage":{"@id":"https:\/\/www.guerini.it\/index.php\/prodotto\/pogliana-donne-management-differenza-978-88-6250-392-1\/#primaryimage"},"image":{"@id":"https:\/\/www.guerini.it\/index.php\/prodotto\/pogliana-donne-management-differenza-978-88-6250-392-1\/#primaryimage"},"thumbnailUrl":"https:\/\/www.guerini.it\/wp-content\/uploads\/2012\/06\/pogliana.jpg","datePublished":"2012-06-19T19:16:27+00:00","dateModified":"2024-06-12T12:39:50+00:00","breadcrumb":{"@id":"https:\/\/www.guerini.it\/index.php\/prodotto\/pogliana-donne-management-differenza-978-88-6250-392-1\/#breadcrumb"},"inLanguage":"it-IT","potentialAction":[{"@type":"ReadAction","target":["https:\/\/www.guerini.it\/index.php\/prodotto\/pogliana-donne-management-differenza-978-88-6250-392-1\/"]}]},{"@type":"ImageObject","inLanguage":"it-IT","@id":"https:\/\/www.guerini.it\/index.php\/prodotto\/pogliana-donne-management-differenza-978-88-6250-392-1\/#primaryimage","url":"https:\/\/www.guerini.it\/wp-content\/uploads\/2012\/06\/pogliana.jpg","contentUrl":"https:\/\/www.guerini.it\/wp-content\/uploads\/2012\/06\/pogliana.jpg","width":265,"height":413,"caption":"Le donne il management la differenza"},{"@type":"BreadcrumbList","@id":"https:\/\/www.guerini.it\/index.php\/prodotto\/pogliana-donne-management-differenza-978-88-6250-392-1\/#breadcrumb","itemListElement":[{"@type":"ListItem","position":1,"name":"Home","item":"https:\/\/www.guerini.it\/"},{"@type":"ListItem","position":2,"name":"Catalogo","item":"https:\/\/www.guerini.it\/index.php\/negozio\/"},{"@type":"ListItem","position":3,"name":"Le donne il management la differenza"}]},{"@type":"WebSite","@id":"https:\/\/www.guerini.it\/#website","url":"https:\/\/www.guerini.it\/","name":"Guerini e Associati","description":"30 anni di libri, idee e libert\u00e0","publisher":{"@id":"https:\/\/www.guerini.it\/#organization"},"potentialAction":[{"@type":"SearchAction","target":{"@type":"EntryPoint","urlTemplate":"https:\/\/www.guerini.it\/?s={search_term_string}"},"query-input":{"@type":"PropertyValueSpecification","valueRequired":true,"valueName":"search_term_string"}}],"inLanguage":"it-IT"},{"@type":"Organization","@id":"https:\/\/www.guerini.it\/#organization","name":"Guerini e Associati","url":"https:\/\/www.guerini.it\/","logo":{"@type":"ImageObject","inLanguage":"it-IT","@id":"https:\/\/www.guerini.it\/#\/schema\/logo\/image\/","url":"https:\/\/www.guerini.it\/wp-content\/uploads\/2021\/03\/Logo-Guerini-OK_-e1615831292285.png","contentUrl":"https:\/\/www.guerini.it\/wp-content\/uploads\/2021\/03\/Logo-Guerini-OK_-e1615831292285.png","width":2805,"height":1870,"caption":"Guerini e Associati"},"image":{"@id":"https:\/\/www.guerini.it\/#\/schema\/logo\/image\/"}}]}},"_links":{"self":[{"href":"https:\/\/www.guerini.it\/index.php\/wp-json\/wp\/v2\/product\/14975","targetHints":{"allow":["GET"]}}],"collection":[{"href":"https:\/\/www.guerini.it\/index.php\/wp-json\/wp\/v2\/product"}],"about":[{"href":"https:\/\/www.guerini.it\/index.php\/wp-json\/wp\/v2\/types\/product"}],"wp:featuredmedia":[{"embeddable":true,"href":"https:\/\/www.guerini.it\/index.php\/wp-json\/wp\/v2\/media\/14974"}],"wp:attachment":[{"href":"https:\/\/www.guerini.it\/index.php\/wp-json\/wp\/v2\/media?parent=14975"}],"wp:term":[{"taxonomy":"product_brand","embeddable":true,"href":"https:\/\/www.guerini.it\/index.php\/wp-json\/wp\/v2\/product_brand?post=14975"},{"taxonomy":"product_cat","embeddable":true,"href":"https:\/\/www.guerini.it\/index.php\/wp-json\/wp\/v2\/product_cat?post=14975"},{"taxonomy":"product_tag","embeddable":true,"href":"https:\/\/www.guerini.it\/index.php\/wp-json\/wp\/v2\/product_tag?post=14975"}],"curies":[{"name":"wp","href":"https:\/\/api.w.org\/{rel}","templated":true}]}}