{"id":15002,"date":"2012-06-29T20:20:47","date_gmt":"2012-06-29T18:20:47","guid":{"rendered":"https:\/\/test.guerini.it\/?product=belloni-esportare-l-italia-978-88-6250-399-0"},"modified":"2024-06-12T14:39:44","modified_gmt":"2024-06-12T12:39:44","slug":"belloni-esportare-l-italia-978-88-6250-399-0","status":"publish","type":"product","link":"https:\/\/www.guerini.it\/index.php\/prodotto\/belloni-esportare-l-italia-978-88-6250-399-0\/","title":{"rendered":"Esportare l&#8217;Italia"},"content":{"rendered":"<p>Esportare in un mondo ormai piatto, non \u00e8 pi\u00f9 solo una virt\u00f9 ma una consuetudine ed esportare da un Paese fermo, non \u00e8 pi\u00f9 solo un\u2019opportunit\u00e0, ma una concreta necessit\u00e0.<br \/>\nEsportare l\u2019Italia per dare (ancora) un futuro di benessere al nostro paese e tenerlo agganciato alla serie A del mondo. Ma farlo meglio, in modo pi\u00f9 sistemico e organizzato di come le imprese tricolore facciano oggi. \u00c9 questo il senso e il valore del libro di Antonio Belloni, condensato in capitoli agili e puntuali che dipanano luci e ombre del nostro made in Italy. <\/p>\n","protected":false},"excerpt":{"rendered":"<p>Esportare in un mondo ormai piatto, non \u00e8 pi\u00f9 solo una virt\u00f9 ma una consuetudine ed esportare da un Paese fermo, non \u00e8 pi\u00f9 solo un\u2019opportunit\u00e0, ma una concreta necessit\u00e0.<br \/>\nEsportare l\u2019Italia per dare (ancora) un futuro di benessere al nostro paese e tenerlo agganciato alla serie A del mondo. Ma farlo meglio, in modo pi\u00f9 sistemico e organizzato di come le imprese tricolore facciano oggi. \u00c9 questo il senso e il valore del libro di Antonio Belloni, condensato in capitoli agili e puntuali che dipanano luci e ombre del nostro made in Italy. <\/p>\n","protected":false},"featured_media":15001,"template":"","meta":{"_editorskit_title_hidden":false,"_editorskit_reading_time":0,"_editorskit_is_block_options_detached":false,"_editorskit_block_options_position":"{}","_monsterinsights_skip_tracking":false,"_monsterinsights_sitenote_active":false,"_monsterinsights_sitenote_note":"","_monsterinsights_sitenote_category":0},"product_brand":[],"product_cat":[6529,6671],"product_tag":[],"class_list":{"0":"post-15002","1":"product","2":"type-product","3":"status-publish","4":"has-post-thumbnail","6":"product_cat-economia-e-management","7":"product_cat-ns","9":"first","10":"outofstock","11":"sale","12":"shipping-taxable","13":"purchasable","14":"product-type-simple"},"yoast_head":"<!-- This site is optimized with the Yoast SEO plugin v25.4 - https:\/\/yoast.com\/wordpress\/plugins\/seo\/ -->\n<title>Esportare l&#039;Italia - Guerini e Associati<\/title>\n<meta name=\"robots\" content=\"index, follow, max-snippet:-1, max-image-preview:large, max-video-preview:-1\" \/>\n<link rel=\"canonical\" href=\"https:\/\/www.guerini.it\/index.php\/prodotto\/belloni-esportare-l-italia-978-88-6250-399-0\/\" \/>\n<meta property=\"og:locale\" content=\"it_IT\" \/>\n<meta property=\"og:type\" content=\"article\" \/>\n<meta property=\"og:title\" content=\"Esportare l&#039;Italia - Guerini e Associati\" \/>\n<meta property=\"og:description\" content=\"Esportare in un mondo ormai piatto, non \u00e8 pi\u00f9 solo una virt\u00f9 ma una consuetudine ed esportare da un Paese fermo, non \u00e8 pi\u00f9 solo un\u2019opportunit\u00e0, ma una concreta necessit\u00e0. Esportare l\u2019Italia per dare (ancora) un futuro di benessere al nostro paese e tenerlo agganciato alla serie A del mondo. Ma farlo meglio, in modo pi\u00f9 sistemico e organizzato di come le imprese tricolore facciano oggi. \u00c9 questo il senso e il valore del libro di Antonio Belloni, condensato in capitoli agili e puntuali che dipanano luci e ombre del nostro made in Italy.\" \/>\n<meta property=\"og:url\" content=\"https:\/\/www.guerini.it\/index.php\/prodotto\/belloni-esportare-l-italia-978-88-6250-399-0\/\" \/>\n<meta property=\"og:site_name\" content=\"Guerini e Associati\" \/>\n<meta property=\"article:modified_time\" content=\"2024-06-12T12:39:44+00:00\" \/>\n<meta property=\"og:image\" content=\"https:\/\/www.guerini.it\/wp-content\/uploads\/2012\/06\/belloni.esportare.rgb_.bassa_.jpg\" \/>\n\t<meta property=\"og:image:width\" content=\"119\" \/>\n\t<meta property=\"og:image:height\" content=\"184\" \/>\n\t<meta property=\"og:image:type\" content=\"image\/jpeg\" \/>\n<meta name=\"twitter:card\" content=\"summary_large_image\" \/>\n<!-- \/ Yoast SEO plugin. -->","yoast_head_json":{"title":"Esportare l'Italia - Guerini e Associati","robots":{"index":"index","follow":"follow","max-snippet":"max-snippet:-1","max-image-preview":"max-image-preview:large","max-video-preview":"max-video-preview:-1"},"canonical":"https:\/\/www.guerini.it\/index.php\/prodotto\/belloni-esportare-l-italia-978-88-6250-399-0\/","og_locale":"it_IT","og_type":"article","og_title":"Esportare l'Italia - Guerini e Associati","og_description":"Esportare in un mondo ormai piatto, non \u00e8 pi\u00f9 solo una virt\u00f9 ma una consuetudine ed esportare da un Paese fermo, non \u00e8 pi\u00f9 solo un\u2019opportunit\u00e0, ma una concreta necessit\u00e0. Esportare l\u2019Italia per dare (ancora) un futuro di benessere al nostro paese e tenerlo agganciato alla serie A del mondo. Ma farlo meglio, in modo pi\u00f9 sistemico e organizzato di come le imprese tricolore facciano oggi. \u00c9 questo il senso e il valore del libro di Antonio Belloni, condensato in capitoli agili e puntuali che dipanano luci e ombre del nostro made in Italy.","og_url":"https:\/\/www.guerini.it\/index.php\/prodotto\/belloni-esportare-l-italia-978-88-6250-399-0\/","og_site_name":"Guerini e Associati","article_modified_time":"2024-06-12T12:39:44+00:00","og_image":[{"width":119,"height":184,"url":"https:\/\/www.guerini.it\/wp-content\/uploads\/2012\/06\/belloni.esportare.rgb_.bassa_.jpg","type":"image\/jpeg"}],"twitter_card":"summary_large_image","schema":{"@context":"https:\/\/schema.org","@graph":[{"@type":"WebPage","@id":"https:\/\/www.guerini.it\/index.php\/prodotto\/belloni-esportare-l-italia-978-88-6250-399-0\/","url":"https:\/\/www.guerini.it\/index.php\/prodotto\/belloni-esportare-l-italia-978-88-6250-399-0\/","name":"Esportare l'Italia - Guerini e Associati","isPartOf":{"@id":"https:\/\/www.guerini.it\/#website"},"primaryImageOfPage":{"@id":"https:\/\/www.guerini.it\/index.php\/prodotto\/belloni-esportare-l-italia-978-88-6250-399-0\/#primaryimage"},"image":{"@id":"https:\/\/www.guerini.it\/index.php\/prodotto\/belloni-esportare-l-italia-978-88-6250-399-0\/#primaryimage"},"thumbnailUrl":"https:\/\/www.guerini.it\/wp-content\/uploads\/2012\/06\/belloni.esportare.rgb_.bassa_.jpg","datePublished":"2012-06-29T18:20:47+00:00","dateModified":"2024-06-12T12:39:44+00:00","breadcrumb":{"@id":"https:\/\/www.guerini.it\/index.php\/prodotto\/belloni-esportare-l-italia-978-88-6250-399-0\/#breadcrumb"},"inLanguage":"it-IT","potentialAction":[{"@type":"ReadAction","target":["https:\/\/www.guerini.it\/index.php\/prodotto\/belloni-esportare-l-italia-978-88-6250-399-0\/"]}]},{"@type":"ImageObject","inLanguage":"it-IT","@id":"https:\/\/www.guerini.it\/index.php\/prodotto\/belloni-esportare-l-italia-978-88-6250-399-0\/#primaryimage","url":"https:\/\/www.guerini.it\/wp-content\/uploads\/2012\/06\/belloni.esportare.rgb_.bassa_.jpg","contentUrl":"https:\/\/www.guerini.it\/wp-content\/uploads\/2012\/06\/belloni.esportare.rgb_.bassa_.jpg","width":119,"height":184,"caption":"Esportare l'Italia"},{"@type":"BreadcrumbList","@id":"https:\/\/www.guerini.it\/index.php\/prodotto\/belloni-esportare-l-italia-978-88-6250-399-0\/#breadcrumb","itemListElement":[{"@type":"ListItem","position":1,"name":"Home","item":"https:\/\/www.guerini.it\/"},{"@type":"ListItem","position":2,"name":"Catalogo","item":"https:\/\/www.guerini.it\/index.php\/negozio\/"},{"@type":"ListItem","position":3,"name":"Esportare l&#8217;Italia"}]},{"@type":"WebSite","@id":"https:\/\/www.guerini.it\/#website","url":"https:\/\/www.guerini.it\/","name":"Guerini e Associati","description":"30 anni di libri, idee e libert\u00e0","publisher":{"@id":"https:\/\/www.guerini.it\/#organization"},"potentialAction":[{"@type":"SearchAction","target":{"@type":"EntryPoint","urlTemplate":"https:\/\/www.guerini.it\/?s={search_term_string}"},"query-input":{"@type":"PropertyValueSpecification","valueRequired":true,"valueName":"search_term_string"}}],"inLanguage":"it-IT"},{"@type":"Organization","@id":"https:\/\/www.guerini.it\/#organization","name":"Guerini e Associati","url":"https:\/\/www.guerini.it\/","logo":{"@type":"ImageObject","inLanguage":"it-IT","@id":"https:\/\/www.guerini.it\/#\/schema\/logo\/image\/","url":"https:\/\/www.guerini.it\/wp-content\/uploads\/2021\/03\/Logo-Guerini-OK_-e1615831292285.png","contentUrl":"https:\/\/www.guerini.it\/wp-content\/uploads\/2021\/03\/Logo-Guerini-OK_-e1615831292285.png","width":2805,"height":1870,"caption":"Guerini e Associati"},"image":{"@id":"https:\/\/www.guerini.it\/#\/schema\/logo\/image\/"}}]}},"_links":{"self":[{"href":"https:\/\/www.guerini.it\/index.php\/wp-json\/wp\/v2\/product\/15002","targetHints":{"allow":["GET"]}}],"collection":[{"href":"https:\/\/www.guerini.it\/index.php\/wp-json\/wp\/v2\/product"}],"about":[{"href":"https:\/\/www.guerini.it\/index.php\/wp-json\/wp\/v2\/types\/product"}],"wp:featuredmedia":[{"embeddable":true,"href":"https:\/\/www.guerini.it\/index.php\/wp-json\/wp\/v2\/media\/15001"}],"wp:attachment":[{"href":"https:\/\/www.guerini.it\/index.php\/wp-json\/wp\/v2\/media?parent=15002"}],"wp:term":[{"taxonomy":"product_brand","embeddable":true,"href":"https:\/\/www.guerini.it\/index.php\/wp-json\/wp\/v2\/product_brand?post=15002"},{"taxonomy":"product_cat","embeddable":true,"href":"https:\/\/www.guerini.it\/index.php\/wp-json\/wp\/v2\/product_cat?post=15002"},{"taxonomy":"product_tag","embeddable":true,"href":"https:\/\/www.guerini.it\/index.php\/wp-json\/wp\/v2\/product_tag?post=15002"}],"curies":[{"name":"wp","href":"https:\/\/api.w.org\/{rel}","templated":true}]}}

<p>Esportare in un mondo ormai piatto, non è più solo una virtù ma una consuetudine ed esportare da un Paese fermo, non è più solo un’opportunità, ma una concreta necessità.<br />
Esportare l’Italia per dare (ancora) un futuro di benessere al nostro paese e tenerlo agganciato alla serie A del mondo. Ma farlo meglio, in modo più sistemico e organizzato di come le imprese tricolore facciano oggi. É questo il senso e il valore del libro di Antonio Belloni, condensato in capitoli agili e puntuali che dipanano luci e ombre del nostro made in Italy. </p>

<!-- This site is optimized with the Yoast SEO plugin v25.4 - https://yoast.com/wordpress/plugins/seo/ -->
<title>Esportare l&#039;Italia - Guerini e Associati</title>
<meta name="robots" content="index, follow, max-snippet:-1, max-image-preview:large, max-video-preview:-1" />
<link rel="canonical" href="https://www.guerini.it/index.php/prodotto/belloni-esportare-l-italia-978-88-6250-399-0/" />
<meta property="og:locale" content="it_IT" />
<meta property="og:type" content="article" />
<meta property="og:title" content="Esportare l&#039;Italia - Guerini e Associati" />
<meta property="og:description" content="Esportare in un mondo ormai piatto, non è più solo una virtù ma una consuetudine ed esportare da un Paese fermo, non è più solo un’opportunità, ma una concreta necessità. Esportare l’Italia per dare (ancora) un futuro di benessere al nostro paese e tenerlo agganciato alla serie A del mondo. Ma farlo meglio, in modo più sistemico e organizzato di come le imprese tricolore facciano oggi. É questo il senso e il valore del libro di Antonio Belloni, condensato in capitoli agili e puntuali che dipanano luci e ombre del nostro made in Italy." />
<meta property="og:url" content="https://www.guerini.it/index.php/prodotto/belloni-esportare-l-italia-978-88-6250-399-0/" />
<meta property="og:site_name" content="Guerini e Associati" />
<meta property="article:modified_time" content="2024-06-12T12:39:44+00:00" />
<meta property="og:image" content="https://www.guerini.it/wp-content/uploads/2012/06/belloni.esportare.rgb_.bassa_.jpg" />
	<meta property="og:image:width" content="119" />
	<meta property="og:image:height" content="184" />
	<meta property="og:image:type" content="image/jpeg" />
<meta name="twitter:card" content="summary_large_image" />
<!-- / Yoast SEO plugin. -->

Esportare in un mondo ormai piatto, non è più solo una virtù ma una consuetudine ed esportare da un Paese fermo, non è più solo un’opportunità, ma una concreta necessità. Esportare l’Italia per dare (ancora) un futuro di benessere al nostro paese e tenerlo agganciato alla serie A del mondo. Ma farlo meglio, in modo più sistemico e organizzato di come le imprese tricolore facciano oggi. É questo il senso e il valore del libro di Antonio Belloni, condensato in capitoli agili e puntuali che dipanano luci e ombre del nostro made in Italy.

30 anni di libri, idee e libertà
