{"id":15010,"date":"2012-06-29T21:26:21","date_gmt":"2012-06-29T19:26:21","guid":{"rendered":"https:\/\/test.guerini.it\/?product=total-responsibility-978-88-6250-400-3"},"modified":"2024-06-12T14:39:56","modified_gmt":"2024-06-12T12:39:56","slug":"total-responsibility-978-88-6250-400-3","status":"publish","type":"product","link":"https:\/\/www.guerini.it\/index.php\/prodotto\/total-responsibility-978-88-6250-400-3\/","title":{"rendered":"Total responsibility"},"content":{"rendered":"<p>L\u2019intrinseco legame tra responsabilit\u00e0 e lavoro fa da sfondo alla total responsibility. \u00c8 tuttavia opinione diffusa che, sebbene il mondo aziendale si mostri sensibile alla sostenibilit\u00e0 e alla corporate social responsibility (CSR), tale attenzione si traduca prevalentemente, nella pratica, in un\u2019azione filantropica e di mero sviluppo dell\u2019immagine.<br \/>\nLa situazione attuale sembra favorevole al dispiegamento della responsabilit\u00e0 d\u2019impresa, collettiva e individuale. Occorre per\u00f2 ridefinire, alla luce della crisi strutturale del nostro sistema economico e produttivo, il senso della parola responsabilit\u00e0 e individuare le cause del suo distorto utilizzo anche nel linguaggio corrente. Questo lavoro propone un modello di management strutturato, praticabile sul piano operativo, orientato allo sviluppo di una cultura di responsabilit\u00e0 e a incrementare l\u2019azione responsabile delle persone, a tutti i livelli dell\u2019organizzazione.<\/p>\n","protected":false},"excerpt":{"rendered":"<p>L\u2019intrinseco legame tra responsabilit\u00e0 e lavoro fa da sfondo alla total responsibility. \u00c8 tuttavia opinione diffusa che, sebbene il mondo aziendale si mostri sensibile alla sostenibilit\u00e0 e alla corporate social responsibility (CSR), tale attenzione si traduca prevalentemente, nella pratica, in un\u2019azione filantropica e di mero sviluppo dell\u2019immagine.<br \/>\nLa situazione attuale sembra favorevole al dispiegamento della responsabilit\u00e0 d\u2019impresa, collettiva e individuale. Occorre per\u00f2 ridefinire, alla luce della crisi strutturale del nostro sistema economico e produttivo, il senso della parola responsabilit\u00e0 e individuare le cause del suo distorto utilizzo anche nel linguaggio corrente. Questo lavoro propone un modello di management strutturato, praticabile sul piano operativo, orientato allo sviluppo di una cultura di responsabilit\u00e0 e a incrementare l\u2019azione responsabile delle persone, a tutti i livelli dell\u2019organizzazione.<\/p>\n","protected":false},"featured_media":15009,"template":"","meta":{"_editorskit_title_hidden":false,"_editorskit_reading_time":0,"_editorskit_is_block_options_detached":false,"_editorskit_block_options_position":"{}","_monsterinsights_skip_tracking":false,"_monsterinsights_sitenote_active":false,"_monsterinsights_sitenote_note":"","_monsterinsights_sitenote_category":0},"product_brand":[],"product_cat":[6529,6668],"product_tag":[],"class_list":{"0":"post-15010","1":"product","2":"type-product","3":"status-publish","4":"has-post-thumbnail","6":"product_cat-economia-e-management","7":"product_cat-ng","9":"first","10":"instock","11":"sale","12":"shipping-taxable","13":"purchasable","14":"product-type-simple"},"yoast_head":"<!-- This site is optimized with the Yoast SEO plugin v25.4 - https:\/\/yoast.com\/wordpress\/plugins\/seo\/ -->\n<title>Total responsibility - Guerini e Associati<\/title>\n<meta name=\"robots\" content=\"index, follow, max-snippet:-1, max-image-preview:large, max-video-preview:-1\" \/>\n<link rel=\"canonical\" href=\"https:\/\/www.guerini.it\/index.php\/prodotto\/total-responsibility-978-88-6250-400-3\/\" \/>\n<meta property=\"og:locale\" content=\"it_IT\" \/>\n<meta property=\"og:type\" content=\"article\" \/>\n<meta property=\"og:title\" content=\"Total responsibility - Guerini e Associati\" \/>\n<meta property=\"og:description\" content=\"L\u2019intrinseco legame tra responsabilit\u00e0 e lavoro fa da sfondo alla total responsibility. \u00c8 tuttavia opinione diffusa che, sebbene il mondo aziendale si mostri sensibile alla sostenibilit\u00e0 e alla corporate social responsibility (CSR), tale attenzione si traduca prevalentemente, nella pratica, in un\u2019azione filantropica e di mero sviluppo dell\u2019immagine.  La situazione attuale sembra favorevole al dispiegamento della responsabilit\u00e0 d\u2019impresa, collettiva e individuale. Occorre per\u00f2 ridefinire, alla luce della crisi strutturale del nostro sistema economico e produttivo, il senso della parola responsabilit\u00e0 e individuare le cause del suo distorto utilizzo anche nel linguaggio corrente. Questo lavoro propone un modello di management strutturato, praticabile sul piano operativo, orientato allo sviluppo di una cultura di responsabilit\u00e0 e a incrementare l\u2019azione responsabile delle persone, a tutti i livelli dell\u2019organizzazione.\" \/>\n<meta property=\"og:url\" content=\"https:\/\/www.guerini.it\/index.php\/prodotto\/total-responsibility-978-88-6250-400-3\/\" \/>\n<meta property=\"og:site_name\" content=\"Guerini e Associati\" \/>\n<meta property=\"article:modified_time\" content=\"2024-06-12T12:39:56+00:00\" \/>\n<meta property=\"og:image\" content=\"https:\/\/www.guerini.it\/wp-content\/uploads\/2012\/06\/armigliati.total_.rgb_.bassa_.jpg\" \/>\n\t<meta property=\"og:image:width\" content=\"118\" \/>\n\t<meta property=\"og:image:height\" content=\"184\" \/>\n\t<meta property=\"og:image:type\" content=\"image\/jpeg\" \/>\n<meta name=\"twitter:card\" content=\"summary_large_image\" \/>\n<meta name=\"twitter:label1\" content=\"Tempo di lettura stimato\" \/>\n\t<meta name=\"twitter:data1\" content=\"1 minuto\" \/>\n<!-- \/ Yoast SEO plugin. -->","yoast_head_json":{"title":"Total responsibility - Guerini e Associati","robots":{"index":"index","follow":"follow","max-snippet":"max-snippet:-1","max-image-preview":"max-image-preview:large","max-video-preview":"max-video-preview:-1"},"canonical":"https:\/\/www.guerini.it\/index.php\/prodotto\/total-responsibility-978-88-6250-400-3\/","og_locale":"it_IT","og_type":"article","og_title":"Total responsibility - Guerini e Associati","og_description":"L\u2019intrinseco legame tra responsabilit\u00e0 e lavoro fa da sfondo alla total responsibility. \u00c8 tuttavia opinione diffusa che, sebbene il mondo aziendale si mostri sensibile alla sostenibilit\u00e0 e alla corporate social responsibility (CSR), tale attenzione si traduca prevalentemente, nella pratica, in un\u2019azione filantropica e di mero sviluppo dell\u2019immagine.  La situazione attuale sembra favorevole al dispiegamento della responsabilit\u00e0 d\u2019impresa, collettiva e individuale. Occorre per\u00f2 ridefinire, alla luce della crisi strutturale del nostro sistema economico e produttivo, il senso della parola responsabilit\u00e0 e individuare le cause del suo distorto utilizzo anche nel linguaggio corrente. Questo lavoro propone un modello di management strutturato, praticabile sul piano operativo, orientato allo sviluppo di una cultura di responsabilit\u00e0 e a incrementare l\u2019azione responsabile delle persone, a tutti i livelli dell\u2019organizzazione.","og_url":"https:\/\/www.guerini.it\/index.php\/prodotto\/total-responsibility-978-88-6250-400-3\/","og_site_name":"Guerini e Associati","article_modified_time":"2024-06-12T12:39:56+00:00","og_image":[{"width":118,"height":184,"url":"https:\/\/www.guerini.it\/wp-content\/uploads\/2012\/06\/armigliati.total_.rgb_.bassa_.jpg","type":"image\/jpeg"}],"twitter_card":"summary_large_image","twitter_misc":{"Tempo di lettura stimato":"1 minuto"},"schema":{"@context":"https:\/\/schema.org","@graph":[{"@type":"WebPage","@id":"https:\/\/www.guerini.it\/index.php\/prodotto\/total-responsibility-978-88-6250-400-3\/","url":"https:\/\/www.guerini.it\/index.php\/prodotto\/total-responsibility-978-88-6250-400-3\/","name":"Total responsibility - Guerini e Associati","isPartOf":{"@id":"https:\/\/www.guerini.it\/#website"},"primaryImageOfPage":{"@id":"https:\/\/www.guerini.it\/index.php\/prodotto\/total-responsibility-978-88-6250-400-3\/#primaryimage"},"image":{"@id":"https:\/\/www.guerini.it\/index.php\/prodotto\/total-responsibility-978-88-6250-400-3\/#primaryimage"},"thumbnailUrl":"https:\/\/www.guerini.it\/wp-content\/uploads\/2012\/06\/armigliati.total_.rgb_.bassa_.jpg","datePublished":"2012-06-29T19:26:21+00:00","dateModified":"2024-06-12T12:39:56+00:00","breadcrumb":{"@id":"https:\/\/www.guerini.it\/index.php\/prodotto\/total-responsibility-978-88-6250-400-3\/#breadcrumb"},"inLanguage":"it-IT","potentialAction":[{"@type":"ReadAction","target":["https:\/\/www.guerini.it\/index.php\/prodotto\/total-responsibility-978-88-6250-400-3\/"]}]},{"@type":"ImageObject","inLanguage":"it-IT","@id":"https:\/\/www.guerini.it\/index.php\/prodotto\/total-responsibility-978-88-6250-400-3\/#primaryimage","url":"https:\/\/www.guerini.it\/wp-content\/uploads\/2012\/06\/armigliati.total_.rgb_.bassa_.jpg","contentUrl":"https:\/\/www.guerini.it\/wp-content\/uploads\/2012\/06\/armigliati.total_.rgb_.bassa_.jpg","width":118,"height":184,"caption":"Total responsibility"},{"@type":"BreadcrumbList","@id":"https:\/\/www.guerini.it\/index.php\/prodotto\/total-responsibility-978-88-6250-400-3\/#breadcrumb","itemListElement":[{"@type":"ListItem","position":1,"name":"Home","item":"https:\/\/www.guerini.it\/"},{"@type":"ListItem","position":2,"name":"Catalogo","item":"https:\/\/www.guerini.it\/index.php\/negozio\/"},{"@type":"ListItem","position":3,"name":"Total responsibility"}]},{"@type":"WebSite","@id":"https:\/\/www.guerini.it\/#website","url":"https:\/\/www.guerini.it\/","name":"Guerini e Associati","description":"30 anni di libri, idee e libert\u00e0","publisher":{"@id":"https:\/\/www.guerini.it\/#organization"},"potentialAction":[{"@type":"SearchAction","target":{"@type":"EntryPoint","urlTemplate":"https:\/\/www.guerini.it\/?s={search_term_string}"},"query-input":{"@type":"PropertyValueSpecification","valueRequired":true,"valueName":"search_term_string"}}],"inLanguage":"it-IT"},{"@type":"Organization","@id":"https:\/\/www.guerini.it\/#organization","name":"Guerini e Associati","url":"https:\/\/www.guerini.it\/","logo":{"@type":"ImageObject","inLanguage":"it-IT","@id":"https:\/\/www.guerini.it\/#\/schema\/logo\/image\/","url":"https:\/\/www.guerini.it\/wp-content\/uploads\/2021\/03\/Logo-Guerini-OK_-e1615831292285.png","contentUrl":"https:\/\/www.guerini.it\/wp-content\/uploads\/2021\/03\/Logo-Guerini-OK_-e1615831292285.png","width":2805,"height":1870,"caption":"Guerini e Associati"},"image":{"@id":"https:\/\/www.guerini.it\/#\/schema\/logo\/image\/"}}]}},"_links":{"self":[{"href":"https:\/\/www.guerini.it\/index.php\/wp-json\/wp\/v2\/product\/15010","targetHints":{"allow":["GET"]}}],"collection":[{"href":"https:\/\/www.guerini.it\/index.php\/wp-json\/wp\/v2\/product"}],"about":[{"href":"https:\/\/www.guerini.it\/index.php\/wp-json\/wp\/v2\/types\/product"}],"wp:featuredmedia":[{"embeddable":true,"href":"https:\/\/www.guerini.it\/index.php\/wp-json\/wp\/v2\/media\/15009"}],"wp:attachment":[{"href":"https:\/\/www.guerini.it\/index.php\/wp-json\/wp\/v2\/media?parent=15010"}],"wp:term":[{"taxonomy":"product_brand","embeddable":true,"href":"https:\/\/www.guerini.it\/index.php\/wp-json\/wp\/v2\/product_brand?post=15010"},{"taxonomy":"product_cat","embeddable":true,"href":"https:\/\/www.guerini.it\/index.php\/wp-json\/wp\/v2\/product_cat?post=15010"},{"taxonomy":"product_tag","embeddable":true,"href":"https:\/\/www.guerini.it\/index.php\/wp-json\/wp\/v2\/product_tag?post=15010"}],"curies":[{"name":"wp","href":"https:\/\/api.w.org\/{rel}","templated":true}]}}

<p>L’intrinseco legame tra responsabilità e lavoro fa da sfondo alla total responsibility. È tuttavia opinione diffusa che, sebbene il mondo aziendale si mostri sensibile alla sostenibilità e alla corporate social responsibility (CSR), tale attenzione si traduca prevalentemente, nella pratica, in un’azione filantropica e di mero sviluppo dell’immagine.<br />
La situazione attuale sembra favorevole al dispiegamento della responsabilità d’impresa, collettiva e individuale. Occorre però ridefinire, alla luce della crisi strutturale del nostro sistema economico e produttivo, il senso della parola responsabilità e individuare le cause del suo distorto utilizzo anche nel linguaggio corrente. Questo lavoro propone un modello di management strutturato, praticabile sul piano operativo, orientato allo sviluppo di una cultura di responsabilità e a incrementare l’azione responsabile delle persone, a tutti i livelli dell’organizzazione.</p>

<!-- This site is optimized with the Yoast SEO plugin v25.4 - https://yoast.com/wordpress/plugins/seo/ -->
<title>Total responsibility - Guerini e Associati</title>
<meta name="robots" content="index, follow, max-snippet:-1, max-image-preview:large, max-video-preview:-1" />
<link rel="canonical" href="https://www.guerini.it/index.php/prodotto/total-responsibility-978-88-6250-400-3/" />
<meta property="og:locale" content="it_IT" />
<meta property="og:type" content="article" />
<meta property="og:title" content="Total responsibility - Guerini e Associati" />
<meta property="og:description" content="L’intrinseco legame tra responsabilità e lavoro fa da sfondo alla total responsibility. È tuttavia opinione diffusa che, sebbene il mondo aziendale si mostri sensibile alla sostenibilità e alla corporate social responsibility (CSR), tale attenzione si traduca prevalentemente, nella pratica, in un’azione filantropica e di mero sviluppo dell’immagine.  La situazione attuale sembra favorevole al dispiegamento della responsabilità d’impresa, collettiva e individuale. Occorre però ridefinire, alla luce della crisi strutturale del nostro sistema economico e produttivo, il senso della parola responsabilità e individuare le cause del suo distorto utilizzo anche nel linguaggio corrente. Questo lavoro propone un modello di management strutturato, praticabile sul piano operativo, orientato allo sviluppo di una cultura di responsabilità e a incrementare l’azione responsabile delle persone, a tutti i livelli dell’organizzazione." />
<meta property="og:url" content="https://www.guerini.it/index.php/prodotto/total-responsibility-978-88-6250-400-3/" />
<meta property="og:site_name" content="Guerini e Associati" />
<meta property="article:modified_time" content="2024-06-12T12:39:56+00:00" />
<meta property="og:image" content="https://www.guerini.it/wp-content/uploads/2012/06/armigliati.total_.rgb_.bassa_.jpg" />
	<meta property="og:image:width" content="118" />
	<meta property="og:image:height" content="184" />
	<meta property="og:image:type" content="image/jpeg" />
<meta name="twitter:card" content="summary_large_image" />
<meta name="twitter:label1" content="Tempo di lettura stimato" />
	<meta name="twitter:data1" content="1 minuto" />
<!-- / Yoast SEO plugin. -->

L’intrinseco legame tra responsabilità e lavoro fa da sfondo alla total responsibility. È tuttavia opinione diffusa che, sebbene il mondo aziendale si mostri sensibile alla sostenibilità e alla corporate social responsibility (CSR), tale attenzione si traduca prevalentemente, nella pratica, in un’azione filantropica e di mero sviluppo dell’immagine.  La situazione attuale sembra favorevole al dispiegamento della responsabilità d’impresa, collettiva e individuale. Occorre però ridefinire, alla luce della crisi strutturale del nostro sistema economico e produttivo, il senso della parola responsabilità e individuare le cause del suo distorto utilizzo anche nel linguaggio corrente. Questo lavoro propone un modello di management strutturato, praticabile sul piano operativo, orientato allo sviluppo di una cultura di responsabilità e a incrementare l’azione responsabile delle persone, a tutti i livelli dell’organizzazione.

30 anni di libri, idee e libertà
