{"id":15042,"date":"2012-07-20T18:15:01","date_gmt":"2012-07-20T16:15:01","guid":{"rendered":"https:\/\/test.guerini.it\/?product=mediazione-corporea-per-educazione-olistica-978-88-8107-332-0"},"modified":"2024-07-01T14:34:28","modified_gmt":"2024-07-01T12:34:28","slug":"mediazione-corporea-per-educazione-olistica-978-88-8107-332-0","status":"publish","type":"product","link":"https:\/\/www.guerini.it\/index.php\/prodotto\/mediazione-corporea-per-educazione-olistica-978-88-8107-332-0\/","title":{"rendered":"La mediazione corporea per un&#8217;educazione olistica"},"content":{"rendered":"<p>Il testo propone una visione organica della pedagogia della mediazione corporea ed espressiva a indirizzo simbolico-antropologico e delle metodologie connesse. Se ne argomentano i fondamenti culturali ed epistemologici, se ne descrivono le strategie di progettazione, realizzazione e valutazione (che si muovono nell\u2019ambito del cosiddetto paradigma ecologico), si propone un ricco repertorio di attivit\u00e0 pratiche per i diversi cicli di vita.<br \/>\nIn particolare, si mette in luce come la mediazione simbolico-antropologica possa essere una dimensione privilegiata per attivare le diverse componenti della persona nella sua complessit\u00e0, nella considerazione della trama ancor pi\u00f9 complessa di interazioni in cui \u00e8 inserita.<br \/>\nLa ricchezza pedagogica del simbolo \u00e8 presente nelle gestualit\u00e0, nelle narrazioni e negli altri linguaggi espressivi dei popoli, ai quali \u00e8 possibile attingere e ispirarsi, immedesimandosi in essi attraverso la mediazione corporea ed espressiva. \u00c8 possibile, in questo modo, rivivere e rielaborare personalmente i significati racchiusi in antiche (e nuove) coreografie e\/o immagini e racconti, cos\u00ec da scoprire nuovi atteggiamenti e valori esistenziali e avviarsi verso cambiamenti e\/o apprendimenti possibili\u2026<br \/>\nIl testo \u00e8 rivolto a educatori e educatrici, insegnanti, pedagogisti\/e, danzamovimentoterapeuti\/ e, operatori e operatrici sociali, psicologi\/he e terapeuti\/ e, studenti\/esse e laureati\/e in Scienze motorie e Scienze della formazione, interessati\/e alla positivit\u00e0 formativa e terapeutica della mediazione corporea ed espressiva.<\/p>\n","protected":false},"excerpt":{"rendered":"<p>Il testo propone una visione organica della pedagogia della mediazione corporea ed espressiva a indirizzo simbolico-antropologico e delle metodologie connesse. Se ne argomentano i fondamenti culturali ed epistemologici, se ne descrivono le strategie di progettazione, realizzazione e valutazione (che si muovono nell\u2019ambito del cosiddetto paradigma ecologico), si propone un ricco repertorio di attivit\u00e0 pratiche per i diversi cicli di vita.<br \/>\nIn particolare, si mette in luce come la mediazione simbolico-antropologica possa essere una dimensione privilegiata per attivare le diverse componenti della persona nella sua complessit\u00e0, nella considerazione della trama ancor pi\u00f9 complessa di interazioni in cui \u00e8 inserita.<br \/>\nLa ricchezza pedagogica del simbolo \u00e8 presente nelle gestualit\u00e0, nelle narrazioni e negli altri linguaggi espressivi dei popoli, ai quali \u00e8 possibile attingere e ispirarsi, immedesimandosi in essi attraverso la mediazione corporea ed espressiva. \u00c8 possibile, in questo modo, rivivere e rielaborare personalmente i significati racchiusi in antiche (e nuove) coreografie e\/o immagini e racconti, cos\u00ec da scoprire nuovi atteggiamenti e valori esistenziali e avviarsi verso cambiamenti e\/o apprendimenti possibili\u2026<br \/>\nIl testo \u00e8 rivolto a educatori e educatrici, insegnanti, pedagogisti\/e, danzamovimentoterapeuti\/ e, operatori e operatrici sociali, psicologi\/he e terapeuti\/ e, studenti\/esse e laureati\/e in Scienze motorie e Scienze della formazione, interessati\/e alla positivit\u00e0 formativa e terapeutica della mediazione corporea ed espressiva.<\/p>\n","protected":false},"featured_media":15041,"template":"","meta":{"_editorskit_title_hidden":false,"_editorskit_reading_time":0,"_editorskit_is_block_options_detached":false,"_editorskit_block_options_position":"{}","_monsterinsights_skip_tracking":false,"_monsterinsights_sitenote_active":false,"_monsterinsights_sitenote_note":"","_monsterinsights_sitenote_category":0},"product_brand":[],"product_cat":[6628,6536],"product_tag":[],"class_list":{"0":"post-15042","1":"product","2":"type-product","3":"status-publish","4":"has-post-thumbnail","6":"product_cat-pfs-sm","7":"product_cat-psicologia-pedagogia","9":"first","10":"instock","11":"sale","12":"shipping-taxable","13":"purchasable","14":"product-type-simple"},"yoast_head":"<!-- This site is optimized with the Yoast SEO plugin v25.4 - https:\/\/yoast.com\/wordpress\/plugins\/seo\/ -->\n<title>La mediazione corporea per un&#039;educazione olistica - Guerini e Associati<\/title>\n<meta name=\"robots\" content=\"index, follow, max-snippet:-1, max-image-preview:large, max-video-preview:-1\" \/>\n<link rel=\"canonical\" href=\"https:\/\/www.guerini.it\/index.php\/prodotto\/mediazione-corporea-per-educazione-olistica-978-88-8107-332-0\/\" \/>\n<meta property=\"og:locale\" content=\"it_IT\" \/>\n<meta property=\"og:type\" content=\"article\" \/>\n<meta property=\"og:title\" content=\"La mediazione corporea per un&#039;educazione olistica - Guerini e Associati\" \/>\n<meta property=\"og:description\" content=\"Il testo propone una visione organica della pedagogia della mediazione corporea ed espressiva a indirizzo simbolico-antropologico e delle metodologie connesse. Se ne argomentano i fondamenti culturali ed epistemologici, se ne descrivono le strategie di progettazione, realizzazione e valutazione (che si muovono nell\u2019ambito del cosiddetto paradigma ecologico), si propone un ricco repertorio di attivit\u00e0 pratiche per i diversi cicli di vita. In particolare, si mette in luce come la mediazione simbolico-antropologica possa essere una dimensione privilegiata per attivare le diverse componenti della persona nella sua complessit\u00e0, nella considerazione della trama ancor pi\u00f9 complessa di interazioni in cui \u00e8 inserita. La ricchezza pedagogica del simbolo \u00e8 presente nelle gestualit\u00e0, nelle narrazioni e negli altri linguaggi espressivi dei popoli, ai quali \u00e8 possibile attingere e ispirarsi, immedesimandosi in essi attraverso la mediazione corporea ed espressiva. \u00c8 possibile, in questo modo, rivivere e rielaborare personalmente i significati racchiusi in antiche (e nuove) coreografie e\/o immagini e racconti, cos\u00ec da scoprire nuovi atteggiamenti e valori esistenziali e avviarsi verso cambiamenti e\/o apprendimenti possibili\u2026 Il testo \u00e8 rivolto a educatori e educatrici, insegnanti, pedagogisti\/e, danzamovimentoterapeuti\/ e, operatori e operatrici sociali, psicologi\/he e terapeuti\/ e, studenti\/esse e laureati\/e in Scienze motorie e Scienze della formazione, interessati\/e alla positivit\u00e0 formativa e terapeutica della mediazione corporea ed espressiva.\" \/>\n<meta property=\"og:url\" content=\"https:\/\/www.guerini.it\/index.php\/prodotto\/mediazione-corporea-per-educazione-olistica-978-88-8107-332-0\/\" \/>\n<meta property=\"og:site_name\" content=\"Guerini e Associati\" \/>\n<meta property=\"article:modified_time\" content=\"2024-07-01T12:34:28+00:00\" \/>\n<meta property=\"og:image\" content=\"https:\/\/www.guerini.it\/wp-content\/uploads\/2012\/07\/mediazione_corporea.jpg\" \/>\n\t<meta property=\"og:image:width\" content=\"262\" \/>\n\t<meta property=\"og:image:height\" content=\"435\" \/>\n\t<meta property=\"og:image:type\" content=\"image\/jpeg\" \/>\n<meta name=\"twitter:card\" content=\"summary_large_image\" \/>\n<meta name=\"twitter:label1\" content=\"Tempo di lettura stimato\" \/>\n\t<meta name=\"twitter:data1\" content=\"2 minuti\" \/>\n<!-- \/ Yoast SEO plugin. -->","yoast_head_json":{"title":"La mediazione corporea per un'educazione olistica - Guerini e Associati","robots":{"index":"index","follow":"follow","max-snippet":"max-snippet:-1","max-image-preview":"max-image-preview:large","max-video-preview":"max-video-preview:-1"},"canonical":"https:\/\/www.guerini.it\/index.php\/prodotto\/mediazione-corporea-per-educazione-olistica-978-88-8107-332-0\/","og_locale":"it_IT","og_type":"article","og_title":"La mediazione corporea per un'educazione olistica - Guerini e Associati","og_description":"Il testo propone una visione organica della pedagogia della mediazione corporea ed espressiva a indirizzo simbolico-antropologico e delle metodologie connesse. Se ne argomentano i fondamenti culturali ed epistemologici, se ne descrivono le strategie di progettazione, realizzazione e valutazione (che si muovono nell\u2019ambito del cosiddetto paradigma ecologico), si propone un ricco repertorio di attivit\u00e0 pratiche per i diversi cicli di vita. In particolare, si mette in luce come la mediazione simbolico-antropologica possa essere una dimensione privilegiata per attivare le diverse componenti della persona nella sua complessit\u00e0, nella considerazione della trama ancor pi\u00f9 complessa di interazioni in cui \u00e8 inserita. La ricchezza pedagogica del simbolo \u00e8 presente nelle gestualit\u00e0, nelle narrazioni e negli altri linguaggi espressivi dei popoli, ai quali \u00e8 possibile attingere e ispirarsi, immedesimandosi in essi attraverso la mediazione corporea ed espressiva. \u00c8 possibile, in questo modo, rivivere e rielaborare personalmente i significati racchiusi in antiche (e nuove) coreografie e\/o immagini e racconti, cos\u00ec da scoprire nuovi atteggiamenti e valori esistenziali e avviarsi verso cambiamenti e\/o apprendimenti possibili\u2026 Il testo \u00e8 rivolto a educatori e educatrici, insegnanti, pedagogisti\/e, danzamovimentoterapeuti\/ e, operatori e operatrici sociali, psicologi\/he e terapeuti\/ e, studenti\/esse e laureati\/e in Scienze motorie e Scienze della formazione, interessati\/e alla positivit\u00e0 formativa e terapeutica della mediazione corporea ed espressiva.","og_url":"https:\/\/www.guerini.it\/index.php\/prodotto\/mediazione-corporea-per-educazione-olistica-978-88-8107-332-0\/","og_site_name":"Guerini e Associati","article_modified_time":"2024-07-01T12:34:28+00:00","og_image":[{"width":262,"height":435,"url":"https:\/\/www.guerini.it\/wp-content\/uploads\/2012\/07\/mediazione_corporea.jpg","type":"image\/jpeg"}],"twitter_card":"summary_large_image","twitter_misc":{"Tempo di lettura stimato":"2 minuti"},"schema":{"@context":"https:\/\/schema.org","@graph":[{"@type":"WebPage","@id":"https:\/\/www.guerini.it\/index.php\/prodotto\/mediazione-corporea-per-educazione-olistica-978-88-8107-332-0\/","url":"https:\/\/www.guerini.it\/index.php\/prodotto\/mediazione-corporea-per-educazione-olistica-978-88-8107-332-0\/","name":"La mediazione corporea per un'educazione olistica - Guerini e Associati","isPartOf":{"@id":"https:\/\/www.guerini.it\/#website"},"primaryImageOfPage":{"@id":"https:\/\/www.guerini.it\/index.php\/prodotto\/mediazione-corporea-per-educazione-olistica-978-88-8107-332-0\/#primaryimage"},"image":{"@id":"https:\/\/www.guerini.it\/index.php\/prodotto\/mediazione-corporea-per-educazione-olistica-978-88-8107-332-0\/#primaryimage"},"thumbnailUrl":"https:\/\/www.guerini.it\/wp-content\/uploads\/2012\/07\/mediazione_corporea.jpg","datePublished":"2012-07-20T16:15:01+00:00","dateModified":"2024-07-01T12:34:28+00:00","breadcrumb":{"@id":"https:\/\/www.guerini.it\/index.php\/prodotto\/mediazione-corporea-per-educazione-olistica-978-88-8107-332-0\/#breadcrumb"},"inLanguage":"it-IT","potentialAction":[{"@type":"ReadAction","target":["https:\/\/www.guerini.it\/index.php\/prodotto\/mediazione-corporea-per-educazione-olistica-978-88-8107-332-0\/"]}]},{"@type":"ImageObject","inLanguage":"it-IT","@id":"https:\/\/www.guerini.it\/index.php\/prodotto\/mediazione-corporea-per-educazione-olistica-978-88-8107-332-0\/#primaryimage","url":"https:\/\/www.guerini.it\/wp-content\/uploads\/2012\/07\/mediazione_corporea.jpg","contentUrl":"https:\/\/www.guerini.it\/wp-content\/uploads\/2012\/07\/mediazione_corporea.jpg","width":262,"height":435,"caption":"La mediazione corporea per un'educazione olistica"},{"@type":"BreadcrumbList","@id":"https:\/\/www.guerini.it\/index.php\/prodotto\/mediazione-corporea-per-educazione-olistica-978-88-8107-332-0\/#breadcrumb","itemListElement":[{"@type":"ListItem","position":1,"name":"Home","item":"https:\/\/www.guerini.it\/"},{"@type":"ListItem","position":2,"name":"Catalogo","item":"https:\/\/www.guerini.it\/index.php\/negozio\/"},{"@type":"ListItem","position":3,"name":"La mediazione corporea per un&#8217;educazione olistica"}]},{"@type":"WebSite","@id":"https:\/\/www.guerini.it\/#website","url":"https:\/\/www.guerini.it\/","name":"Guerini e Associati","description":"30 anni di libri, idee e libert\u00e0","publisher":{"@id":"https:\/\/www.guerini.it\/#organization"},"potentialAction":[{"@type":"SearchAction","target":{"@type":"EntryPoint","urlTemplate":"https:\/\/www.guerini.it\/?s={search_term_string}"},"query-input":{"@type":"PropertyValueSpecification","valueRequired":true,"valueName":"search_term_string"}}],"inLanguage":"it-IT"},{"@type":"Organization","@id":"https:\/\/www.guerini.it\/#organization","name":"Guerini e Associati","url":"https:\/\/www.guerini.it\/","logo":{"@type":"ImageObject","inLanguage":"it-IT","@id":"https:\/\/www.guerini.it\/#\/schema\/logo\/image\/","url":"https:\/\/www.guerini.it\/wp-content\/uploads\/2021\/03\/Logo-Guerini-OK_-e1615831292285.png","contentUrl":"https:\/\/www.guerini.it\/wp-content\/uploads\/2021\/03\/Logo-Guerini-OK_-e1615831292285.png","width":2805,"height":1870,"caption":"Guerini e Associati"},"image":{"@id":"https:\/\/www.guerini.it\/#\/schema\/logo\/image\/"}}]}},"_links":{"self":[{"href":"https:\/\/www.guerini.it\/index.php\/wp-json\/wp\/v2\/product\/15042","targetHints":{"allow":["GET"]}}],"collection":[{"href":"https:\/\/www.guerini.it\/index.php\/wp-json\/wp\/v2\/product"}],"about":[{"href":"https:\/\/www.guerini.it\/index.php\/wp-json\/wp\/v2\/types\/product"}],"wp:featuredmedia":[{"embeddable":true,"href":"https:\/\/www.guerini.it\/index.php\/wp-json\/wp\/v2\/media\/15041"}],"wp:attachment":[{"href":"https:\/\/www.guerini.it\/index.php\/wp-json\/wp\/v2\/media?parent=15042"}],"wp:term":[{"taxonomy":"product_brand","embeddable":true,"href":"https:\/\/www.guerini.it\/index.php\/wp-json\/wp\/v2\/product_brand?post=15042"},{"taxonomy":"product_cat","embeddable":true,"href":"https:\/\/www.guerini.it\/index.php\/wp-json\/wp\/v2\/product_cat?post=15042"},{"taxonomy":"product_tag","embeddable":true,"href":"https:\/\/www.guerini.it\/index.php\/wp-json\/wp\/v2\/product_tag?post=15042"}],"curies":[{"name":"wp","href":"https:\/\/api.w.org\/{rel}","templated":true}]}}

<p>Il testo propone una visione organica della pedagogia della mediazione corporea ed espressiva a indirizzo simbolico-antropologico e delle metodologie connesse. Se ne argomentano i fondamenti culturali ed epistemologici, se ne descrivono le strategie di progettazione, realizzazione e valutazione (che si muovono nell’ambito del cosiddetto paradigma ecologico), si propone un ricco repertorio di attività pratiche per i diversi cicli di vita.<br />
In particolare, si mette in luce come la mediazione simbolico-antropologica possa essere una dimensione privilegiata per attivare le diverse componenti della persona nella sua complessità, nella considerazione della trama ancor più complessa di interazioni in cui è inserita.<br />
La ricchezza pedagogica del simbolo è presente nelle gestualità, nelle narrazioni e negli altri linguaggi espressivi dei popoli, ai quali è possibile attingere e ispirarsi, immedesimandosi in essi attraverso la mediazione corporea ed espressiva. È possibile, in questo modo, rivivere e rielaborare personalmente i significati racchiusi in antiche (e nuove) coreografie e/o immagini e racconti, così da scoprire nuovi atteggiamenti e valori esistenziali e avviarsi verso cambiamenti e/o apprendimenti possibili…<br />
Il testo è rivolto a educatori e educatrici, insegnanti, pedagogisti/e, danzamovimentoterapeuti/ e, operatori e operatrici sociali, psicologi/he e terapeuti/ e, studenti/esse e laureati/e in Scienze motorie e Scienze della formazione, interessati/e alla positività formativa e terapeutica della mediazione corporea ed espressiva.</p>

<!-- This site is optimized with the Yoast SEO plugin v25.4 - https://yoast.com/wordpress/plugins/seo/ -->
<title>La mediazione corporea per un&#039;educazione olistica - Guerini e Associati</title>
<meta name="robots" content="index, follow, max-snippet:-1, max-image-preview:large, max-video-preview:-1" />
<link rel="canonical" href="https://www.guerini.it/index.php/prodotto/mediazione-corporea-per-educazione-olistica-978-88-8107-332-0/" />
<meta property="og:locale" content="it_IT" />
<meta property="og:type" content="article" />
<meta property="og:title" content="La mediazione corporea per un&#039;educazione olistica - Guerini e Associati" />
<meta property="og:description" content="Il testo propone una visione organica della pedagogia della mediazione corporea ed espressiva a indirizzo simbolico-antropologico e delle metodologie connesse. Se ne argomentano i fondamenti culturali ed epistemologici, se ne descrivono le strategie di progettazione, realizzazione e valutazione (che si muovono nell’ambito del cosiddetto paradigma ecologico), si propone un ricco repertorio di attività pratiche per i diversi cicli di vita. In particolare, si mette in luce come la mediazione simbolico-antropologica possa essere una dimensione privilegiata per attivare le diverse componenti della persona nella sua complessità, nella considerazione della trama ancor più complessa di interazioni in cui è inserita. La ricchezza pedagogica del simbolo è presente nelle gestualità, nelle narrazioni e negli altri linguaggi espressivi dei popoli, ai quali è possibile attingere e ispirarsi, immedesimandosi in essi attraverso la mediazione corporea ed espressiva. È possibile, in questo modo, rivivere e rielaborare personalmente i significati racchiusi in antiche (e nuove) coreografie e/o immagini e racconti, così da scoprire nuovi atteggiamenti e valori esistenziali e avviarsi verso cambiamenti e/o apprendimenti possibili… Il testo è rivolto a educatori e educatrici, insegnanti, pedagogisti/e, danzamovimentoterapeuti/ e, operatori e operatrici sociali, psicologi/he e terapeuti/ e, studenti/esse e laureati/e in Scienze motorie e Scienze della formazione, interessati/e alla positività formativa e terapeutica della mediazione corporea ed espressiva." />
<meta property="og:url" content="https://www.guerini.it/index.php/prodotto/mediazione-corporea-per-educazione-olistica-978-88-8107-332-0/" />
<meta property="og:site_name" content="Guerini e Associati" />
<meta property="article:modified_time" content="2024-07-01T12:34:28+00:00" />
<meta property="og:image" content="https://www.guerini.it/wp-content/uploads/2012/07/mediazione_corporea.jpg" />
	<meta property="og:image:width" content="262" />
	<meta property="og:image:height" content="435" />
	<meta property="og:image:type" content="image/jpeg" />
<meta name="twitter:card" content="summary_large_image" />
<meta name="twitter:label1" content="Tempo di lettura stimato" />
	<meta name="twitter:data1" content="2 minuti" />
<!-- / Yoast SEO plugin. -->

Il testo propone una visione organica della pedagogia della mediazione corporea ed espressiva a indirizzo simbolico-antropologico e delle metodologie connesse. Se ne argomentano i fondamenti culturali ed epistemologici, se ne descrivono le strategie di progettazione, realizzazione e valutazione (che si muovono nell’ambito del cosiddetto paradigma ecologico), si propone un ricco repertorio di attività pratiche per i diversi cicli di vita. In particolare, si mette in luce come la mediazione simbolico-antropologica possa essere una dimensione privilegiata per attivare le diverse componenti della persona nella sua complessità, nella considerazione della trama ancor più complessa di interazioni in cui è inserita. La ricchezza pedagogica del simbolo è presente nelle gestualità, nelle narrazioni e negli altri linguaggi espressivi dei popoli, ai quali è possibile attingere e ispirarsi, immedesimandosi in essi attraverso la mediazione corporea ed espressiva. È possibile, in questo modo, rivivere e rielaborare personalmente i significati racchiusi in antiche (e nuove) coreografie e/o immagini e racconti, così da scoprire nuovi atteggiamenti e valori esistenziali e avviarsi verso cambiamenti e/o apprendimenti possibili… Il testo è rivolto a educatori e educatrici, insegnanti, pedagogisti/e, danzamovimentoterapeuti/ e, operatori e operatrici sociali, psicologi/he e terapeuti/ e, studenti/esse e laureati/e in Scienze motorie e Scienze della formazione, interessati/e alla positività formativa e terapeutica della mediazione corporea ed espressiva.

30 anni di libri, idee e libertà
