{"id":15046,"date":"2012-08-30T20:59:28","date_gmt":"2012-08-30T18:59:28","guid":{"rendered":"https:\/\/test.guerini.it\/?product=raccontare-il-cambiamento-978-88-6250-393-8"},"modified":"2024-06-12T14:39:49","modified_gmt":"2024-06-12T12:39:49","slug":"raccontare-il-cambiamento-978-88-6250-393-8","status":"publish","type":"product","link":"https:\/\/www.guerini.it\/index.php\/prodotto\/raccontare-il-cambiamento-978-88-6250-393-8\/","title":{"rendered":"Raccontare il cambiamento"},"content":{"rendered":"<p>La sfida e la bellezza del cambiamento sono rappresentate dall\u2019unicit\u00e0 con cui questo si sviluppa, pu\u00f2 per\u00f2 essere utile e stimolante confrontarsi con l\u2019esperienza delle persone e cogliere da ogni caso qualche elemento incoraggiante e qualche suggerimento per elaborare scelte significative.<br \/>\nIl progetto di scrivere questa pubblicazione nasce riflettendo sul programma \u00abOsservatorio di attualit\u00e0. Reinventarsi e formarsi per vivere in un\u2019economia diversa\u00bb creato dal CIS &#8211; Centro Studi d\u2019Impresa, iniziato nel 2009 e tuttora in corso. Il programma di incontri ha proposto e propone testimonianze concrete e soluzioni che, anche in anni di crisi, hanno permesso alle aziende di rimanere nel mercato.<br \/>\nIn questo libro sono raccolte le idee e le testimonianze di alcuni rappresentanti che sono intervenuti attivamente nell\u2019\u00abOsservatorio di attualit\u00e0\u00bb, oltre alle riflessioni di persone molto significative che hanno offerto un loro contributo.<\/p>\n","protected":false},"excerpt":{"rendered":"<p>La sfida e la bellezza del cambiamento sono rappresentate dall\u2019unicit\u00e0 con cui questo si sviluppa, pu\u00f2 per\u00f2 essere utile e stimolante confrontarsi con l\u2019esperienza delle persone e cogliere da ogni caso qualche elemento incoraggiante e qualche suggerimento per elaborare scelte significative.<br \/>\nIl progetto di scrivere questa pubblicazione nasce riflettendo sul programma \u00abOsservatorio di attualit\u00e0. Reinventarsi e formarsi per vivere in un\u2019economia diversa\u00bb creato dal CIS &#8211; Centro Studi d\u2019Impresa, iniziata nel 2009 e tuttora in corso. Il programma di incontri ha proposto e propone testimonianze concrete e soluzioni che, anche in anni di crisi, hanno permesso alle aziende di rimanere nel mercato.<br \/>\nIn questo libro sono raccolte le idee e le testimonianze di alcuni rappresentanti che sono intervenuti attivamente nell\u2019\u00abOsservatorio di attualit\u00e0\u00bb, oltre alle riflessioni di persone molto significative che hanno offerto un loro contributo.<\/p>\n","protected":false},"featured_media":15045,"template":"","meta":{"_editorskit_title_hidden":false,"_editorskit_reading_time":0,"_editorskit_is_block_options_detached":false,"_editorskit_block_options_position":"{}","_monsterinsights_skip_tracking":false,"_monsterinsights_sitenote_active":false,"_monsterinsights_sitenote_note":"","_monsterinsights_sitenote_category":0},"product_brand":[],"product_cat":[6529],"product_tag":[],"class_list":{"0":"post-15046","1":"product","2":"type-product","3":"status-publish","4":"has-post-thumbnail","6":"product_cat-economia-e-management","8":"first","9":"instock","10":"sale","11":"shipping-taxable","12":"purchasable","13":"product-type-simple"},"yoast_head":"<!-- This site is optimized with the Yoast SEO plugin v25.4 - https:\/\/yoast.com\/wordpress\/plugins\/seo\/ -->\n<title>Raccontare il cambiamento - Guerini e Associati<\/title>\n<meta name=\"robots\" content=\"index, follow, max-snippet:-1, max-image-preview:large, max-video-preview:-1\" \/>\n<link rel=\"canonical\" href=\"https:\/\/www.guerini.it\/index.php\/prodotto\/raccontare-il-cambiamento-978-88-6250-393-8\/\" \/>\n<meta property=\"og:locale\" content=\"it_IT\" \/>\n<meta property=\"og:type\" content=\"article\" \/>\n<meta property=\"og:title\" content=\"Raccontare il cambiamento - Guerini e Associati\" \/>\n<meta property=\"og:description\" content=\"La sfida e la bellezza del cambiamento sono rappresentate dall\u2019unicit\u00e0 con cui questo si sviluppa, pu\u00f2 per\u00f2 essere utile e stimolante confrontarsi con l\u2019esperienza delle persone e cogliere da ogni caso qualche elemento incoraggiante e qualche suggerimento per elaborare scelte significative.  Il progetto di scrivere questa pubblicazione nasce riflettendo sul programma \u00abOsservatorio di attualit\u00e0. Reinventarsi e formarsi per vivere in un\u2019economia diversa\u00bb creato dal CIS - Centro Studi d\u2019Impresa, iniziata nel 2009 e tuttora in corso. Il programma di incontri ha proposto e propone testimonianze concrete e soluzioni che, anche in anni di crisi, hanno permesso alle aziende di rimanere nel mercato.  In questo libro sono raccolte le idee e le testimonianze di alcuni rappresentanti che sono intervenuti attivamente nell\u2019\u00abOsservatorio di attualit\u00e0\u00bb, oltre alle riflessioni di persone molto significative che hanno offerto un loro contributo.\" \/>\n<meta property=\"og:url\" content=\"https:\/\/www.guerini.it\/index.php\/prodotto\/raccontare-il-cambiamento-978-88-6250-393-8\/\" \/>\n<meta property=\"og:site_name\" content=\"Guerini e Associati\" \/>\n<meta property=\"article:modified_time\" content=\"2024-06-12T12:39:49+00:00\" \/>\n<meta property=\"og:image\" content=\"https:\/\/www.guerini.it\/wp-content\/uploads\/2012\/08\/raccontare_il_cambiamento_bassa.jpg\" \/>\n\t<meta property=\"og:image:width\" content=\"265\" \/>\n\t<meta property=\"og:image:height\" content=\"410\" \/>\n\t<meta property=\"og:image:type\" content=\"image\/jpeg\" \/>\n<meta name=\"twitter:card\" content=\"summary_large_image\" \/>\n<meta name=\"twitter:label1\" content=\"Tempo di lettura stimato\" \/>\n\t<meta name=\"twitter:data1\" content=\"1 minuto\" \/>\n<!-- \/ Yoast SEO plugin. -->","yoast_head_json":{"title":"Raccontare il cambiamento - Guerini e Associati","robots":{"index":"index","follow":"follow","max-snippet":"max-snippet:-1","max-image-preview":"max-image-preview:large","max-video-preview":"max-video-preview:-1"},"canonical":"https:\/\/www.guerini.it\/index.php\/prodotto\/raccontare-il-cambiamento-978-88-6250-393-8\/","og_locale":"it_IT","og_type":"article","og_title":"Raccontare il cambiamento - Guerini e Associati","og_description":"La sfida e la bellezza del cambiamento sono rappresentate dall\u2019unicit\u00e0 con cui questo si sviluppa, pu\u00f2 per\u00f2 essere utile e stimolante confrontarsi con l\u2019esperienza delle persone e cogliere da ogni caso qualche elemento incoraggiante e qualche suggerimento per elaborare scelte significative.  Il progetto di scrivere questa pubblicazione nasce riflettendo sul programma \u00abOsservatorio di attualit\u00e0. Reinventarsi e formarsi per vivere in un\u2019economia diversa\u00bb creato dal CIS - Centro Studi d\u2019Impresa, iniziata nel 2009 e tuttora in corso. Il programma di incontri ha proposto e propone testimonianze concrete e soluzioni che, anche in anni di crisi, hanno permesso alle aziende di rimanere nel mercato.  In questo libro sono raccolte le idee e le testimonianze di alcuni rappresentanti che sono intervenuti attivamente nell\u2019\u00abOsservatorio di attualit\u00e0\u00bb, oltre alle riflessioni di persone molto significative che hanno offerto un loro contributo.","og_url":"https:\/\/www.guerini.it\/index.php\/prodotto\/raccontare-il-cambiamento-978-88-6250-393-8\/","og_site_name":"Guerini e Associati","article_modified_time":"2024-06-12T12:39:49+00:00","og_image":[{"width":265,"height":410,"url":"https:\/\/www.guerini.it\/wp-content\/uploads\/2012\/08\/raccontare_il_cambiamento_bassa.jpg","type":"image\/jpeg"}],"twitter_card":"summary_large_image","twitter_misc":{"Tempo di lettura stimato":"1 minuto"},"schema":{"@context":"https:\/\/schema.org","@graph":[{"@type":"WebPage","@id":"https:\/\/www.guerini.it\/index.php\/prodotto\/raccontare-il-cambiamento-978-88-6250-393-8\/","url":"https:\/\/www.guerini.it\/index.php\/prodotto\/raccontare-il-cambiamento-978-88-6250-393-8\/","name":"Raccontare il cambiamento - Guerini e Associati","isPartOf":{"@id":"https:\/\/www.guerini.it\/#website"},"primaryImageOfPage":{"@id":"https:\/\/www.guerini.it\/index.php\/prodotto\/raccontare-il-cambiamento-978-88-6250-393-8\/#primaryimage"},"image":{"@id":"https:\/\/www.guerini.it\/index.php\/prodotto\/raccontare-il-cambiamento-978-88-6250-393-8\/#primaryimage"},"thumbnailUrl":"https:\/\/www.guerini.it\/wp-content\/uploads\/2012\/08\/raccontare_il_cambiamento_bassa.jpg","datePublished":"2012-08-30T18:59:28+00:00","dateModified":"2024-06-12T12:39:49+00:00","breadcrumb":{"@id":"https:\/\/www.guerini.it\/index.php\/prodotto\/raccontare-il-cambiamento-978-88-6250-393-8\/#breadcrumb"},"inLanguage":"it-IT","potentialAction":[{"@type":"ReadAction","target":["https:\/\/www.guerini.it\/index.php\/prodotto\/raccontare-il-cambiamento-978-88-6250-393-8\/"]}]},{"@type":"ImageObject","inLanguage":"it-IT","@id":"https:\/\/www.guerini.it\/index.php\/prodotto\/raccontare-il-cambiamento-978-88-6250-393-8\/#primaryimage","url":"https:\/\/www.guerini.it\/wp-content\/uploads\/2012\/08\/raccontare_il_cambiamento_bassa.jpg","contentUrl":"https:\/\/www.guerini.it\/wp-content\/uploads\/2012\/08\/raccontare_il_cambiamento_bassa.jpg","width":265,"height":410,"caption":"Raccontare il cambiamento"},{"@type":"BreadcrumbList","@id":"https:\/\/www.guerini.it\/index.php\/prodotto\/raccontare-il-cambiamento-978-88-6250-393-8\/#breadcrumb","itemListElement":[{"@type":"ListItem","position":1,"name":"Home","item":"https:\/\/www.guerini.it\/"},{"@type":"ListItem","position":2,"name":"Catalogo","item":"https:\/\/www.guerini.it\/index.php\/negozio\/"},{"@type":"ListItem","position":3,"name":"Raccontare il cambiamento"}]},{"@type":"WebSite","@id":"https:\/\/www.guerini.it\/#website","url":"https:\/\/www.guerini.it\/","name":"Guerini e Associati","description":"30 anni di libri, idee e libert\u00e0","publisher":{"@id":"https:\/\/www.guerini.it\/#organization"},"potentialAction":[{"@type":"SearchAction","target":{"@type":"EntryPoint","urlTemplate":"https:\/\/www.guerini.it\/?s={search_term_string}"},"query-input":{"@type":"PropertyValueSpecification","valueRequired":true,"valueName":"search_term_string"}}],"inLanguage":"it-IT"},{"@type":"Organization","@id":"https:\/\/www.guerini.it\/#organization","name":"Guerini e Associati","url":"https:\/\/www.guerini.it\/","logo":{"@type":"ImageObject","inLanguage":"it-IT","@id":"https:\/\/www.guerini.it\/#\/schema\/logo\/image\/","url":"https:\/\/www.guerini.it\/wp-content\/uploads\/2021\/03\/Logo-Guerini-OK_-e1615831292285.png","contentUrl":"https:\/\/www.guerini.it\/wp-content\/uploads\/2021\/03\/Logo-Guerini-OK_-e1615831292285.png","width":2805,"height":1870,"caption":"Guerini e Associati"},"image":{"@id":"https:\/\/www.guerini.it\/#\/schema\/logo\/image\/"}}]}},"_links":{"self":[{"href":"https:\/\/www.guerini.it\/index.php\/wp-json\/wp\/v2\/product\/15046","targetHints":{"allow":["GET"]}}],"collection":[{"href":"https:\/\/www.guerini.it\/index.php\/wp-json\/wp\/v2\/product"}],"about":[{"href":"https:\/\/www.guerini.it\/index.php\/wp-json\/wp\/v2\/types\/product"}],"wp:featuredmedia":[{"embeddable":true,"href":"https:\/\/www.guerini.it\/index.php\/wp-json\/wp\/v2\/media\/15045"}],"wp:attachment":[{"href":"https:\/\/www.guerini.it\/index.php\/wp-json\/wp\/v2\/media?parent=15046"}],"wp:term":[{"taxonomy":"product_brand","embeddable":true,"href":"https:\/\/www.guerini.it\/index.php\/wp-json\/wp\/v2\/product_brand?post=15046"},{"taxonomy":"product_cat","embeddable":true,"href":"https:\/\/www.guerini.it\/index.php\/wp-json\/wp\/v2\/product_cat?post=15046"},{"taxonomy":"product_tag","embeddable":true,"href":"https:\/\/www.guerini.it\/index.php\/wp-json\/wp\/v2\/product_tag?post=15046"}],"curies":[{"name":"wp","href":"https:\/\/api.w.org\/{rel}","templated":true}]}}

<p>La sfida e la bellezza del cambiamento sono rappresentate dall’unicità con cui questo si sviluppa, può però essere utile e stimolante confrontarsi con l’esperienza delle persone e cogliere da ogni caso qualche elemento incoraggiante e qualche suggerimento per elaborare scelte significative.<br />
Il progetto di scrivere questa pubblicazione nasce riflettendo sul programma «Osservatorio di attualità. Reinventarsi e formarsi per vivere in un’economia diversa» creato dal CIS &#8211; Centro Studi d’Impresa, iniziato nel 2009 e tuttora in corso. Il programma di incontri ha proposto e propone testimonianze concrete e soluzioni che, anche in anni di crisi, hanno permesso alle aziende di rimanere nel mercato.<br />
In questo libro sono raccolte le idee e le testimonianze di alcuni rappresentanti che sono intervenuti attivamente nell’«Osservatorio di attualità», oltre alle riflessioni di persone molto significative che hanno offerto un loro contributo.</p>

<p>La sfida e la bellezza del cambiamento sono rappresentate dall’unicità con cui questo si sviluppa, può però essere utile e stimolante confrontarsi con l’esperienza delle persone e cogliere da ogni caso qualche elemento incoraggiante e qualche suggerimento per elaborare scelte significative.<br />
Il progetto di scrivere questa pubblicazione nasce riflettendo sul programma «Osservatorio di attualità. Reinventarsi e formarsi per vivere in un’economia diversa» creato dal CIS &#8211; Centro Studi d’Impresa, iniziata nel 2009 e tuttora in corso. Il programma di incontri ha proposto e propone testimonianze concrete e soluzioni che, anche in anni di crisi, hanno permesso alle aziende di rimanere nel mercato.<br />
In questo libro sono raccolte le idee e le testimonianze di alcuni rappresentanti che sono intervenuti attivamente nell’«Osservatorio di attualità», oltre alle riflessioni di persone molto significative che hanno offerto un loro contributo.</p>

<!-- This site is optimized with the Yoast SEO plugin v25.4 - https://yoast.com/wordpress/plugins/seo/ -->
<title>Raccontare il cambiamento - Guerini e Associati</title>
<meta name="robots" content="index, follow, max-snippet:-1, max-image-preview:large, max-video-preview:-1" />
<link rel="canonical" href="https://www.guerini.it/index.php/prodotto/raccontare-il-cambiamento-978-88-6250-393-8/" />
<meta property="og:locale" content="it_IT" />
<meta property="og:type" content="article" />
<meta property="og:title" content="Raccontare il cambiamento - Guerini e Associati" />
<meta property="og:description" content="La sfida e la bellezza del cambiamento sono rappresentate dall’unicità con cui questo si sviluppa, può però essere utile e stimolante confrontarsi con l’esperienza delle persone e cogliere da ogni caso qualche elemento incoraggiante e qualche suggerimento per elaborare scelte significative.  Il progetto di scrivere questa pubblicazione nasce riflettendo sul programma «Osservatorio di attualità. Reinventarsi e formarsi per vivere in un’economia diversa» creato dal CIS - Centro Studi d’Impresa, iniziata nel 2009 e tuttora in corso. Il programma di incontri ha proposto e propone testimonianze concrete e soluzioni che, anche in anni di crisi, hanno permesso alle aziende di rimanere nel mercato.  In questo libro sono raccolte le idee e le testimonianze di alcuni rappresentanti che sono intervenuti attivamente nell’«Osservatorio di attualità», oltre alle riflessioni di persone molto significative che hanno offerto un loro contributo." />
<meta property="og:url" content="https://www.guerini.it/index.php/prodotto/raccontare-il-cambiamento-978-88-6250-393-8/" />
<meta property="og:site_name" content="Guerini e Associati" />
<meta property="article:modified_time" content="2024-06-12T12:39:49+00:00" />
<meta property="og:image" content="https://www.guerini.it/wp-content/uploads/2012/08/raccontare_il_cambiamento_bassa.jpg" />
	<meta property="og:image:width" content="265" />
	<meta property="og:image:height" content="410" />
	<meta property="og:image:type" content="image/jpeg" />
<meta name="twitter:card" content="summary_large_image" />
<meta name="twitter:label1" content="Tempo di lettura stimato" />
	<meta name="twitter:data1" content="1 minuto" />
<!-- / Yoast SEO plugin. -->

La sfida e la bellezza del cambiamento sono rappresentate dall’unicità con cui questo si sviluppa, può però essere utile e stimolante confrontarsi con l’esperienza delle persone e cogliere da ogni caso qualche elemento incoraggiante e qualche suggerimento per elaborare scelte significative.  Il progetto di scrivere questa pubblicazione nasce riflettendo sul programma «Osservatorio di attualità. Reinventarsi e formarsi per vivere in un’economia diversa» creato dal CIS - Centro Studi d’Impresa, iniziata nel 2009 e tuttora in corso. Il programma di incontri ha proposto e propone testimonianze concrete e soluzioni che, anche in anni di crisi, hanno permesso alle aziende di rimanere nel mercato.  In questo libro sono raccolte le idee e le testimonianze di alcuni rappresentanti che sono intervenuti attivamente nell’«Osservatorio di attualità», oltre alle riflessioni di persone molto significative che hanno offerto un loro contributo.

30 anni di libri, idee e libertà
