{"id":15060,"date":"2012-09-06T14:11:04","date_gmt":"2012-09-06T12:11:04","guid":{"rendered":"https:\/\/test.guerini.it\/?product=figli-miei-precari-immaginari-978-88-6250-224-5"},"modified":"2024-06-12T14:42:28","modified_gmt":"2024-06-12T12:42:28","slug":"figli-miei-precari-immaginari-978-88-6250-224-5","status":"publish","type":"product","link":"https:\/\/www.guerini.it\/index.php\/prodotto\/figli-miei-precari-immaginari-978-88-6250-224-5\/","title":{"rendered":"Figli miei precari immaginari"},"content":{"rendered":"<p>Questo saggio si propone di esplorare la condizione giovanile al di l\u00e0 dei luoghi comuni \u2013 e sui giovani e il lavoro se ne dicono tanti \u2013 nella convinzione che essi non giovino a risolvere i problemi dei nostri ragazzi, ma si limitino a incamminarli verso un percorso senza sbocchi, lungo il quale non troveranno quell\u2019Orto dei miracoli che il Gatto e la Volpe promettono a Pinocchio, ma soltanto degli assassini. Fuor di metafora, non avranno in premio quel posto di lavoro stabile a cui giustamente agognano, perch\u00e9 le monete d\u2019oro non crescono sugli alberi. <\/p>\n<p>Le principali modifiche che il Parlamento ha effettuato sulla legge Fornero hanno riguardato la cosiddetta flessibilit\u00e0 in entrata.<br \/>\nAl dunque, i partiti della \u00abstrana\u00bb maggioranza \u2013 con il contributo delle parti sociali \u2013 sono stati in grado di formulare degli emendamenti su di una materia politicamente sensibile, come i rapporti di lavoro flessibili, su cui si \u00e8 concentrato in questi anni lo scontro ideologico sulla precariet\u00e0.<br \/>\nSarebbe sbagliato, tuttavia, attribuire questo esito al successo delle posizioni di una parte politica, che ha promosso le riforme pi\u00f9 recenti, su quelle di un\u2019altra che, invece, le ha contrastate.<br \/>\nSe c\u2019\u00e8 un vincitore \u00e8 soltanto la ragionevolezza, perch\u00e9 le soluzioni proposte, inizialmente, nel disegno di legge del governo, erano, prima di ogni altra considerazione, irragionevoli.<br \/>\nE la ragionevolezza non \u00e8 n\u00e9 di destra n\u00e9 di sinistra.<\/p>\n","protected":false},"excerpt":{"rendered":"<p>Questo saggio si propone di esplorare la condizione giovanile al di l\u00e0 dei luoghi comuni \u2013 e sui giovani e il lavoro se ne dicono tanti \u2013 nella convinzione che essi non giovino a risolvere i problemi dei nostri ragazzi, ma si limitino a incamminarli verso un percorso senza sbocchi, lungo il quale non troveranno quell\u2019Orto dei miracoli che il Gatto e la Volpe promettono a Pinocchio, ma soltanto degli assassini. Fuor di metafora, non avranno in premio quel posto di lavoro stabile a cui giustamente agognano, perch\u00e9 le monete d\u2019oro non crescono sugli alberi. <\/p>\n","protected":false},"featured_media":15059,"template":"","meta":{"_editorskit_title_hidden":false,"_editorskit_reading_time":0,"_editorskit_is_block_options_detached":false,"_editorskit_block_options_position":"{}","_monsterinsights_skip_tracking":false,"_monsterinsights_sitenote_active":false,"_monsterinsights_sitenote_note":"","_monsterinsights_sitenote_category":0},"product_brand":[],"product_cat":[6585,6527],"product_tag":[],"class_list":{"0":"post-15060","1":"product","2":"type-product","3":"status-publish","4":"has-post-thumbnail","6":"product_cat-sma","7":"product_cat-attualita","9":"first","10":"instock","11":"sale","12":"shipping-taxable","13":"purchasable","14":"product-type-simple"},"yoast_head":"<!-- This site is optimized with the Yoast SEO plugin v25.4 - https:\/\/yoast.com\/wordpress\/plugins\/seo\/ -->\n<title>Figli miei precari immaginari - Guerini e Associati<\/title>\n<meta name=\"robots\" content=\"index, follow, max-snippet:-1, max-image-preview:large, max-video-preview:-1\" \/>\n<link rel=\"canonical\" href=\"https:\/\/www.guerini.it\/index.php\/prodotto\/figli-miei-precari-immaginari-978-88-6250-224-5\/\" \/>\n<meta property=\"og:locale\" content=\"it_IT\" \/>\n<meta property=\"og:type\" content=\"article\" \/>\n<meta property=\"og:title\" content=\"Figli miei precari immaginari - Guerini e Associati\" \/>\n<meta property=\"og:description\" content=\"Questo saggio si propone di esplorare la condizione giovanile al di l\u00e0 dei luoghi comuni \u2013 e sui giovani e il lavoro se ne dicono tanti \u2013 nella convinzione che essi non giovino a risolvere i problemi dei nostri ragazzi, ma si limitino a incamminarli verso un percorso senza sbocchi, lungo il quale non troveranno quell\u2019Orto dei miracoli che il Gatto e la Volpe promettono a Pinocchio, ma soltanto degli assassini. Fuor di metafora, non avranno in premio quel posto di lavoro stabile a cui giustamente agognano, perch\u00e9 le monete d\u2019oro non crescono sugli alberi.\" \/>\n<meta property=\"og:url\" content=\"https:\/\/www.guerini.it\/index.php\/prodotto\/figli-miei-precari-immaginari-978-88-6250-224-5\/\" \/>\n<meta property=\"og:site_name\" content=\"Guerini e Associati\" \/>\n<meta property=\"article:modified_time\" content=\"2024-06-12T12:42:28+00:00\" \/>\n<meta property=\"og:image\" content=\"https:\/\/www.guerini.it\/wp-content\/uploads\/2012\/09\/figli_miei_precari_immaginari-bassa.jpg\" \/>\n\t<meta property=\"og:image:width\" content=\"265\" \/>\n\t<meta property=\"og:image:height\" content=\"407\" \/>\n\t<meta property=\"og:image:type\" content=\"image\/jpeg\" \/>\n<meta name=\"twitter:card\" content=\"summary_large_image\" \/>\n<meta name=\"twitter:label1\" content=\"Tempo di lettura stimato\" \/>\n\t<meta name=\"twitter:data1\" content=\"1 minuto\" \/>\n<!-- \/ Yoast SEO plugin. -->","yoast_head_json":{"title":"Figli miei precari immaginari - Guerini e Associati","robots":{"index":"index","follow":"follow","max-snippet":"max-snippet:-1","max-image-preview":"max-image-preview:large","max-video-preview":"max-video-preview:-1"},"canonical":"https:\/\/www.guerini.it\/index.php\/prodotto\/figli-miei-precari-immaginari-978-88-6250-224-5\/","og_locale":"it_IT","og_type":"article","og_title":"Figli miei precari immaginari - Guerini e Associati","og_description":"Questo saggio si propone di esplorare la condizione giovanile al di l\u00e0 dei luoghi comuni \u2013 e sui giovani e il lavoro se ne dicono tanti \u2013 nella convinzione che essi non giovino a risolvere i problemi dei nostri ragazzi, ma si limitino a incamminarli verso un percorso senza sbocchi, lungo il quale non troveranno quell\u2019Orto dei miracoli che il Gatto e la Volpe promettono a Pinocchio, ma soltanto degli assassini. Fuor di metafora, non avranno in premio quel posto di lavoro stabile a cui giustamente agognano, perch\u00e9 le monete d\u2019oro non crescono sugli alberi.","og_url":"https:\/\/www.guerini.it\/index.php\/prodotto\/figli-miei-precari-immaginari-978-88-6250-224-5\/","og_site_name":"Guerini e Associati","article_modified_time":"2024-06-12T12:42:28+00:00","og_image":[{"width":265,"height":407,"url":"https:\/\/www.guerini.it\/wp-content\/uploads\/2012\/09\/figli_miei_precari_immaginari-bassa.jpg","type":"image\/jpeg"}],"twitter_card":"summary_large_image","twitter_misc":{"Tempo di lettura stimato":"1 minuto"},"schema":{"@context":"https:\/\/schema.org","@graph":[{"@type":"WebPage","@id":"https:\/\/www.guerini.it\/index.php\/prodotto\/figli-miei-precari-immaginari-978-88-6250-224-5\/","url":"https:\/\/www.guerini.it\/index.php\/prodotto\/figli-miei-precari-immaginari-978-88-6250-224-5\/","name":"Figli miei precari immaginari - Guerini e Associati","isPartOf":{"@id":"https:\/\/www.guerini.it\/#website"},"primaryImageOfPage":{"@id":"https:\/\/www.guerini.it\/index.php\/prodotto\/figli-miei-precari-immaginari-978-88-6250-224-5\/#primaryimage"},"image":{"@id":"https:\/\/www.guerini.it\/index.php\/prodotto\/figli-miei-precari-immaginari-978-88-6250-224-5\/#primaryimage"},"thumbnailUrl":"https:\/\/www.guerini.it\/wp-content\/uploads\/2012\/09\/figli_miei_precari_immaginari-bassa.jpg","datePublished":"2012-09-06T12:11:04+00:00","dateModified":"2024-06-12T12:42:28+00:00","breadcrumb":{"@id":"https:\/\/www.guerini.it\/index.php\/prodotto\/figli-miei-precari-immaginari-978-88-6250-224-5\/#breadcrumb"},"inLanguage":"it-IT","potentialAction":[{"@type":"ReadAction","target":["https:\/\/www.guerini.it\/index.php\/prodotto\/figli-miei-precari-immaginari-978-88-6250-224-5\/"]}]},{"@type":"ImageObject","inLanguage":"it-IT","@id":"https:\/\/www.guerini.it\/index.php\/prodotto\/figli-miei-precari-immaginari-978-88-6250-224-5\/#primaryimage","url":"https:\/\/www.guerini.it\/wp-content\/uploads\/2012\/09\/figli_miei_precari_immaginari-bassa.jpg","contentUrl":"https:\/\/www.guerini.it\/wp-content\/uploads\/2012\/09\/figli_miei_precari_immaginari-bassa.jpg","width":265,"height":407,"caption":"Figli miei precari immaginari"},{"@type":"BreadcrumbList","@id":"https:\/\/www.guerini.it\/index.php\/prodotto\/figli-miei-precari-immaginari-978-88-6250-224-5\/#breadcrumb","itemListElement":[{"@type":"ListItem","position":1,"name":"Home","item":"https:\/\/www.guerini.it\/"},{"@type":"ListItem","position":2,"name":"Catalogo","item":"https:\/\/www.guerini.it\/index.php\/negozio\/"},{"@type":"ListItem","position":3,"name":"Figli miei precari immaginari"}]},{"@type":"WebSite","@id":"https:\/\/www.guerini.it\/#website","url":"https:\/\/www.guerini.it\/","name":"Guerini e Associati","description":"30 anni di libri, idee e libert\u00e0","publisher":{"@id":"https:\/\/www.guerini.it\/#organization"},"potentialAction":[{"@type":"SearchAction","target":{"@type":"EntryPoint","urlTemplate":"https:\/\/www.guerini.it\/?s={search_term_string}"},"query-input":{"@type":"PropertyValueSpecification","valueRequired":true,"valueName":"search_term_string"}}],"inLanguage":"it-IT"},{"@type":"Organization","@id":"https:\/\/www.guerini.it\/#organization","name":"Guerini e Associati","url":"https:\/\/www.guerini.it\/","logo":{"@type":"ImageObject","inLanguage":"it-IT","@id":"https:\/\/www.guerini.it\/#\/schema\/logo\/image\/","url":"https:\/\/www.guerini.it\/wp-content\/uploads\/2021\/03\/Logo-Guerini-OK_-e1615831292285.png","contentUrl":"https:\/\/www.guerini.it\/wp-content\/uploads\/2021\/03\/Logo-Guerini-OK_-e1615831292285.png","width":2805,"height":1870,"caption":"Guerini e Associati"},"image":{"@id":"https:\/\/www.guerini.it\/#\/schema\/logo\/image\/"}}]}},"_links":{"self":[{"href":"https:\/\/www.guerini.it\/index.php\/wp-json\/wp\/v2\/product\/15060","targetHints":{"allow":["GET"]}}],"collection":[{"href":"https:\/\/www.guerini.it\/index.php\/wp-json\/wp\/v2\/product"}],"about":[{"href":"https:\/\/www.guerini.it\/index.php\/wp-json\/wp\/v2\/types\/product"}],"wp:featuredmedia":[{"embeddable":true,"href":"https:\/\/www.guerini.it\/index.php\/wp-json\/wp\/v2\/media\/15059"}],"wp:attachment":[{"href":"https:\/\/www.guerini.it\/index.php\/wp-json\/wp\/v2\/media?parent=15060"}],"wp:term":[{"taxonomy":"product_brand","embeddable":true,"href":"https:\/\/www.guerini.it\/index.php\/wp-json\/wp\/v2\/product_brand?post=15060"},{"taxonomy":"product_cat","embeddable":true,"href":"https:\/\/www.guerini.it\/index.php\/wp-json\/wp\/v2\/product_cat?post=15060"},{"taxonomy":"product_tag","embeddable":true,"href":"https:\/\/www.guerini.it\/index.php\/wp-json\/wp\/v2\/product_tag?post=15060"}],"curies":[{"name":"wp","href":"https:\/\/api.w.org\/{rel}","templated":true}]}}

<p>Questo saggio si propone di esplorare la condizione giovanile al di là dei luoghi comuni – e sui giovani e il lavoro se ne dicono tanti – nella convinzione che essi non giovino a risolvere i problemi dei nostri ragazzi, ma si limitino a incamminarli verso un percorso senza sbocchi, lungo il quale non troveranno quell’Orto dei miracoli che il Gatto e la Volpe promettono a Pinocchio, ma soltanto degli assassini. Fuor di metafora, non avranno in premio quel posto di lavoro stabile a cui giustamente agognano, perché le monete d’oro non crescono sugli alberi. </p>
<p>Le principali modifiche che il Parlamento ha effettuato sulla legge Fornero hanno riguardato la cosiddetta flessibilità in entrata.<br />
Al dunque, i partiti della «strana» maggioranza – con il contributo delle parti sociali – sono stati in grado di formulare degli emendamenti su di una materia politicamente sensibile, come i rapporti di lavoro flessibili, su cui si è concentrato in questi anni lo scontro ideologico sulla precarietà.<br />
Sarebbe sbagliato, tuttavia, attribuire questo esito al successo delle posizioni di una parte politica, che ha promosso le riforme più recenti, su quelle di un’altra che, invece, le ha contrastate.<br />
Se c’è un vincitore è soltanto la ragionevolezza, perché le soluzioni proposte, inizialmente, nel disegno di legge del governo, erano, prima di ogni altra considerazione, irragionevoli.<br />
E la ragionevolezza non è né di destra né di sinistra.</p>

<p>Questo saggio si propone di esplorare la condizione giovanile al di là dei luoghi comuni – e sui giovani e il lavoro se ne dicono tanti – nella convinzione che essi non giovino a risolvere i problemi dei nostri ragazzi, ma si limitino a incamminarli verso un percorso senza sbocchi, lungo il quale non troveranno quell’Orto dei miracoli che il Gatto e la Volpe promettono a Pinocchio, ma soltanto degli assassini. Fuor di metafora, non avranno in premio quel posto di lavoro stabile a cui giustamente agognano, perché le monete d’oro non crescono sugli alberi. </p>

<!-- This site is optimized with the Yoast SEO plugin v25.4 - https://yoast.com/wordpress/plugins/seo/ -->
<title>Figli miei precari immaginari - Guerini e Associati</title>
<meta name="robots" content="index, follow, max-snippet:-1, max-image-preview:large, max-video-preview:-1" />
<link rel="canonical" href="https://www.guerini.it/index.php/prodotto/figli-miei-precari-immaginari-978-88-6250-224-5/" />
<meta property="og:locale" content="it_IT" />
<meta property="og:type" content="article" />
<meta property="og:title" content="Figli miei precari immaginari - Guerini e Associati" />
<meta property="og:description" content="Questo saggio si propone di esplorare la condizione giovanile al di là dei luoghi comuni – e sui giovani e il lavoro se ne dicono tanti – nella convinzione che essi non giovino a risolvere i problemi dei nostri ragazzi, ma si limitino a incamminarli verso un percorso senza sbocchi, lungo il quale non troveranno quell’Orto dei miracoli che il Gatto e la Volpe promettono a Pinocchio, ma soltanto degli assassini. Fuor di metafora, non avranno in premio quel posto di lavoro stabile a cui giustamente agognano, perché le monete d’oro non crescono sugli alberi." />
<meta property="og:url" content="https://www.guerini.it/index.php/prodotto/figli-miei-precari-immaginari-978-88-6250-224-5/" />
<meta property="og:site_name" content="Guerini e Associati" />
<meta property="article:modified_time" content="2024-06-12T12:42:28+00:00" />
<meta property="og:image" content="https://www.guerini.it/wp-content/uploads/2012/09/figli_miei_precari_immaginari-bassa.jpg" />
	<meta property="og:image:width" content="265" />
	<meta property="og:image:height" content="407" />
	<meta property="og:image:type" content="image/jpeg" />
<meta name="twitter:card" content="summary_large_image" />
<meta name="twitter:label1" content="Tempo di lettura stimato" />
	<meta name="twitter:data1" content="1 minuto" />
<!-- / Yoast SEO plugin. -->

Questo saggio si propone di esplorare la condizione giovanile al di là dei luoghi comuni – e sui giovani e il lavoro se ne dicono tanti – nella convinzione che essi non giovino a risolvere i problemi dei nostri ragazzi, ma si limitino a incamminarli verso un percorso senza sbocchi, lungo il quale non troveranno quell’Orto dei miracoli che il Gatto e la Volpe promettono a Pinocchio, ma soltanto degli assassini. Fuor di metafora, non avranno in premio quel posto di lavoro stabile a cui giustamente agognano, perché le monete d’oro non crescono sugli alberi.

30 anni di libri, idee e libertà
